000
CXUS52 KRAH 221345
CF6RDU
PRELIMINARY LOCAL CLIMATOLOGICAL DATA (WS FORM: F-6)

                                          STATION:   RALEIGH-DURHAM INTL AIRPORT NC
                                          MONTH:     SEPTEMBER
                                          YEAR:      2014
                                          LATITUDE:   35 52 N
                                          LONGITUDE:  78 47 W

  TEMPERATURE IN F:       :PCPN:    SNOW:  WIND      :SUNSHINE: SKY     :PK WND
================================================================================
1   2   3   4   5  6A  6B    7    8   9   10  11  12  13   14  15   16   17  18
                                     12Z  AVG MX 2MIN
DY MAX MIN AVG DEP HDD CDD  WTR  SNW DPTH SPD SPD DIR MIN PSBL S-S WX    SPD DR
================================================================================

 1  93  73  83   7   0  18 0.00  0.0    0  4.6 13 230   M    M   6        16 270
 2  96  71  84   8   0  19 0.00  0.0    0  7.3 24 210   M    M   3 3      33 200
 3  93  71  82   6   0  17    T  0.0    0  4.8 17 170   M    M   6 13     24 180
 4  90  71  81   5   0  16 1.18  0.0    0  3.7 24 220   M    M   8 138    30 210
 5  91  71  81   6   0  16 0.00  0.0    0  3.9 12 240   M    M   6 1      14 180
 6  91  71  81   6   0  16 0.00  0.0    0  5.5 13 180   M    M   5        18 190
 7  78  70  74  -1   0   9    T  0.0    0  7.2 16  60   M    M   9 1      21  80
 8  73  68  71  -3   0   6 1.04  0.0    0  8.2 16  40   M    M   8 1      24  40
 9  76  66  71  -3   0   6 0.03  0.0    0  5.1 13  30   M    M   9 1      17  40
10  81  68  75   1   0  10 0.00  0.0    0  2.1  6 110   M    M   8        26 330
11  88  67  78   4   0  13 0.09  0.0    0  5.6 20 230   M    M   6 13     23 230
12  80  70  75   2   0  10 0.01  0.0    0  5.5 13  80   M    M   8 1      17  90
13  80  69  75   2   0  10 0.02  0.0    0  5.3 14  30   M    M   9 12     18  50
14  71  62  67  -6   0   2 0.03  0.0    0  6.3 17  50   M    M   8        26  40
15  75  63  69  -3   0   4    T  0.0    0  2.7  8 210   M    M   9 1      14 160
16  83  67  75   3   0  10 0.01  0.0    0  3.2 10  40   M    M   7 18     23 100
17  79  66  73   1   0   8 0.00  0.0    0  6.0 13  90   M    M   7        18 110
18  81  59  70  -1   0   5 0.01  0.0    0  3.4 10  50   M    M   6 1      18 130
19  80  63  72   1   0   7 0.00  0.0    0  7.0 16  80   M    M   6        24 130
20  81  58  70   0   0   5 0.00  0.0    0  5.7 14  40   M    M   5        17  40
21  87  63  75   5   0  10 0.12  0.0    0  6.3 15 230   M    M   6 1      21 220
================================================================================
SM 1747 1407         0 217  2.54     0.0 109.4          M      145
================================================================================
AV 83.2 67.0                               5.2 FASTST   M    M   7    MAX(MPH)
                                 MISC ---->  # 24 210               # 33  200
================================================================================
NOTES:
# LAST OF SEVERAL OCCURRENCES

COLUMN 17 PEAK WIND IN M.P.H.

PRELIMINARY LOCAL CLIMATOLOGICAL DATA (WS FORM: F-6) , PAGE 2

                                          STATION:  RALEIGH-DURHAM INTL AIRPORT NC
                                          MONTH:    SEPTEMBER
                                          YEAR:     2014
                                          LATITUDE:   35 52 N
                                          LONGITUDE:  78 47 W

[TEMPERATURE DATA]      [PRECIPITATION DATA]       SYMBOLS USED IN COLUMN 16

AVERAGE MONTHLY: 75.1   TOTAL FOR MONTH:   2.54    1 = FOG OR MIST
DPTR FM NORMAL:   1.7   DPTR FM NORMAL:   -0.69    2 = FOG REDUCING VISIBILITY
HIGHEST:    96 ON  2    GRTST 24HR  1.18 ON  4- 4      TO 1/4 MILE OR LESS
LOWEST:     58 ON 20                               3 = THUNDER
                        SNOW, ICE PELLETS, HAIL    4 = ICE PELLETS
                        TOTAL MONTH:   0.0 INCH    5 = HAIL
                        GRTST 24HR     0.0         6 = FREEZING RAIN OR DRIZZLE
                        GRTST DEPTH:   0           7 = DUSTSTORM OR SANDSTORM:
                                                       VSBY 1/2 MILE OR LESS
                                                   8 = SMOKE OR HAZE
[NO. OF DAYS WITH]      [WEATHER - DAYS WITH]      9 = BLOWING SNOW
                                                   X = TORNADO
MAX 32 OR BELOW:   0    0.01 INCH OR MORE:  10
MAX 90 OR ABOVE:   6    0.10 INCH OR MORE:   3
MIN 32 OR BELOW:   0    0.50 INCH OR MORE:   2
MIN  0 OR BELOW:   0    1.00 INCH OR MORE:   2

[HDD (BASE 65) ]
TOTAL THIS MO.     0    CLEAR  (SCALE 0-3)   0
DPTR FM NORMAL    -5    PTCLDY (SCALE 4-7)  14
TOTAL FM JUL 1     0    CLOUDY (SCALE 8-10)  7
DPTR FM NORMAL    -6

[CDD (BASE 65) ]
TOTAL THIS MO.   217
DPTR FM NORMAL    33    [PRESSURE DATA]
TOTAL FM JAN 1  1575    HIGHEST SLP M ON M
DPTR FM NORMAL   -50    LOWEST  SLP 29.78 ON 21

[REMARKS]
