000
CXUS56 KBOI 181002
CF6REO
PRELIMINARY LOCAL CLIMATOLOGICAL DATA (WS FORM: F-6)

                                          STATION:   ROME OR
                                          MONTH:     JANUARY
                                          YEAR:      2018
                                          LATITUDE:   42 35 N
                                          LONGITUDE: 117 52 W

  TEMPERATURE IN F:       :PCPN:    SNOW:  WIND      :SUNSHINE: SKY     :PK WND
================================================================================
1   2   3   4   5  6A  6B    7    8   9   10  11  12  13   14  15   16   17  18
                                     12Z  AVG MX 2MIN
DY MAX MIN AVG DEP HDD CDD  WTR  SNW DPTH SPD SPD DIR MIN PSBL S-S WX    SPD DR
================================================================================

 1  43  19  31   3  34   0 0.00    M    M  3.6  8 150   M    M   0        10  40
 2  40  15  28   0  37   0 0.00    M    M  3.9  9  70   M    M   0        10  10
 3  38  20  29   1  36   0 0.00    M    M  4.2  8  20   M    M   0         9  40
 4  39  22  31   3  34   0 0.00    M    M  4.5  9  30   M    M   0        12  30
 5  49  25  37   8  28   0 0.00    M    M  2.9 10  30   M    M   0        13  30
 6  46  29  38   9  27   0 0.20    M    M  5.1 14 150   M    M   0        17 150
 7  48  25  37   8  28   0 0.00    M    M  4.5 12 140   M    M   0        13 140
 8  44  30  37   8  28   0 0.06    M    M  3.3 10 260   M    M   0        11 260
 9  53  34  44  15  21   0 0.06    M    M  4.2 13 290   M    M   0        17 290
10  42  34  38   9  27   0 0.00    M    M  6.4 14 220   M    M   0        17 210
11  56  34  45  16  20   0 0.00    M    M 12.7 31 210   M    M   0        43 220
12  52  31  42  13  23   0 0.00    M    M  7.4 17 220   M    M   0        22 220
13  53  27  40  11  25   0 0.00    M    M  4.3 12 140   M    M   0        14  60
14  51  24  38   9  27   0 0.00    M    M  3.0  8 140   M    M   0         9 140
15  44  25  35   6  30   0 0.00    M    M  3.7 10  90   M    M   0        12  20
16  51  30  41  12  24   0 0.03    M    M  4.6 10 140   M    M   0        13 130
17  41  30  36   6  29   0 0.00    M    M  3.5 10  40   M    M   0        12  40
================================================================================
SM  790  454       478   0  0.35    M     81.8          M        0
================================================================================
AV 46.5 26.7                               4.8 FASTST   M    M   0    MAX(MPH)
                                 MISC ---->  # 31 210               # 43  220
================================================================================
NOTES:
# LAST OF SEVERAL OCCURRENCES

COLUMN 17 PEAK WIND IN M.P.H.

PRELIMINARY LOCAL CLIMATOLOGICAL DATA (WS FORM: F-6) , PAGE 2

                                          STATION:  ROME OR
                                          MONTH:    JANUARY
                                          YEAR:     2018
                                          LATITUDE:   42 35 N
                                          LONGITUDE: 117 52 W

[TEMPERATURE DATA]      [PRECIPITATION DATA]       SYMBOLS USED IN COLUMN 16

AVERAGE MONTHLY: 36.6   TOTAL FOR MONTH:   0.35    1 = FOG OR MIST
DPTR FM NORMAL:   7.8   DPTR FM NORMAL:   -0.03    2 = FOG REDUCING VISIBILITY
HIGHEST:    56 ON 11    GRTST 24HR  0.20 ON  6- 6      TO 1/4 MILE OR LESS
LOWEST:     15 ON  2                               3 = THUNDER
                        SNOW, ICE PELLETS, HAIL    4 = ICE PELLETS
                        TOTAL MONTH:    M          5 = HAIL
                        GRTST 24HR    M  ON   M    6 = FREEZING RAIN OR DRIZZLE
                        GRTST DEPTH:  M  ON   M    7 = DUSTSTORM OR SANDSTORM:
                                                       VSBY 1/2 MILE OR LESS
                                                   8 = SMOKE OR HAZE
[NO. OF DAYS WITH]      [WEATHER - DAYS WITH]      9 = BLOWING SNOW
                                                   X = TORNADO
MAX 32 OR BELOW:   0    0.01 INCH OR MORE:   4
MAX 90 OR ABOVE:   0    0.10 INCH OR MORE:   1
MIN 32 OR BELOW:  14    0.50 INCH OR MORE:   0
MIN  0 OR BELOW:   0    1.00 INCH OR MORE:   0

[HDD (BASE 65) ]
TOTAL THIS MO.   478    CLEAR  (SCALE 0-3)  17
DPTR FM NORMAL  -137    PTCLDY (SCALE 4-7)   0
TOTAL FM JUL 1  3103    CLOUDY (SCALE 8-10)  0
DPTR FM NORMAL  -259

[CDD (BASE 65) ]
TOTAL THIS MO.     0
DPTR FM NORMAL     0    [PRESSURE DATA]
TOTAL FM JAN 1     0    HIGHEST SLP M ON M
DPTR FM NORMAL     0    LOWEST  SLP 29.60 ON  9

[REMARKS]
