000
CXUS56 KBOI 261002
CF6REO
PRELIMINARY LOCAL CLIMATOLOGICAL DATA (WS FORM: F-6)

                                          STATION:   ROME OR
                                          MONTH:     MAY
                                          YEAR:      2015
                                          LATITUDE:   42 35 N
                                          LONGITUDE: 117 52 W

  TEMPERATURE IN F:       :PCPN:    SNOW:  WIND      :SUNSHINE: SKY     :PK WND
================================================================================
1   2   3   4   5  6A  6B    7    8   9   10  11  12  13   14  15   16   17  18
                                     12Z  AVG MX 2MIN
DY MAX MIN AVG DEP HDD CDD  WTR  SNW DPTH SPD SPD DIR MIN PSBL S-S WX    SPD DR
================================================================================

 1  79  31  55   5  10   0 0.00    M    M  5.5 15 240   M    M   0        18 240
 2  83  37  60  10   5   0 0.00    M    M  5.8 18 170   M    M   0        25 240
 3  80  41  61  11   4   0 0.00    M    M  7.3 20 130   M    M   0        25 260
 4  82  42  62  11   3   0 0.00    M    M  5.5 22 120   M    M   0        35 240
 5  72  46  59   8   6   0 0.00    M    M 10.0 21 340   M    M   0        33  10
 6  59  37  48  -3  17   0 0.00    M    M  8.7 20 300   M    M   0        30 280
 7  53  33  43  -8  22   0 0.00    M    M  7.6 22 350   M    M   0        29  30
 8  71  43  57   5   8   0 0.00    M    M 10.5 23  20   M    M   0        30  20
 9  75  38  57   5   8   0 0.00    M    M  9.0 22 330   M    M   0        29 340
10  75  35  55   3  10   0 0.00    M    M  5.7 12  80   M    M   0        16 230
11  75  45  60   8   5   0 0.00    M    M 10.3 29 290   M    M   0        37 200
12  67  37  52  -1  13   0 0.26    M    M 11.3 37 240   M    M   0        46 230
13  66  35  51  -2  14   0 0.00    M    M  8.4 20 210   M    M   0        24  20
14  67  42  55   2  10   0 0.32    M    M  7.2 36 140   M    M   0        43 140
15  61  43  52  -1  13   0 0.97    M    M  8.3 20 340   M    M   0        25 340
16  60  46  53  -1  12   0 0.08    M    M  6.9 17 280   M    M   0        23 290
17  67  49  58   4   7   0 0.00    M    M  5.6 22  10   M    M   0        26  10
18  62  50  56   2   9   0 0.07    M    M  5.6 22  30   M    M   0        29 140
19  62  49  56   2   9   0 1.07    M    M  5.2 14  80   M    M   0        18  50
20  63  50  57   2   8   0 0.00    M    M  5.7 15 140   M    M   0        18 140
21  68  45  57   2   8   0 0.00    M    M  5.0 23 140   M    M   0        29 140
22  67  46  57   2   8   0 0.07    M    M  5.7 17 110   M    M   0        22 110
23  69  52  61   6   4   0 0.07    M    M  6.7 16 350   M    M   0        23 290
24  76  46  61   5   4   0 0.00    M    M  7.0 16  10   M    M   0        23 340
25  76  49  63   7   2   0 0.57    M    M  8.0 30 180   M    M   0        35 180
================================================================================
SM 1735 1067       219   0  3.48    M    182.5          M        0
================================================================================
AV 69.4 42.7                               7.3 FASTST   M    M   0    MAX(MPH)
                                 MISC ---->  # 37 240               # 46  230
================================================================================
NOTES:
# LAST OF SEVERAL OCCURRENCES

COLUMN 17 PEAK WIND IN M.P.H.

PRELIMINARY LOCAL CLIMATOLOGICAL DATA (WS FORM: F-6) , PAGE 2

                                          STATION:  ROME OR
                                          MONTH:    MAY
                                          YEAR:     2015
                                          LATITUDE:   42 35 N
                                          LONGITUDE: 117 52 W

[TEMPERATURE DATA]      [PRECIPITATION DATA]       SYMBOLS USED IN COLUMN 16

AVERAGE MONTHLY: 56.0   TOTAL FOR MONTH:   3.48    1 = FOG OR MIST
DPTR FM NORMAL:   3.2   DPTR FM NORMAL:    2.34    2 = FOG REDUCING VISIBILITY
HIGHEST:    83 ON  2    GRTST 24HR  1.29 ON 14-15      TO 1/4 MILE OR LESS
LOWEST:     31 ON  1                               3 = THUNDER
                        SNOW, ICE PELLETS, HAIL    4 = ICE PELLETS
                        TOTAL MONTH:    M          5 = HAIL
                        GRTST 24HR    M  ON   M    6 = FREEZING RAIN OR DRIZZLE
                        GRTST DEPTH:  M  ON   M    7 = DUSTSTORM OR SANDSTORM:
                                                       VSBY 1/2 MILE OR LESS
                                                   8 = SMOKE OR HAZE
[NO. OF DAYS WITH]      [WEATHER - DAYS WITH]      9 = BLOWING SNOW
                                                   X = TORNADO
MAX 32 OR BELOW:   0    0.01 INCH OR MORE:   9
MAX 90 OR ABOVE:   0    0.10 INCH OR MORE:   5
MIN 32 OR BELOW:   1    0.50 INCH OR MORE:   3
MIN  0 OR BELOW:   0    1.00 INCH OR MORE:   1

[HDD (BASE 65) ]
TOTAL THIS MO.   219    CLEAR  (SCALE 0-3)  25
DPTR FM NORMAL   -91    PTCLDY (SCALE 4-7)   0
TOTAL FM JUL 1  5136    CLOUDY (SCALE 8-10)  0
DPTR FM NORMAL -1268

[CDD (BASE 65) ]
TOTAL THIS MO.     0
DPTR FM NORMAL     0    [PRESSURE DATA]
TOTAL FM JAN 1     0    HIGHEST SLP M ON M
DPTR FM NORMAL     0    LOWEST  SLP 29.51 ON 12

[REMARKS]
