000
CXUS53 KMPX 240700
CF6RGK
PRELIMINARY LOCAL CLIMATOLOGICAL DATA (WS FORM: F-6)

                                          STATION:   RED_WING MN
                                          MONTH:     JULY
                                          YEAR:      2016
                                          LATITUDE:   44 34 N
                                          LONGITUDE:  92 29 W

  TEMPERATURE IN F:       :PCPN:    SNOW:  WIND      :SUNSHINE: SKY     :PK WND
================================================================================
1   2   3   4   5  6A  6B    7    8   9   10  11  12  13   14  15   16   17  18
                                     12Z  AVG MX 2MIN
DY MAX MIN AVG DEP HDD CDD  WTR  SNW DPTH SPD SPD DIR MIN PSBL S-S WX    SPD DR
================================================================================

 1  73  54  64   M   1   0 0.00    M    M  3.3  8  40   M    M   1         M  M
 2  81  52  67   M   0   2 0.00    M    M  2.2  7 130   M    M   1         M  M
 3  81  55  68   M   0   3 0.00    M    M  4.0 12 120   M    M   0        16 120
 4   M   M   M   M   M   M 0.00    M    M  5.2 12 220   M    M   5         M  M
 5   M  66   M   M   M   M 2.02    M    M  7.0 21 350   M    M   2 3      30 350
 6  86  64  75   M   0  10 0.00    M    M  2.1  8 350   M    M   1 8       M  M
 7  82  64  73   M   0   8 0.15    M    M  3.7 12  80   M    M   5         M  M
 8  79  61  70   M   0   5 0.00    M    M  7.9 14 290   M    M   4        28 300
 9  81  57  69   M   0   4 0.00    M    M  3.7  8 140   M    M   0         M  M
10  82  66  74   M   0   9 0.28    M    M  7.2 10 260   M    M   4 3      18 170
11  91  72  82   M   0  17 0.00    M    M 10.1 20 170   M    M   5        29 170
12  86  70  78   M   0  13 0.00    M    M  8.9 15 270   M    M   1        22 270
13  84  70  77   M   0  12 0.00    M    M  9.3 18 280   M    M   1        24 280
14  73  63  68   M   0   3 0.07    M    M  9.2 16 310   M    M   7        27 300
15  77  59  68   M   0   3 0.03    M    M  1.9  5 320   M    M   5         M  M
16  81  55  68   M   0   3 0.15    M    M  3.9  9 160   M    M   2 3      17 170
17  86  64  75   M   0  10 0.68    M    M  8.7 20 130   M    M   3 3      25 280
18  84  61  73   M   0   8 0.00    M    M  2.1  8 300   M    M   1         M  M
19  88  63  76   M   0  11 0.00    M    M  5.1 14 160   M    M   1        21 160
20  90  72  81   M   0  16 0.00    M    M  8.1 16 150   M    M   3 3      22 150
21  93  72  83   M   0  18 0.03    M    M  4.2 12  30   M    M   3 138    17  30
22  91  70  81   M   0  16 0.00    M    M  1.5  7 160   M    M   1 12      M  M
23  81  68  75   M   0  10 0.84    M    M  5.9 16 130   M    M   5 3      27 130
================================================================================
SM 1750 1398         1 181  4.25    M    125.2          M       61
================================================================================
AV 83.3 63.5                               5.4 FASTST   M    M   3    MAX(MPH)
                                 MISC ---->    21   M                 30    M
================================================================================
NOTES:
# LAST OF SEVERAL OCCURRENCES

COLUMN 17 PEAK WIND IN M.P.H.

PRELIMINARY LOCAL CLIMATOLOGICAL DATA (WS FORM: F-6) , PAGE 2

                                          STATION:  RED_WING MN
                                          MONTH:    JULY
                                          YEAR:     2016
                                          LATITUDE:   44 34 N
                                          LONGITUDE:  92 29 W

[TEMPERATURE DATA]      [PRECIPITATION DATA]       SYMBOLS USED IN COLUMN 16

AVERAGE MONTHLY: 73.4   TOTAL FOR MONTH:   4.25    1 = FOG OR MIST
DPTR FM NORMAL:     M   DPTR FM NORMAL:       M    2 = FOG REDUCING VISIBILITY
HIGHEST:    93 ON 21    GRTST 24HR  2.02 ON  5- 5      TO 1/4 MILE OR LESS
LOWEST:     52 ON  2                               3 = THUNDER
                        SNOW, ICE PELLETS, HAIL    4 = ICE PELLETS
                        TOTAL MONTH:    M          5 = HAIL
                        GRTST 24HR    M  ON   M    6 = FREEZING RAIN OR DRIZZLE
                        GRTST DEPTH:  M  ON   M    7 = DUSTSTORM OR SANDSTORM:
                                                       VSBY 1/2 MILE OR LESS
                                                   8 = SMOKE OR HAZE
[NO. OF DAYS WITH]      [WEATHER - DAYS WITH]      9 = BLOWING SNOW
                                                   X = TORNADO
MAX 32 OR BELOW:   0    0.01 INCH OR MORE:   9
MAX 90 OR ABOVE:   4    0.10 INCH OR MORE:   6
MIN 32 OR BELOW:   0    0.50 INCH OR MORE:   3
MIN  0 OR BELOW:   0    1.00 INCH OR MORE:   1

[HDD (BASE 65) ]
TOTAL THIS MO.     1    CLEAR  (SCALE 0-3)  13
DPTR FM NORMAL     M    PTCLDY (SCALE 4-7)  10
TOTAL FM JUL 1     1    CLOUDY (SCALE 8-10)  0
DPTR FM NORMAL     M

[CDD (BASE 65) ]
TOTAL THIS MO.   181
DPTR FM NORMAL     M    [PRESSURE DATA]
TOTAL FM JAN 1   409    HIGHEST SLP M ON M
DPTR FM NORMAL     M    LOWEST  SLP M ON M

[REMARKS]
