000
CXUS53 KGRB 270644
CF6RHI
PRELIMINARY LOCAL CLIMATOLOGICAL DATA (WS FORM: F-6)

                                          STATION:   RHINELANDER WI
                                          MONTH:     FEBRUARY
                                          YEAR:      2017
                                          LATITUDE:   45 37 N
                                          LONGITUDE:  89 27 W

  TEMPERATURE IN F:       :PCPN:    SNOW:  WIND      :SUNSHINE: SKY     :PK WND
================================================================================
1   2   3   4   5  6A  6B    7    8   9   10  11  12  13   14  15   16   17  18
                                     12Z  AVG MX 2MIN
DY MAX MIN AVG DEP HDD CDD  WTR  SNW DPTH SPD SPD DIR MIN PSBL S-S WX    SPD DR
================================================================================

 1  24   1  13   0  52   0    T    T   12 10.2 18 270   M    M   6 18     24 280
 2  12  -1   6  -7  59   0 0.00  0.0   12 13.9 23 260   M    M   0        32 260
 3  16 -10   3 -10  62   0 0.00  0.0   12 10.1 23 270   M    M   0        28 270
 4  25  -2  12  -2  53   0 0.03  0.3   12  7.6 22 210   M    M   7 18     28 210
 5  25  11  18   4  47   0 0.01  0.3   12  6.7 17 300   M    M   6 1      25 320
 6  30  16  23   9  42   0    T    T   12  6.9 20 100   M    M   8        22 110
 7  27  18  23   9  42   0 0.18  0.5   13  8.1 20 320   M    M  10 16     29 320
 8  18  -3   8  -6  57   0 0.02  0.2   13  7.9 16 320   M    M   7 1      25 330
 9  14  -5   5 -10  60   0 0.00  0.0   13 10.1 18 260   M    M   2 8      24 260
10  33  10  22   7  43   0    T  0.1    T  9.7 21 200   M    M   5 8      29 210
11  33  25  29  14  36   0 0.00  0.0   13  3.1  9 220   M    M   7 1      12 230
12  36  24  30  14  35   0 0.01  0.1   12 14.0 29 300   M    M   6 1      39 300
13  43  15  29  13  36   0 0.00  0.0   10  9.6 21 220   M    M   1        27 200
14  37  22  30  14  35   0    T    T   10 13.9 23 300   M    M   4        33 340
15  24  17  21   5  44   0 0.00  0.0   10  6.7 16 320   M    M  10        25 310
16  29  17  23   6  42   0 0.00  0.0    9  6.1 13 150   M    M   4        17 130
17  55  20  38  21  27   0 0.00  0.0    8  7.0 14 230   M    M   0 18     19 210
18  54  32  43  26  22   0 0.00  0.0    7 10.0 18 270   M    M   0        23 310
19  58  28  43  25  22   0 0.00  0.0    7  4.1 14 280   M    M   0        18 280
20  51  37  44  26  21   0 0.48  0.0    4 11.3 21 140   M    M   5 12     30 130
21  56  38  47  29  18   0 0.05  0.0    3  9.8 20 270   M    M   2 12     26 230
22  55  35  45  27  20   0 0.07  0.0    0  4.2 16 330   M    M   6 12     26 310
23  39  29  34  15  31   0    T    T    0  6.6 15 360   M    M   8 1      22 360
24  29  17  23   4  42   0 0.54  5.8    6 10.2 16  20   M    M  10 126    26  10
25  24  13  19  -1  46   0 0.02  0.3    6 10.7 21 280   M    M   7 1      28 310
26  32   1  17  -3  48   0 0.02  0.6    4  9.6 28 270   M    M   8 18     35 260
================================================================================
SM  879  405      1042   0  1.43     8.2 228.1          M      129
================================================================================
AV 33.8 15.6                               8.8 FASTST   M    M   5    MAX(MPH)
                                 MISC ---->  # 29 300               # 39  300
================================================================================
NOTES:
# LAST OF SEVERAL OCCURRENCES

COLUMN 17 PEAK WIND IN M.P.H.

PRELIMINARY LOCAL CLIMATOLOGICAL DATA (WS FORM: F-6) , PAGE 2

                                          STATION:  RHINELANDER WI
                                          MONTH:    FEBRUARY
                                          YEAR:     2017
                                          LATITUDE:   45 37 N
                                          LONGITUDE:  89 27 W

[TEMPERATURE DATA]      [PRECIPITATION DATA]       SYMBOLS USED IN COLUMN 16

AVERAGE MONTHLY: 24.7   TOTAL FOR MONTH:   1.43    1 = FOG OR MIST
DPTR FM NORMAL:   8.6   DPTR FM NORMAL:    0.58    2 = FOG REDUCING VISIBILITY
HIGHEST:    58 ON 19    GRTST 24HR  0.54 ON 24-24      TO 1/4 MILE OR LESS
LOWEST:    -10 ON  3                               3 = THUNDER
                        SNOW, ICE PELLETS, HAIL    4 = ICE PELLETS
                        TOTAL MONTH:   8.2 INCHES  5 = HAIL
                        GRTST 24HR   5.8 ON   M    6 = FREEZING RAIN OR DRIZZLE
                        GRTST DEPTH:  13 ON 11, 9  7 = DUSTSTORM OR SANDSTORM:
                                                       VSBY 1/2 MILE OR LESS
                                                   8 = SMOKE OR HAZE
[NO. OF DAYS WITH]      [WEATHER - DAYS WITH]      9 = BLOWING SNOW
                                                   X = TORNADO
MAX 32 OR BELOW:  14    0.01 INCH OR MORE:  11
MAX 90 OR ABOVE:   0    0.10 INCH OR MORE:   3
MIN 32 OR BELOW:  23    0.50 INCH OR MORE:   1
MIN  0 OR BELOW:   5    1.00 INCH OR MORE:   0

[HDD (BASE 65) ]
TOTAL THIS MO.  1042    CLEAR  (SCALE 0-3)   8
DPTR FM NORMAL  -229    PTCLDY (SCALE 4-7)  14
TOTAL FM JUL 1  5439    CLOUDY (SCALE 8-10)  4
DPTR FM NORMAL -1093

[CDD (BASE 65) ]
TOTAL THIS MO.     0
DPTR FM NORMAL     0    [PRESSURE DATA]
TOTAL FM JAN 1     0    HIGHEST SLP M ON M
DPTR FM NORMAL     0    LOWEST  SLP 29.36 ON  7

[REMARKS]
