000
CXUS55 KRIW 191010
CF6RIW
PRELIMINARY LOCAL CLIMATOLOGICAL DATA (WS FORM: F-6)
STATION: RIVERTON WY
MONTH: APRIL
YEAR: 2024
LATITUDE: 43 2 N
LONGITUDE: 108 27 W
TEMPERATURE IN F: :PCPN: SNOW: WIND :SUNSHINE: SKY :PK WND
================================================================================
1 2 3 4 5 6A 6B 7 8 9 10 11 12 13 14 15 16 17 18
12Z AVG MX 2MIN
DY MAX MIN AVG DEP HDD CDD WTR SNW DPTH SPD SPD DIR MIN PSBL S-S WX SPD DR
================================================================================
1 46 27 37 -4 28 0 0.01 0.1 0 6.3 14 300 M M 8 1 18 20
2 59 28 44 3 21 0 0.00 0.0 0 9.2 23 320 M M 0 32 310
3 68 36 52 11 13 0 0.00 0.0 0 10.6 22 310 M M 0 30 300
4 68 32 50 9 15 0 0.00 0.0 0 12.5 31 180 M M 0 44 170
5 69 38 54 13 11 0 0.00 0.0 0 16.1 38 200 M M 0 53 200
6 44 30 37 -5 28 0 0.01 T 0 18.8 44 310 M M 9 18 60 310
7 47 30 39 -3 26 0 T T 0 10.5 24 310 M M 8 1 34 310
8 50 27 39 -3 26 0 0.00 0.0 M 7.6 24 300 M M 4 33 300
9 58 28 43 1 22 0 0.00 0.0 0 14.5 31 300 M M 1 40 310
10 51 32 42 0 23 0 0.00 0.0 0 9.9 20 50 M M 3 28 30
11 62 26 44 2 21 0 0.00 0.0 0 5.5 16 230 M M 0 21 250
12 73 35 54 12 11 0 0.00 0.0 0 6.7 20 260 M M 0 24 260
13 74 40 57 14 8 0 0.00 0.0 0 8.9 24 240 M M 1 32 230
14 74 36 55 12 10 0 0.00 0.0 0 8.6 26 170 M M 0 35 170
15 65 42 54 11 11 0 0.04 M M 11.5 31 350 M M 2 43 330
16 66 38 52 9 13 0 T 0.0 0 12.0 31 330 M M 3 41 330
17 48 27 38 -6 27 0 0.05 M M 15.5 28 20 M M 10 1 36 10
18 41 24 33 -11 32 0 T T 0 7.3 16 10 M M 7 18 25 80
================================================================================
SM 1063 576 346 0 0.11 0.1 192.0 M 56
================================================================================
AV 59.1 32.0 10.7 FASTST M M 3 MAX(MPH)
MISC ----> 44 310 60 310
================================================================================
NOTES:
# LAST OF SEVERAL OCCURRENCES
COLUMN 17 PEAK WIND IN M.P.H.
PRELIMINARY LOCAL CLIMATOLOGICAL DATA (WS FORM: F-6) , PAGE 2
STATION: RIVERTON WY
MONTH: APRIL
YEAR: 2024
LATITUDE: 43 2 N
LONGITUDE: 108 27 W
[TEMPERATURE DATA] [PRECIPITATION DATA] SYMBOLS USED IN COLUMN 16
AVERAGE MONTHLY: 45.5 TOTAL FOR MONTH: 0.11 1 = FOG OR MIST
DPTR FM NORMAL: 3.4 DPTR FM NORMAL: -0.53 2 = FOG REDUCING VISIBILITY
HIGHEST: 74 ON 14,13 GRTST 24HR 0.05 ON 17-17 TO 1/4 MILE OR LESS
LOWEST: 24 ON 18 3 = THUNDER
SNOW, ICE PELLETS, HAIL 4 = ICE PELLETS
TOTAL MONTH: 1.7 INCHES 5 = HAIL
GRTST 24HR 0.1 ON 1- 1 6 = FREEZING RAIN OR DRIZZLE
GRTST DEPTH: T 7 = DUSTSTORM OR SANDSTORM:
VSBY 1/2 MILE OR LESS
8 = SMOKE OR HAZE
[NO. OF DAYS WITH] [WEATHER - DAYS WITH] 9 = BLOWING SNOW
X = TORNADO
MAX 32 OR BELOW: 0 0.01 INCH OR MORE: 4
MAX 90 OR ABOVE: 0 0.10 INCH OR MORE: 0
MIN 32 OR BELOW: 11 0.50 INCH OR MORE: 0
MIN 0 OR BELOW: 0 1.00 INCH OR MORE: 0
[HDD (BASE 65) ]
TOTAL THIS MO. 346 CLEAR (SCALE 0-3) 11
DPTR FM NORMAL -66 PTCLDY (SCALE 4-7) 5
TOTAL FM JUL 1 6804 CLOUDY (SCALE 8-10) 2
DPTR FM NORMAL -398
[CDD (BASE 65) ]
TOTAL THIS MO. 0
DPTR FM NORMAL 0 [PRESSURE DATA]
TOTAL FM JAN 1 0 HIGHEST SLP M ON M
DPTR FM NORMAL 0 LOWEST SLP 29.29 ON 5
[REMARKS]