000
CXUS55 KRIW 270901
CF6RKS
PRELIMINARY LOCAL CLIMATOLOGICAL DATA (WS FORM: F-6)

                                          STATION:   ROCK SPRINGS WY
                                          MONTH:     FEBRUARY
                                          YEAR:      2015
                                          LATITUDE:   41 35 N
                                          LONGITUDE: 109  4 W

  TEMPERATURE IN F:       :PCPN:    SNOW:  WIND      :SUNSHINE: SKY     :PK WND
================================================================================
1   2   3   4   5  6A  6B    7    8   9   10  11  12  13   14  15   16   17  18
                                     12Z  AVG MX 2MIN
DY MAX MIN AVG DEP HDD CDD  WTR  SNW DPTH SPD SPD DIR MIN PSBL S-S WX    SPD DR
================================================================================

 1  35  19  27   5  38   0 0.00  0.0    M 11.2 22 260   M    M   5        25 260
 2  44  30  37  15  28   0 0.00  0.0    M 25.5 43 260   M    M   4        50 250
 3  46  34  40  18  25   0 0.01    M    M 25.2 43 270   M    M   5        49 260
 4  42  31  37  15  28   0 0.04    M    M 22.1 38 270   M    M   6 1      44 270
 5  53  31  42  20  23   0 0.00    M    M 10.5 30 250   M    M   0        34 250
 6  57  33  45  23  20   0 0.00    M    M  8.8 17 270   M    M   0        21 280
 7  55  34  45  23  20   0 0.00    M    M 13.0 41 270   M    M   2        52 270
 8  50  32  41  19  24   0    T    M    M 10.7 30 260   M    M   3 1      35 260
 9  53  26  40  18  25   0    T    M    M 11.0 40 290   M    M   2 18     50 290
10  43  28  36  13  29   0    T    M    M 14.9 26 260   M    M   5 1      32 260
11  45  24  35  12  30   0 0.00  0.0    M  6.2 17 240   M    M   2        22 240
12  50  31  41  18  24   0 0.00  0.0    M 17.0 28 240   M    M   2        33 270
13  55  29  42  19  23   0 0.00  0.0    M 11.8 17 260   M    M   0        21 260
14  55  29  42  19  23   0 0.00  0.0    M 12.3 32 270   M    M   0        37 260
15  39  21  30   6  35   0 0.01    M    M 10.7 23 260   M    M   6 1      21  70
16  30  15  23  -1  42   0    T    M    M 10.1 25  40   M    M   6 1      30  30
17  38  10  24   0  41   0 0.00  0.0    M 11.5 23 280   M    M   1        36 280
18  49  26  38  14  27   0 0.00  0.0    M 19.8 28 260   M    M   0        34 250
19  54  30  42  17  23   0 0.00  0.0    M 18.3 36 260   M    M   0        43 250
20  44  23  34   9  31   0    T    M    M 13.8 33 300   M    M   7 18     45 300
21  30  10  20  -6  45   0 0.02    M    M 17.4 35  60   M    M   7 128    42  60
22  20   1  11 -15  54   0 0.00  0.0    M 20.6 29  50   M    M   4        36  60
23  28  -2  13 -13  52   0 0.00  0.0    M  7.4 22  60   M    M   0        25  60
24  41   7  24  -2  41   0 0.00  0.0    M 14.2 30 270   M    M   1        35 270
25  39  15  27   0  38   0    T    M    M 16.4 33 270   M    M   8 1      41 270
26  23   5  14 -13  51   0    T    M    M 11.5 24  70   M    M   7 18     29  60
================================================================================
SM 1118  572       840   0  0.08     0.0 371.9          M       83
================================================================================
AV 43.0 22.0                              14.3 FASTST   M    M   3    MAX(MPH)
                                 MISC ---->  # 43 260               # 52  270
================================================================================
NOTES:
# LAST OF SEVERAL OCCURRENCES

COLUMN 17 PEAK WIND IN M.P.H.

PRELIMINARY LOCAL CLIMATOLOGICAL DATA (WS FORM: F-6) , PAGE 2

                                          STATION:  ROCK SPRINGS WY
                                          MONTH:    FEBRUARY
                                          YEAR:     2015
                                          LATITUDE:   41 35 N
                                          LONGITUDE: 109  4 W

[TEMPERATURE DATA]      [PRECIPITATION DATA]       SYMBOLS USED IN COLUMN 16

AVERAGE MONTHLY: 32.5   TOTAL FOR MONTH:   0.08    1 = FOG OR MIST
DPTR FM NORMAL:   8.8   DPTR FM NORMAL:   -0.37    2 = FOG REDUCING VISIBILITY
HIGHEST:    57 ON  6    GRTST 24HR  0.05 ON  3- 4      TO 1/4 MILE OR LESS
LOWEST:     -2 ON 23                               3 = THUNDER
                        SNOW, ICE PELLETS, HAIL    4 = ICE PELLETS
                        TOTAL MONTH:   0.0 INCH    5 = HAIL
                        GRTST 24HR     0.0         6 = FREEZING RAIN OR DRIZZLE
                        GRTST DEPTH:  M  ON   M    7 = DUSTSTORM OR SANDSTORM:
                                                       VSBY 1/2 MILE OR LESS
                                                   8 = SMOKE OR HAZE
[NO. OF DAYS WITH]      [WEATHER - DAYS WITH]      9 = BLOWING SNOW
                                                   X = TORNADO
MAX 32 OR BELOW:   5    0.01 INCH OR MORE:   4
MAX 90 OR ABOVE:   0    0.10 INCH OR MORE:   0
MIN 32 OR BELOW:  23    0.50 INCH OR MORE:   0
MIN  0 OR BELOW:   1    1.00 INCH OR MORE:   0

[HDD (BASE 65) ]
TOTAL THIS MO.   840    CLEAR  (SCALE 0-3)  14
DPTR FM NORMAL  -232    PTCLDY (SCALE 4-7)  12
TOTAL FM JUL 1  5018    CLOUDY (SCALE 8-10)  0
DPTR FM NORMAL  -758

[CDD (BASE 65) ]
TOTAL THIS MO.     0
DPTR FM NORMAL     0    [PRESSURE DATA]
TOTAL FM JAN 1     0    HIGHEST SLP M ON M
DPTR FM NORMAL     0    LOWEST  SLP 29.81 ON  7

[REMARKS]
