000
CXUS52 KFFC 271110
CF6RMG
PRELIMINARY LOCAL CLIMATOLOGICAL DATA (WS FORM: F-6)

                                          STATION:   ROME
                                          MONTH:     FEBRUARY
                                          YEAR:      2015
                                          LATITUDE:   34 20 N
                                          LONGITUDE:  85 10 W

  TEMPERATURE IN F:       :PCPN:    SNOW:  WIND      :SUNSHINE: SKY     :PK WND
================================================================================
1   2   3   4   5  6A  6B    7    8   9   10  11  12  13   14  15   16   17  18
                                     12Z  AVG MX 2MIN
DY MAX MIN AVG DEP HDD CDD  WTR  SNW DPTH SPD SPD DIR MIN PSBL S-S WX    SPD DR
================================================================================

 1  57  34  46   4  19   0 0.93  0.0    M  4.1 22 180   M    M   6 13     25 170
 2  58  28  43   1  22   0 0.03  0.0    M 11.4 25 280   M    M   6 1      33 340
 3  49  21  35  -7  30   0 0.00  0.0    M  1.9  9 350   M    M   0        11 360
 4  52  24  38  -4  27   0 0.00    M    M  1.6 10 170   M    M   0        13 180
 5  47  29  38  -4  27   0 0.00    M    M 10.7 24  10   M    M   4        29 350
 6  51  17  34  -9  31   0 0.00    M    M  1.3  9 200   M    M   0        13 200
 7  65  22  44   1  21   0 0.00    M    M  2.4 13 250   M    M   0        20 270
 8  67  30  49   6  16   0 0.00  0.0    M  4.2 16 230   M    M   5        24 250
 9  68  41  55  12  10   0 0.01  0.0    M  7.1 21  90   M    M   9 18     32  70
10  51  35  43   0  22   0 0.00    M    M 11.1 21  20   M    M   6        26 360
11  62  26  44   1  21   0 0.00  0.0    M  3.2  9 250   M    M   0 1      12 240
12  45  27  36  -8  29   0 0.00    M    M  8.9 24 310   M    M   0        34 320
13  45  25  35  -9  30   0 0.00    M    M  5.9 15 350   M    M   0        19 350
14  59  20  40  -4  25   0 0.00  0.0    0  8.3 22 310   M    M   2        36 310
15  39  19  29 -15  36   0 0.00  0.0    0 11.4 26 360   M    M   3        36  10
16  39  29  34 -10  31   0 1.89  0.0    0  4.6 15 150   M    M  10 1      23 130
17  40  24  32 -13  33   0 0.00  0.0    0  9.9 17 330   M    M   3        22 340
18  37  19  28 -17  37   0    T    T    M  9.9 23 300   M    M   7        34 310
19  27  11  19 -26  46   0 0.00  0.0    M  9.0 18 340   M    M   0        24 340
20  33  15  24 -21  41   0 0.04    M    M  4.4 12  20   M    M  10 1      21  80
21  52  32  42  -4  23   0 0.39    M    M  8.3 16 320   M    M  10 1      21 180
22  52  41  47   1  18   0 0.18  0.0    M  5.2 16 350   M    M  10 1      20 340
23  46  33  40  -6  25   0 0.08  0.0    M 12.1 22  10   M    M   7        26 350
24  42  29  36 -10  29   0 0.03    M    M  3.4 10 360   M    M   9 18     13 340
25  35  25  30 -17  35   0 0.57    M    M  3.7 13  20   M    M   5 12     15  20
26  41  26  34 -13  31   0    T    M    M  3.6 12 330   M    M   8 1      16 360
================================================================================
SM 1259  682       715   0  4.15    T    167.6          M      120
================================================================================
AV 48.4 26.2                               6.4 FASTST   M    M   5    MAX(MPH)
                                 MISC ---->  # 26 360               # 36  310
================================================================================
NOTES:
# LAST OF SEVERAL OCCURRENCES

COLUMN 17 PEAK WIND IN M.P.H.

PRELIMINARY LOCAL CLIMATOLOGICAL DATA (WS FORM: F-6) , PAGE 2

                                          STATION:  ROME
                                          MONTH:    FEBRUARY
                                          YEAR:     2015
                                          LATITUDE:   34 20 N
                                          LONGITUDE:  85 10 W

[TEMPERATURE DATA]      [PRECIPITATION DATA]       SYMBOLS USED IN COLUMN 16

AVERAGE MONTHLY: 37.3   TOTAL FOR MONTH:   4.15    1 = FOG OR MIST
DPTR FM NORMAL:  -6.8   DPTR FM NORMAL:   -0.31    2 = FOG REDUCING VISIBILITY
HIGHEST:    68 ON  9    GRTST 24HR  1.89 ON 15-16      TO 1/4 MILE OR LESS
LOWEST:     11 ON 19                               3 = THUNDER
                        SNOW, ICE PELLETS, HAIL    4 = ICE PELLETS
                        TOTAL MONTH:    T          5 = HAIL
                        GRTST 24HR    T  ON 18-18  6 = FREEZING RAIN OR DRIZZLE
                        GRTST DEPTH:   0           7 = DUSTSTORM OR SANDSTORM:
                                                       VSBY 1/2 MILE OR LESS
                                                   8 = SMOKE OR HAZE
[NO. OF DAYS WITH]      [WEATHER - DAYS WITH]      9 = BLOWING SNOW
                                                   X = TORNADO
MAX 32 OR BELOW:   1    0.01 INCH OR MORE:  10
MAX 90 OR ABOVE:   0    0.10 INCH OR MORE:   5
MIN 32 OR BELOW:  21    0.50 INCH OR MORE:   3
MIN  0 OR BELOW:   0    1.00 INCH OR MORE:   1

[HDD (BASE 65) ]
TOTAL THIS MO.   715    CLEAR  (SCALE 0-3)  10
DPTR FM NORMAL   171    PTCLDY (SCALE 4-7)   9
TOTAL FM JUL 1  2766    CLOUDY (SCALE 8-10)  7
DPTR FM NORMAL   180

[CDD (BASE 65) ]
TOTAL THIS MO.     0
DPTR FM NORMAL     0    [PRESSURE DATA]
TOTAL FM JAN 1     0    HIGHEST SLP  0.00 ON M
DPTR FM NORMAL     0    LOWEST  SLP 29.65 ON  2

[REMARKS]
