000
CXUS51 KRNK 260622 CCA
CF6RNK

PRELIMINARY LOCAL CLIMATOLOGICAL DATA (WS FORM: F-6)

                                          STATION:   BLACKSBURG VA
                                          MONTH:     FEBRUARY
                                          YEAR:      2017
                                          LATITUDE:   37 13 N
                                          LONGITUDE:  80 25 W

  TEMPERATURE IN F:       :PCPN:    SNOW:  WIND      :SUNSHINE: SKY     :PK WND
================================================================================
1   2   3   4   5  6A  6B    7    8   9   10  11  12  13   14  15   16   17  18
                                     12Z  AVG MX 2MIN
DY MAX MIN AVG DEP HDD CDD  WTR  SNW DPTH SPD SPD DIR MIN PSBL S-S WX    SPD DR
================================================================================

 1  53  31  42  10  23   0 0.00  0.0    0  3.4 12 300   M    M   3        17 290
 2  47  31  39   7  26   0 0.00  0.0    0  5.7 14 300   M    M   1        24 280
 3  32  20  26  -6  39   0    T    T    0  7.5 18 320   M    M   7        29 300
 4  42  13  28  -4  37   0 0.00  0.0    0  4.2 17 310   M    M   0        25 310
 5  51  23  37   4  28   0 0.00  0.0    0  4.5 13 250   M    M   5        24 270
 6  66  29  48  15  17   0    T  0.0    0  3.2 10 180   M    M   3 1       M  M
 7  67  38  53  20  12   0 0.00  0.0    0  3.4 15 200   M    M   4        26 180
 8  60  39  50  17  15   0 0.23  0.0    0  3.6 16 300   M    M   4        22 290
 9  49  20  35   2  30   0 0.16    T    0 16.4 29 310   M    M   7        41 300
10  42  17  30  -3  35   0 0.00  0.0    0  5.0 15 280   M    M   2        25 290
11  63  31  47  13  18   0 0.00  0.0    0  5.9 12 290   M    M   7        23 270
12  71  44  58  24   7   0    T  0.0    0  9.9 28 290   M    M   8        45 290
13  48  29  39   5  26   0 0.00  0.0    0 11.4 22 300   M    M   0        47 300
14  49  25  37   3  28   0 0.01  0.0    0  2.6  9 240   M    M   8        18 270
15  45  31  38   4  27   0 0.21    T    0 10.9 25 330   M    M   7 1      35 330
16  42  26  34   0  31   0    T    T    0 11.1 18 300   M    M   3        31 300
17  62  27  45  11  20   0 0.00  0.0    0  4.4 14 230   M    M   1        20 230
18  63  31  47  12  18   0    T  0.0    0  1.5  8 280   M    M   1         M  M
19  59  41  50  15  15   0 0.00  0.0    0  5.1 14 310   M    M   5        21 300
20  69  31  50  15  15   0 0.00  0.0    0  2.9  8  90   M    M   0 1       M  M
21  62  42  52  17  13   0 0.00  0.0    0  5.2  9 200   M    M   2        16 190
22  51  44  48  12  17   0 0.19  0.0    0  0.3  5 310   M    M  10 12      M  M
23  68  40  54  18  11   0 0.00  0.0    0  1.1  7 170   M    M   8 12      M  M
24  71  41  56  20   9   0 0.00  0.0    0  3.6 12 180   M    M   1        17 190
25  59  30  45   9  20   0 0.09  0.0    0  9.1 18 310   M    M   5        31 290
================================================================================
SM 1391  774       537   0  0.89    T    141.9          M      102
================================================================================
AV 55.6 31.0                               5.7 FASTST   M    M   4    MAX(MPH)
                                 MISC ---->  # 29 310               # 47  300
================================================================================
NOTES:
# LAST OF SEVERAL OCCURRENCES

COLUMN 17 PEAK WIND IN M.P.H.

PRELIMINARY LOCAL CLIMATOLOGICAL DATA (WS FORM: F-6) , PAGE 2

                                          STATION:  BLACKSBURG VA
                                          MONTH:    FEBRUARY
                                          YEAR:     2017
                                          LATITUDE:   37 13 N
                                          LONGITUDE:  80 25 W

[TEMPERATURE DATA]      [PRECIPITATION DATA]       SYMBOLS USED IN COLUMN 16

AVERAGE MONTHLY: 43.3   TOTAL FOR MONTH:   0.89    1 = FOG OR MIST
DPTR FM NORMAL:   9.4   DPTR FM NORMAL:   -1.63    2 = FOG REDUCING VISIBILITY
HIGHEST:    71 ON 24,12 GRTST 24HR  0.23 ON  8- 8      TO 1/4 MILE OR LESS
LOWEST:     13 ON  4                               3 = THUNDER
                        SNOW, ICE PELLETS, HAIL    4 = ICE PELLETS
                        TOTAL MONTH:    T          5 = HAIL
                        GRTST 24HR    T  ON 16-16  6 = FREEZING RAIN OR DRIZZLE
                        GRTST DEPTH:   0           7 = DUSTSTORM OR SANDSTORM:
                                                       VSBY 1/2 MILE OR LESS
                                                   8 = SMOKE OR HAZE
[NO. OF DAYS WITH]      [WEATHER - DAYS WITH]      9 = BLOWING SNOW
                                                   X = TORNADO
MAX 32 OR BELOW:   1    0.01 INCH OR MORE:   6
MAX 90 OR ABOVE:   0    0.10 INCH OR MORE:   4
MIN 32 OR BELOW:  17    0.50 INCH OR MORE:   0
MIN  0 OR BELOW:   0    1.00 INCH OR MORE:   0

[HDD (BASE 65) ]
TOTAL THIS MO.   537    CLEAR  (SCALE 0-3)  11
DPTR FM NORMAL  -239    PTCLDY (SCALE 4-7)  13
TOTAL FM JUL 1  3018    CLOUDY (SCALE 8-10)  1
DPTR FM NORMAL  -945

[CDD (BASE 65) ]
TOTAL THIS MO.     0
DPTR FM NORMAL     0    [PRESSURE DATA]
TOTAL FM JAN 1     0    HIGHEST SLP M ON M
DPTR FM NORMAL     0    LOWEST  SLP M ON M

[REMARKS]
