000
CXUS51 KRNK 281212
CF6RNK

PRELIMINARY LOCAL CLIMATOLOGICAL DATA (WS FORM: F-6)

                                          STATION:   BLACKSBURG VA
                                          MONTH:     FEBRUARY
                                          YEAR:      2015
                                          LATITUDE:   37 13 N
                                          LONGITUDE:  80 25 W

  TEMPERATURE IN F:       :PCPN:    SNOW:  WIND      :SUNSHINE: SKY     :PK WND
================================================================================
1   2   3   4   5  6A  6B    7    8   9   10  11  12  13   14  15   16   17  18
                                     12Z  AVG MX 2MIN
DY MAX MIN AVG DEP HDD CDD  WTR  SNW DPTH SPD SPD DIR MIN PSBL S-S WX    SPD DR
================================================================================

 1  48  30  39   7  26   0 0.02  0.0    0  4.2 13 190   M    M   8        20 190
 2  48  19  34   2  31   0 0.29    T    0 13.0 29 300   M    M  10        43 290
 3  40  17  29  -3  36   0    T    T    0  5.2 15 300   M    M   4        21 280
 4  53  18  36   4  29   0 0.00  0.0    0  2.7 12 200   M    M   0         M  M
 5  38  15  27  -6  38   0    T    T    0 10.2 23 320   M    M   3        32 320
 6  42  14  28  -5  37   0 0.00  0.0    0  4.8 10 270   M    M   0        17 270
 7  57  21  39   6  26   0 0.00  0.0    0  4.8 15 230   M    M   1        25 250
 8  63  36  50  17  15   0 0.00  0.0    0  6.7 15 250   M    M   1        24 260
 9  60  44  52  19  13   0    T  0.0    0  2.7  8 300   M    M  10         M  M
10  44  23  34   1  31   0 0.06  0.0    0  5.1 12 360   M    M   8        16 360
11  52  19  36   2  29   0 0.00  0.0    0  2.4 14 280   M    M   2        20 280
12  36  15  26  -8  39   0 0.01  0.2    T 12.9 26 320   M    M  10        37 310
13  27   9  18 -16  47   0    T    T    0  7.1 21 310   M    M   1        29 300
14  40   7  24 -10  41   0 0.05  1.5    1 10.6 31 320   M    M   9 9      47 300
15  17   1   9 -25  56   0    T    T    1 12.6 23 300   M    M   3 9      40 290
16  15   9  12 -22  53   0 0.60  8.2    8  5.3 10 120   M    M  10 14      M  M
17  29  10  20 -14  45   0 0.06  0.4    8  5.2 12 280   M    M   5 4      18 280
18  28   2  15 -20  50   0 0.03  0.6    7  7.6 22 300   M    M   6 9      31 280
19   7  -2   3 -32  62   0    T    T    6 11.2 18 300   M    M   7 9      26 290
20  21  -5   8 -27  57   0 0.00  0.0    6  6.9 23 300   M    M   4        32 300
21  34   5  20 -15  45   0 0.68  5.2   10  5.5 12 180   M    M   9 16     23 180
22  48  32  40   4  25   0 0.01    T    6  3.4  9 300   M    M   7 16      M  M
23  33  14  24 -12  41   0 0.00  0.0    5  8.3 17 320   M    M   5        23 320
24  27  13  20 -16  45   0 0.02  0.2    5  2.3  6 100   M    M   7 1       M  M
25  37  19  28  -8  37   0    T    T    5  5.7 15 290   M    M   3        25 290
26  37  25  31  -5  34   0 0.29  3.1    7  4.5 10 290   M    M   9        16 290
27  30  13  22 -15  43   0    T    T    7  7.0 15 310   M    M   4        18 300
================================================================================
SM 1011  423      1031   0  2.12    19.4 177.9          M      146
================================================================================
AV 37.4 15.7                               6.6 FASTST   M    M   5    MAX(MPH)
                                 MISC ---->  # 31 320               # 47  300
================================================================================
NOTES:
# LAST OF SEVERAL OCCURRENCES

COLUMN 17 PEAK WIND IN M.P.H.

PRELIMINARY LOCAL CLIMATOLOGICAL DATA (WS FORM: F-6) , PAGE 2

                                          STATION:  BLACKSBURG VA
                                          MONTH:    FEBRUARY
                                          YEAR:     2015
                                          LATITUDE:   37 13 N
                                          LONGITUDE:  80 25 W

[TEMPERATURE DATA]      [PRECIPITATION DATA]       SYMBOLS USED IN COLUMN 16

AVERAGE MONTHLY: 26.6   TOTAL FOR MONTH:   2.12    1 = FOG OR MIST
DPTR FM NORMAL:  -7.6   DPTR FM NORMAL:   -0.59    2 = FOG REDUCING VISIBILITY
HIGHEST:    63 ON  8    GRTST 24HR  0.68 ON 21-21      TO 1/4 MILE OR LESS
LOWEST:     -5 ON 20                               3 = THUNDER
                        SNOW, ICE PELLETS, HAIL    4 = ICE PELLETS
                        TOTAL MONTH:  19.4 INCHES  5 = HAIL
                        GRTST 24HR   8.2 ON   M    6 = FREEZING RAIN OR DRIZZLE
                        GRTST DEPTH:  10 ON 21     7 = DUSTSTORM OR SANDSTORM:
                                                       VSBY 1/2 MILE OR LESS
                                                   8 = SMOKE OR HAZE
[NO. OF DAYS WITH]      [WEATHER - DAYS WITH]      9 = BLOWING SNOW
                                                   X = TORNADO
MAX 32 OR BELOW:   9    0.01 INCH OR MORE:  12
MAX 90 OR ABOVE:   0    0.10 INCH OR MORE:   4
MIN 32 OR BELOW:  25    0.50 INCH OR MORE:   2
MIN  0 OR BELOW:   2    1.00 INCH OR MORE:   0

[HDD (BASE 65) ]
TOTAL THIS MO.  1031    CLEAR  (SCALE 0-3)   7
DPTR FM NORMAL   199    PTCLDY (SCALE 4-7)  12
TOTAL FM JUL 1  4082    CLOUDY (SCALE 8-10)  8
DPTR FM NORMAL    63

[CDD (BASE 65) ]
TOTAL THIS MO.     0
DPTR FM NORMAL     0    [PRESSURE DATA]
TOTAL FM JAN 1     0    HIGHEST SLP M ON M
DPTR FM NORMAL     0    LOWEST  SLP M ON M

[REMARKS]
