371
CXUS56 KSGX 261545
CF6RNM
PRELIMINARY LOCAL CLIMATOLOGICAL DATA (WS FORM: F-6)

                                          STATION:   RAMONA AIRPORT CA
                                          MONTH:     FEBRUARY
                                          YEAR:      2017
                                          LATITUDE:   33  2 N
                                          LONGITUDE: 116 55 W

  TEMPERATURE IN F:       :PCPN:    SNOW:  WIND      :SUNSHINE: SKY     :PK WND
================================================================================
1   2   3   4   5  6A  6B    7    8   9   10  11  12  13   14  15   16   17  18
                                     12Z  AVG MX 2MIN
DY MAX MIN AVG DEP HDD CDD  WTR  SNW DPTH SPD SPD DIR MIN PSBL S-S WX    SPD DR
================================================================================

 1  72  32  52   2  13   0 0.00  0.0    0  3.4 15 240   M    M   0 1      18 250
 2  68  33  51   1  14   0 0.00  0.0    0  2.7 10 320   M    M   0        13 280
 3  66  41  54   4  11   0 0.00  0.0    0  3.5 14 280   M    M   6 12     16 270
 4  65  49  57   7   8   0 0.00  0.0    0  4.6 14 280   M    M   7 12     17 270
 5  59  36  48  -2  17   0 0.00  0.0    0  4.4 14 270   M    M   7 12     17 270
 6  57  48  53   3  12   0 0.16  0.0    0  5.1 15 220   M    M  10 1      19 210
 7  59  51  55   5  10   0 0.33  0.0    0  6.9 21 260   M    M   6 12     25 260
 8  71  46  59   9   6   0 0.00  0.0    0  2.7 13 300   M    M   4 12     16 280
 9  82  44  63  13   2   0 0.00  0.0    M  4.1 15 300   M    M   0 12     17 300
10  77  46  62  11   3   0 0.00  0.0    0  4.2 17 310   M    M   4 12     20 270
11  60  46  53   2  12   0 0.15    M    0  3.7 14 270   M    M   7 1      17 260
12  70  41  56   5   9   0 0.00  0.0    0  4.4 15 290   M    M   3 1      19 280
13  71  38  55   4  10   0 0.00  0.0    0  2.1 13 260   M    M   0 1      15 280
14  69  42  56   5   9   0 0.00    M    0  3.5 10 320   M    M   1 12     13 320
15  75  38  57   6   8   0 0.00  0.0    0  6.2 17  90   M    M   0 12     22 130
16  72  39  56   5   9   0 0.00  0.0    0  3.2 13 270   M    M   0        16 310
17  61  48  55   4  10   0 0.88    M    0  9.7 28 170   M    M   9 1      36 150
18  56  47  52   1  13   0 0.36    M    0  3.7 14 260   M    M  10 1      16 300
19  54  45  50  -1  15   0 0.12    M    0  4.1 14 260   M    M  10 1      16 270
20  65  45  55   4  10   0 0.00  0.0    0  2.1 12 290   M    M   7 12     12 290
21  74  43  59   8   6   0 0.00  0.0    0  2.4 12 310   M    M   3 12     20 290
22  60  39  50  -1  15   0 0.00  0.0    0  5.0 17 270   M    M   7 12     24 280
23  55  36  46  -6  19   0 0.00  0.0    0  4.7 15 280   M    M   3 12     19 280
24  60  32  46  -6  19   0 0.00  0.0    0  4.1 12 260   M    M   1 1       M  M
25  64  30  47  -5  18   0 0.00  0.0    0  4.1 16 280   M    M   2 1      20 280
================================================================================
SM 1642 1035       278   0  2.00     0.0 104.6          M      107
================================================================================
AV 65.7 41.4                               4.2 FASTST   M    M   4    MAX(MPH)
                                 MISC ---->  # 28 170               # 36  150
================================================================================
NOTES:
# LAST OF SEVERAL OCCURRENCES

COLUMN 17 PEAK WIND IN M.P.H.

PRELIMINARY LOCAL CLIMATOLOGICAL DATA (WS FORM: F-6) , PAGE 2

                                          STATION:  RAMONA AIRPORT CA
                                          MONTH:    FEBRUARY
                                          YEAR:     2017
                                          LATITUDE:   33  2 N
                                          LONGITUDE: 116 55 W

[TEMPERATURE DATA]      [PRECIPITATION DATA]       SYMBOLS USED IN COLUMN 16

AVERAGE MONTHLY: 53.5   TOTAL FOR MONTH:   2.00    1 = FOG OR MIST
DPTR FM NORMAL:   2.8   DPTR FM NORMAL:   -0.76    2 = FOG REDUCING VISIBILITY
HIGHEST:    82 ON  9    GRTST 24HR  1.12 ON 17-18      TO 1/4 MILE OR LESS
LOWEST:     30 ON 25                               3 = THUNDER
                        SNOW, ICE PELLETS, HAIL    4 = ICE PELLETS
                        TOTAL MONTH:   0.0 INCH    5 = HAIL
                        GRTST 24HR     0.0         6 = FREEZING RAIN OR DRIZZLE
                        GRTST DEPTH:   0           7 = DUSTSTORM OR SANDSTORM:
                                                       VSBY 1/2 MILE OR LESS
                                                   8 = SMOKE OR HAZE
[NO. OF DAYS WITH]      [WEATHER - DAYS WITH]      9 = BLOWING SNOW
                                                   X = TORNADO
MAX 32 OR BELOW:   0    0.01 INCH OR MORE:   6
MAX 90 OR ABOVE:   0    0.10 INCH OR MORE:   6
MIN 32 OR BELOW:   3    0.50 INCH OR MORE:   1
MIN  0 OR BELOW:   0    1.00 INCH OR MORE:   0

[HDD (BASE 65) ]
TOTAL THIS MO.   278    CLEAR  (SCALE 0-3)  11
DPTR FM NORMAL   -77    PTCLDY (SCALE 4-7)  10
TOTAL FM JUL 1  1385    CLOUDY (SCALE 8-10)  4
DPTR FM NORMAL  -317

[CDD (BASE 65) ]
TOTAL THIS MO.     0
DPTR FM NORMAL     0    [PRESSURE DATA]
TOTAL FM JAN 1     0    HIGHEST SLP M ON M
DPTR FM NORMAL    -1    LOWEST  SLP 29.47 ON 17

[REMARKS]
