000
CXUS55 KREV 300836
CF6RNO
PRELIMINARY LOCAL CLIMATOLOGICAL DATA (WS FORM: F-6)

                                          STATION:   RENO TAHOE AIRPORT NV
                                          MONTH:     SEPTEMBER
                                          YEAR:      2014
                                          LATITUDE:   39 30 N
                                          LONGITUDE: 119 47 W

  TEMPERATURE IN F:       :PCPN:    SNOW:  WIND      :SUNSHINE: SKY     :PK WND
================================================================================
1   2   3   4   5  6A  6B    7    8   9   10  11  12  13   14  15   16   17  18
                                     12Z  AVG MX 2MIN
DY MAX MIN AVG DEP HDD CDD  WTR  SNW DPTH SPD SPD DIR MIN PSBL S-S WX    SPD DR
================================================================================

 1  90  56  73   3   0   8 0.00  0.0    0  3.5 14  20   M    M   M        18  20
 2  95  57  76   7   0  11 0.00  0.0    0  7.3 23 280   M    M   M        31 280
 3  89  58  74   5   0   9 0.00  0.0    0  5.1 22  20   M    M   M        26  40
 4  84  53  69   0   0   4 0.00  0.0    0  5.2 16 100   M    M   M        20  90
 5  87  53  70   1   0   5 0.00  0.0    0  4.0 14  50   M    M   M        19  40
 6  92  52  72   4   0   7 0.00  0.0    0  4.6 18 300   M    M   M        25 190
 7  92  55  74   6   0   9 0.00  0.0    0  4.5 21 240   M    M   M        27 240
 8  88  56  72   4   0   7    T  0.0    0  7.5 26 200   M    M   M        34 200
 9  87  49  68   0   0   3 0.00  0.0    0  4.8 20 330   M    M   M        25 320
10  87  53  70   3   0   5 0.00  0.0    0  3.5 13  20   M    M   M        16  60
11  90  51  71   4   0   6 0.00  0.0    0  2.3 13  90   M    M   M        16  90
12  93  53  73   7   0   8 0.00  0.0    0  4.0 20 290   M    M   M        25 290
13  91  55  73   7   0   8 0.00  0.0    0  6.3 21 290   M    M   M        27 280
14  90  56  73   7   0   8 0.00  0.0    0  6.1 25 210   M    M   M 8      31 220
15  94  56  75   9   0  10 0.00  0.0    0  6.1 24 180   M    M   M 8      29 180
16  93  59  76  11   0  11 0.00  0.0    0  9.5 29 190   M    M   M 8      37 210
17  91  65  78  13   0  13 0.00  0.0    0 13.5 29 230   M    M   M 8      39 220
18  83  61  72   7   0   7 0.01  0.0    0 12.2 28 290   M    M   M 8      34 270
19  84  56  70   6   0   5 0.00  0.0    0  4.5 15  80   M    M   M 8      18  70
20  88  56  72   8   0   7 0.00  0.0    0  4.9 20 130   M    M   M        24 140
21  76  58  67   3   0   2    T  0.0    0  5.6 17 190   M    M   M 8      23 320
22  85  52  69   6   0   4 0.00  0.0    0  4.4 21 290   M    M   M 8      27 290
23  89  54  72   9   0   7 0.00  0.0    0  5.2 21 300   M    M   M 8      27 310
24  89  50  70   8   0   5 0.00  0.0    0 10.0 28 200   M    M   M 8      35 210
25  80  52  66   4   0   1 0.00  0.0    0 11.8 41 200   M    M   M        54 200
26  64  46  55  -7  10   0    T  0.0    0  6.9 20 300   M    M   M        26 290
27  54  48  51 -10  14   0 0.09  0.0    0  7.2 16 360   M    M   M        20 310
28  57  45  51 -10  14   0 0.19  0.0    0  2.5  8 350   M    M   M 1      10 310
29  75  43  59  -2   6   0 0.00  0.0    0  4.3 21 340   M    M   M        25 350
================================================================================
SM 2457 1558        44 170  0.29     0.0 177.3          M        M
================================================================================
AV 84.7 53.7                               6.1 FASTST   M    M   0    MAX(MPH)
                                 MISC ---->  # 41 200               # 54  200
================================================================================
NOTES:
# LAST OF SEVERAL OCCURRENCES

COLUMN 17 PEAK WIND IN M.P.H.

PRELIMINARY LOCAL CLIMATOLOGICAL DATA (WS FORM: F-6) , PAGE 2

                                          STATION:  RENO TAHOE AIRPORT NV
                                          MONTH:    SEPTEMBER
                                          YEAR:     2014
                                          LATITUDE:   39 30 N
                                          LONGITUDE: 119 47 W

[TEMPERATURE DATA]      [PRECIPITATION DATA]       SYMBOLS USED IN COLUMN 16

AVERAGE MONTHLY: 69.2   TOTAL FOR MONTH:   0.29    1 = FOG OR MIST
DPTR FM NORMAL:   3.8   DPTR FM NORMAL:   -0.04    2 = FOG REDUCING VISIBILITY
HIGHEST:    95 ON  2    GRTST 24HR  0.28 ON 27-28      TO 1/4 MILE OR LESS
LOWEST:     43 ON 29                               3 = THUNDER
                        SNOW, ICE PELLETS, HAIL    4 = ICE PELLETS
                        TOTAL MONTH:   0.0 INCH    5 = HAIL
                        GRTST 24HR     0.0         6 = FREEZING RAIN OR DRIZZLE
                        GRTST DEPTH:   0           7 = DUSTSTORM OR SANDSTORM:
                                                       VSBY 1/2 MILE OR LESS
                                                   8 = SMOKE OR HAZE
[NO. OF DAYS WITH]      [WEATHER - DAYS WITH]      9 = BLOWING SNOW
                                                   X = TORNADO
MAX 32 OR BELOW:   0    0.01 INCH OR MORE:   3
MAX 90 OR ABOVE:  11    0.10 INCH OR MORE:   1
MIN 32 OR BELOW:   0    0.50 INCH OR MORE:   0
MIN  0 OR BELOW:   0    1.00 INCH OR MORE:   0

[HDD (BASE 65) ]
TOTAL THIS MO.    44    CLEAR  (SCALE 0-3)   0
DPTR FM NORMAL   -31    PTCLDY (SCALE 4-7)   0
TOTAL FM JUL 1    48    CLOUDY (SCALE 8-10)  0
DPTR FM NORMAL   -37

[CDD (BASE 65) ]
TOTAL THIS MO.   170
DPTR FM NORMAL    84    [PRESSURE DATA]
TOTAL FM JAN 1  1206    HIGHEST SLP M ON M
DPTR FM NORMAL   374    LOWEST  SLP 25.57 ON 29

[REMARKS]
