000
CXUS54 KFWD 250730
CF6RPH
PRELIMINARY LOCAL CLIMATOLOGICAL DATA (WS FORM: F-6)

                                          STATION:   GRAHAM
                                          MONTH:     NOVEMBER
                                          YEAR:      2014
                                          LATITUDE:   33  6 N
                                          LONGITUDE:  98 30 W

  TEMPERATURE IN F:       :PCPN:    SNOW:  WIND      :SUNSHINE: SKY     :PK WND
================================================================================
1   2   3   4   5  6A  6B    7    8   9   10  11  12  13   14  15   16   17  18
                                     12Z  AVG MX 2MIN
DY MAX MIN AVG DEP HDD CDD  WTR  SNW DPTH SPD SPD DIR MIN PSBL S-S WX    SPD DR
================================================================================

 1  64  33  49 -10  16   0 0.00  0.0    0  6.9 12 140   M    M   0        18 130
 2  72  49  61   3   4   0 0.00  0.0    0 11.3 18 150   M    M   1        28 150
 3  73  57  65   7   0   0 0.00  0.0    0 10.7 18 130   M    M   6        23 130
 4  70  49  60   2   5   0 0.35  0.0    0  9.1 18  10   M    M  10        33  10
 5  58  48  53  -4  12   0 0.00  0.0    0  3.0  8 330   M    M   6         M  M
 6  71  38  55  -2  10   0 0.00  0.0    0  2.3  8  10   M    M   0        18  10
 7  72  39  56  -1   9   0 0.00  0.0    0  4.8 15 200   M    M   0        20 200
 8  68  40  54  -2  11   0 0.00  0.0    0  5.8 20 360   M    M   0        31  10
 9  78  36  57   1   8   0 0.00  0.0    0  6.1 16 210   M    M   0 8      22 200
10  84  56  70  15   0   5 0.00  0.0    0 11.0 22 210   M    M   0        30 210
11  49  33  41 -14  24   0 0.00  0.0    0 14.9 23 330   M    M   2        31 320
12  36  27  32 -22  33   0 0.00  0.0    0 15.1 20 350   M    M   6        25 340
13  37  23  30 -24  35   0 0.00  0.0    0 10.0 20 350   M    M   5        27 350
14  42  21  32 -22  33   0 0.00  0.0    0  3.2  7 140   M    M   5         M  M
15  57  30  44  -9  21   0 0.00  0.0    0  9.3 16 140   M    M   1        24 140
16  47  24  36 -17  29   0 0.01    M    0 11.2 18 350   M    M  10 1      25 350
17  43  20  32 -20  33   0 0.00  0.0    M  5.2 14 340   M    M   0        21 340
18  58  19  39 -13  26   0 0.00  0.0    0  5.3 16 210   M    M   0        20 220
19  64  36  50  -2  15   0 0.00  0.0    0  4.4 12 260   M    M   0         M  M
20  71  33  52   1  13   0 0.00  0.0    0  4.3  9 170   M    M   0         M  M
21  75  52  64  13   1   0 0.00  0.0    0  5.7 10 120   M    M   6        17 110
22  68  53  61  11   4   0 0.16  0.0    0  7.2 14 300   M    M   8        24 300
23  74  44  59   9   6   0 0.00  0.0    0 11.2 28 300   M    M   1 1      37 270
24  60  33  47  -2  18   0 0.00  0.0    0  3.8 10 260   M    M   0         M  M
================================================================================
SM 1491  893       366   5  0.52     0.0 181.8          M       67
================================================================================
AV 62.1 37.2                               7.6 FASTST   M    M   3    MAX(MPH)
                                 MISC ---->    28   M                 37    M
================================================================================
NOTES:
# LAST OF SEVERAL OCCURRENCES

COLUMN 17 PEAK WIND IN M.P.H.

PRELIMINARY LOCAL CLIMATOLOGICAL DATA (WS FORM: F-6) , PAGE 2

                                          STATION:  GRAHAM
                                          MONTH:    NOVEMBER
                                          YEAR:     2014
                                          LATITUDE:   33  6 N
                                          LONGITUDE:  98 30 W

[TEMPERATURE DATA]      [PRECIPITATION DATA]       SYMBOLS USED IN COLUMN 16

AVERAGE MONTHLY: 49.7   TOTAL FOR MONTH:   0.52    1 = FOG OR MIST
DPTR FM NORMAL:  -4.5   DPTR FM NORMAL:   -1.06    2 = FOG REDUCING VISIBILITY
HIGHEST:    84 ON 10    GRTST 24HR  0.35 ON  4- 4      TO 1/4 MILE OR LESS
LOWEST:     19 ON 18                               3 = THUNDER
                        SNOW, ICE PELLETS, HAIL    4 = ICE PELLETS
                        TOTAL MONTH:   0.0 INCH    5 = HAIL
                        GRTST 24HR     0.0         6 = FREEZING RAIN OR DRIZZLE
                        GRTST DEPTH:   0           7 = DUSTSTORM OR SANDSTORM:
                                                       VSBY 1/2 MILE OR LESS
                                                   8 = SMOKE OR HAZE
[NO. OF DAYS WITH]      [WEATHER - DAYS WITH]      9 = BLOWING SNOW
                                                   X = TORNADO
MAX 32 OR BELOW:   0    0.01 INCH OR MORE:   3
MAX 90 OR ABOVE:   0    0.10 INCH OR MORE:   2
MIN 32 OR BELOW:   7    0.50 INCH OR MORE:   0
MIN  0 OR BELOW:   0    1.00 INCH OR MORE:   0

[HDD (BASE 65) ]
TOTAL THIS MO.   366    CLEAR  (SCALE 0-3)  15
DPTR FM NORMAL    98    PTCLDY (SCALE 4-7)   7
TOTAL FM JUL 1   399    CLOUDY (SCALE 8-10)  2
DPTR FM NORMAL    -4

[CDD (BASE 65) ]
TOTAL THIS MO.     5
DPTR FM NORMAL    -4    [PRESSURE DATA]
TOTAL FM JAN 1  2416    HIGHEST SLP M ON M
DPTR FM NORMAL   119    LOWEST  SLP M ON M

[REMARKS]
