000
CXUS54 KLZK 011430
CF6RUE
PRELIMINARY LOCAL CLIMATOLOGICAL DATA (WS FORM: F-6)

                                          STATION:   Russellville
                                          MONTH:     FEBRUARY
                                          YEAR:      2015
                                          LATITUDE:   35 15 N
                                          LONGITUDE:  93  6 W

  TEMPERATURE IN F:       :PCPN:    SNOW:  WIND      :SUNSHINE: SKY     :PK WND
================================================================================
1   2   3   4   5  6A  6B    7    8   9   10  11  12  13   14  15   16   17  18
                                     12Z  AVG MX 2MIN
DY MAX MIN AVG DEP HDD CDD  WTR  SNW DPTH SPD SPD DIR MIN PSBL S-S WX    SPD DR
================================================================================

 1  51  28  40  -1  25   0 0.36    M    0 11.6 30 280   M    M  10 1      43 290
 2  38  22  30 -11  35   0 0.00  0.0    0  6.6 23 300   M    M   4        32 290
 3  57  20  39  -2  26   0 0.00  0.0    0  2.7 10 180   M    M   0        15 170
 4  58  32  45   3  20   0 0.01  0.0    0  4.4 22 350   M    M   6        29 360
 5  41  25  33  -9  32   0 0.00  0.0    0  5.4 16  40   M    M   2        22  30
 6  57  25  41  -1  24   0 0.00  0.0    0  4.2 12 170   M    M   2        18 230
 7  65  31  48   6  17   0 0.00  0.0    0  4.3 17 190   M    M   0 1      24 190
 8  69  40  55  13  10   0 0.00  0.0    0  3.4 12 290   M    M   1 1      17 220
 9  68  35  52  10  13   0 0.00  0.0    0  5.4 14  40   M    M   0 1      18 330
10  52  33  43   0  22   0 0.00  0.0    0  5.1 12 150   M    M   1        15 110
11  66  30  48   5  17   0 0.00  0.0    0  3.8 14 360   M    M   0 1      18 360
12  46  32  39  -4  26   0 0.00  0.0    0  7.2 16  40   M    M   0        22 340
13  50  28  39  -5  26   0 0.00  0.0    0  2.5  9 100   M    M   0 8      12 150
14  71  26  49   5  16   0 0.00  0.0    0  5.5 21 270   M    M   0 18     26 280
15  43  24  34 -10  31   0 0.01    M    0 10.4 20  70   M    M   4 6      25  50
16  30  21  26 -18  39   0    M    M    0  6.9 15 330   M    M   7 168    20 330
17  41  17  29 -16  36   0    T    M    0  3.5 14 290   M    M   3 1      19 290
18  40  23  32 -13  33   0 0.00  0.0    0 12.5 24 270   M    M   2        30 270
19  33  18  26 -19  39   0 0.00  0.0    0  6.4 13 110   M    M   5        20 110
20  33  24  29 -17  36   0 0.03  0.0    0  7.4 12 100   M    M  10 16     17 100
21  51  30  41  -5  24   0 0.19    M    0  4.1 13  20   M    M   6 13     17  30
22  42  27  35 -11  30   0    T    M    0  6.4 17  20   M    M   7 1      22  20
23  31  22  27 -19  38   0    T    M    0  6.9 15  20   M    M  10 18     20  30
24  39  23  31 -16  34   0 0.00  0.0    0  5.7 14 290   M    M   6        17 310
25  43  26  35 -12  30   0 0.00  0.0    0  2.0  9 220   M    M   0        12 160
26  39  25  32 -15  33   0 0.00  0.0    0  8.2 18 330   M    M   4 1      24 320
27  30  18  24 -24  41   0    T    T    0  6.3 14  70   M    M   5 8      19  60
28  33  23  28 -20  37   0 0.03    T    0  4.7 12 100   M    M  10 168    16 100
================================================================================
SM 1317  728       790   0  0.63    T    163.5          M      105
================================================================================
AV 47.0 26.0                               5.8 FASTST   M    M   4    MAX(MPH)
                                 MISC ---->  # 30 280               # 43  290
================================================================================
NOTES:
# LAST OF SEVERAL OCCURRENCES

COLUMN 17 PEAK WIND IN M.P.H.

PRELIMINARY LOCAL CLIMATOLOGICAL DATA (WS FORM: F-6) , PAGE 2

                                          STATION:  Russellville
                                          MONTH:    FEBRUARY
                                          YEAR:     2015
                                          LATITUDE:   35 15 N
                                          LONGITUDE:  93  6 W

[TEMPERATURE DATA]      [PRECIPITATION DATA]       SYMBOLS USED IN COLUMN 16

AVERAGE MONTHLY: 36.5   TOTAL FOR MONTH:   0.63    1 = FOG OR MIST
DPTR FM NORMAL:  -7.7   DPTR FM NORMAL:   -3.09    2 = FOG REDUCING VISIBILITY
HIGHEST:    71 ON 14    GRTST 24HR  0.36 ON  1- 1      TO 1/4 MILE OR LESS
LOWEST:     17 ON 17                               3 = THUNDER
                        SNOW, ICE PELLETS, HAIL    4 = ICE PELLETS
                        TOTAL MONTH:    T          5 = HAIL
                        GRTST 24HR    T  ON 28-28  6 = FREEZING RAIN OR DRIZZLE
                        GRTST DEPTH:   0           7 = DUSTSTORM OR SANDSTORM:
                                                       VSBY 1/2 MILE OR LESS
                                                   8 = SMOKE OR HAZE
[NO. OF DAYS WITH]      [WEATHER - DAYS WITH]      9 = BLOWING SNOW
                                                   X = TORNADO
MAX 32 OR BELOW:   3    0.01 INCH OR MORE:   6
MAX 90 OR ABOVE:   0    0.10 INCH OR MORE:   2
MIN 32 OR BELOW:  25    0.50 INCH OR MORE:   0
MIN  0 OR BELOW:   0    1.00 INCH OR MORE:   0

[HDD (BASE 65) ]
TOTAL THIS MO.   790    CLEAR  (SCALE 0-3)  14
DPTR FM NORMAL   205    PTCLDY (SCALE 4-7)  10
TOTAL FM JUL 1  2917    CLOUDY (SCALE 8-10)  4
DPTR FM NORMAL   230

[CDD (BASE 65) ]
TOTAL THIS MO.     0
DPTR FM NORMAL    -1    [PRESSURE DATA]
TOTAL FM JAN 1     0    HIGHEST SLP 30.67 ON 23
DPTR FM NORMAL    -2    LOWEST  SLP 29.74 ON 21

[REMARKS]
#FINAL-02-15#
