000
CXUS54 KLZK 211430
CF6RUE
PRELIMINARY LOCAL CLIMATOLOGICAL DATA (WS FORM: F-6)

                                          STATION:   Russellville
                                          MONTH:     NOVEMBER
                                          YEAR:      2014
                                          LATITUDE:   35 15 N
                                          LONGITUDE:  93  6 W

  TEMPERATURE IN F:       :PCPN:    SNOW:  WIND      :SUNSHINE: SKY     :PK WND
================================================================================
1   2   3   4   5  6A  6B    7    8   9   10  11  12  13   14  15   16   17  18
                                     12Z  AVG MX 2MIN
DY MAX MIN AVG DEP HDD CDD  WTR  SNW DPTH SPD SPD DIR MIN PSBL S-S WX    SPD DR
================================================================================

 1  55  28  42 -15  23   0 0.00  0.0    0  0.9  7 200   M    M   0        11 150
 2  62  37  50  -7  15   0 0.00  0.0    0  2.3  9 160   M    M   3        16 150
 3  72  43  58   2   7   0 0.00  0.0    0  3.8 13 200   M    M   1        19 200
 4  63  55  59   3   6   0 0.97  0.0    0  2.4 12  20   M    M  10 1      14  20
 5  56  52  54  -2  11   0 0.12  0.0    0  1.2 13 300   M    M   9 1      16 280
 6  69  39  54  -1  11   0 0.00  0.0    0  6.5 23 340   M    M   1 1      29 350
 7  61  32  47  -8  18   0 0.00  0.0    0  1.3  8 240   M    M   0        12 210
 8  67  39  53  -1  12   0 0.00  0.0    0  3.3 14 320   M    M   0        20 320
 9  65  33  49  -5  16   0 0.00  0.0    0  1.1  8 200   M    M   1 12     12 190
10  74  42  58   4   7   0 0.00  0.0    0  3.9 15 190   M    M   0        25 190
11  63  35  49  -4  16   0 0.00  0.0    0  7.8 18 290   M    M   5        25 290
12  47  29  38 -15  27   0 0.00  0.0    0  8.2 17  20   M    M   4        22  10
13  42  24  33 -19  32   0 0.00  0.0    0  7.3 14 360   M    M   4        20 350
14  40  21  31 -21  34   0 0.00  0.0    0  1.5  7 110   M    M   1        11  70
15  43  24  34 -18  31   0    T  0.0    0  2.0  9 180   M    M   5 18     15  70
16  42  33  38 -13  27   0 0.15    M    0  4.7 14  10   M    M  10 18     18 360
17  39  21  30 -21  35   0 0.00  0.0    0  9.0 23 280   M    M   1        28 280
18  46  16  31 -19  34   0 0.00  0.0    0  1.2 10 230   M    M   0        16 180
19  60  27  44  -6  21   0 0.00  0.0    0  3.5 13 290   M    M   0        20 210
20  56  26  41  -9  24   0 0.00  0.0    0  3.5 10  90   M    M   2        17  70
================================================================================
SM 1122  656       407   0  1.24     0.0  75.4          M       57
================================================================================
AV 56.1 32.8                               3.8 FASTST   M    M   3    MAX(MPH)
                                 MISC ---->  # 23 340               # 29  350
================================================================================
NOTES:
# LAST OF SEVERAL OCCURRENCES

COLUMN 17 PEAK WIND IN M.P.H.

PRELIMINARY LOCAL CLIMATOLOGICAL DATA (WS FORM: F-6) , PAGE 2

                                          STATION:  Russellville
                                          MONTH:    NOVEMBER
                                          YEAR:     2014
                                          LATITUDE:   35 15 N
                                          LONGITUDE:  93  6 W

[TEMPERATURE DATA]      [PRECIPITATION DATA]       SYMBOLS USED IN COLUMN 16

AVERAGE MONTHLY: 44.4   TOTAL FOR MONTH:   1.24    1 = FOG OR MIST
DPTR FM NORMAL:  -9.0   DPTR FM NORMAL:   -1.97    2 = FOG REDUCING VISIBILITY
HIGHEST:    74 ON 10    GRTST 24HR  0.97 ON  4- 4      TO 1/4 MILE OR LESS
LOWEST:     16 ON 18                               3 = THUNDER
                        SNOW, ICE PELLETS, HAIL    4 = ICE PELLETS
                        TOTAL MONTH:   0.0 INCH    5 = HAIL
                        GRTST 24HR     0.0         6 = FREEZING RAIN OR DRIZZLE
                        GRTST DEPTH:   0           7 = DUSTSTORM OR SANDSTORM:
                                                       VSBY 1/2 MILE OR LESS
                                                   8 = SMOKE OR HAZE
[NO. OF DAYS WITH]      [WEATHER - DAYS WITH]      9 = BLOWING SNOW
                                                   X = TORNADO
MAX 32 OR BELOW:   0    0.01 INCH OR MORE:   3
MAX 90 OR ABOVE:   0    0.10 INCH OR MORE:   3
MIN 32 OR BELOW:  10    0.50 INCH OR MORE:   1
MIN  0 OR BELOW:   0    1.00 INCH OR MORE:   0

[HDD (BASE 65) ]
TOTAL THIS MO.   407    CLEAR  (SCALE 0-3)  13
DPTR FM NORMAL   170    PTCLDY (SCALE 4-7)   4
TOTAL FM JUL 1   517    CLOUDY (SCALE 8-10)  3
DPTR FM NORMAL   111

[CDD (BASE 65) ]
TOTAL THIS MO.     0
DPTR FM NORMAL    -3    [PRESSURE DATA]
TOTAL FM JAN 1  1825    HIGHEST SLP M ON M
DPTR FM NORMAL  -136    LOWEST  SLP 29.61 ON 10

[REMARKS]
