000
CXUS54 KTSA 260840
CF6RVS
PRELIMINARY LOCAL CLIMATOLOGICAL DATA (WS FORM: F-6)

                                          STATION:   TULSA-RIVERSIDE  OKLAHOMA
                                          MONTH:     MARCH
                                          YEAR:      2015
                                          LATITUDE:   36  2 N
                                          LONGITUDE:  95 59 W

  TEMPERATURE IN F:       :PCPN:    SNOW:  WIND      :SUNSHINE: SKY     :PK WND
================================================================================
1   2   3   4   5  6A  6B    7    8   9   10  11  12  13   14  15   16   17  18
                                     12Z  AVG MX 2MIN
DY MAX MIN AVG DEP HDD CDD  WTR  SNW DPTH SPD SPD DIR MIN PSBL S-S WX    SPD DR
================================================================================

 1  33  28  31 -15  34   0 0.00  0.0    0  4.2  9  20   M    M  10 1      13  20
 2  36  26  31 -15  34   0 0.00  0.0    0  5.2 12 180   M    M   7 18     16 170
 3  60  36  48   2  17   0 0.00  0.0    0  8.3 17 180   M    M   8 1      23 190
 4  45  25  35 -12  30   0 0.03    M    0 13.3 23  20   M    M  10 16     36  10
 5  46  13  30 -17  35   0 0.00  0.0    0  2.3  9 180   M    M   0        14 170
 6  58  20  39  -8  26   0 0.00  0.0    0  6.5 17 190   M    M   0        29 190
 7  69  28  49   1  16   0 0.00  0.0    0  6.8 14 180   M    M   0        20 180
 8  58  38  48   0  17   0 0.00  0.0    0  5.9 14 180   M    M   8        18 180
 9  50  40  45  -3  20   0 0.30    M    0  3.6  9  80   M    M   9 1      12  80
10  68  43  56   7   9   0 0.00  0.0    0  3.3 12  30   M    M   5 1      18  30
11  75  36  56   7   9   0 0.00  0.0    0  1.3  9 140   M    M   2 12     13 130
12  72  40  56   7   9   0 0.00  0.0    0  3.2 12  80   M    M   1        16  80
13  57  54  56   6   9   0 0.86  0.0    0  8.6 17  10   M    M  10 1      27 360
14  64  48  56   6   9   0    T    M    0  9.1 18  20   M    M   5        29  30
15  73  39  56   6   9   0 0.00  0.0    0  2.7 10 190   M    M   0 1      14 190
16  79  44  62  11   3   0 0.00  0.0    0  6.3 18 190   M    M   0 1      24 200
17  63  50  57   6   8   0    T  0.0    0 10.2 24  30   M    M   0        33  30
18  55  49  52   1  13   0 0.38    M    0  5.1  9 110   M    M  10 1      12  80
19  54  47  51  -1  14   0 0.43    M    0  5.1 10  30   M    M  10 18     14  10
20  61  41  51  -1  14   0    T    M    0  2.3 10  30   M    M   2 1      13  30
21  66  42  54   2  11   0 0.00  0.0    0  1.6  7 130   M    M   0 1       9 180
22  69  49  59   6   6   0    T    M    0  4.0 13 120   M    M   4        17 130
23  78  44  61   8   4   0 0.00  0.0    0  5.6 14 170   M    M   1 12     19 170
24  83  49  66  13   0   1    T    M    0  9.1 23 200   M    M   0        31 190
25  79  45  62   8   3   0 1.73    M    0  7.2 25  10   M    M   5 13     37  10
================================================================================
SM 1551  974       359   1  3.73     0.0 140.8          M      107
================================================================================
AV 62.0 39.0                               5.6 FASTST   M    M   4    MAX(MPH)
                                 MISC ---->  # 25  10               # 37   10
================================================================================
NOTES:
# LAST OF SEVERAL OCCURRENCES

COLUMN 17 PEAK WIND IN M.P.H.

PRELIMINARY LOCAL CLIMATOLOGICAL DATA (WS FORM: F-6) , PAGE 2

                                          STATION:  TULSA-RIVERSIDE  OKLAHOMA
                                          MONTH:    MARCH
                                          YEAR:     2015
                                          LATITUDE:   36  2 N
                                          LONGITUDE:  95 59 W

[TEMPERATURE DATA]      [PRECIPITATION DATA]       SYMBOLS USED IN COLUMN 16

AVERAGE MONTHLY: 50.5   TOTAL FOR MONTH:   3.73    1 = FOG OR MIST
DPTR FM NORMAL:   0.8   DPTR FM NORMAL:    1.06    2 = FOG REDUCING VISIBILITY
HIGHEST:    83 ON 24    GRTST 24HR  1.73 ON 25-25      TO 1/4 MILE OR LESS
LOWEST:     13 ON  5                               3 = THUNDER
                        SNOW, ICE PELLETS, HAIL    4 = ICE PELLETS
                        TOTAL MONTH:   0.0 INCH    5 = HAIL
                        GRTST 24HR     0.0         6 = FREEZING RAIN OR DRIZZLE
                        GRTST DEPTH:   0           7 = DUSTSTORM OR SANDSTORM:
                                                       VSBY 1/2 MILE OR LESS
                                                   8 = SMOKE OR HAZE
[NO. OF DAYS WITH]      [WEATHER - DAYS WITH]      9 = BLOWING SNOW
                                                   X = TORNADO
MAX 32 OR BELOW:   0    0.01 INCH OR MORE:   6
MAX 90 OR ABOVE:   0    0.10 INCH OR MORE:   5
MIN 32 OR BELOW:   6    0.50 INCH OR MORE:   2
MIN  0 OR BELOW:   0    1.00 INCH OR MORE:   1

[HDD (BASE 65) ]
TOTAL THIS MO.   359    CLEAR  (SCALE 0-3)  12
DPTR FM NORMAL   -29    PTCLDY (SCALE 4-7)   7
TOTAL FM JUL 1  3430    CLOUDY (SCALE 8-10)  6
DPTR FM NORMAL    43

[CDD (BASE 65) ]
TOTAL THIS MO.     1
DPTR FM NORMAL     1    [PRESSURE DATA]
TOTAL FM JAN 1     1    HIGHEST SLP M ON M
DPTR FM NORMAL     0    LOWEST  SLP 29.68 ON 24

[REMARKS]
