000
CXUS54 KTSA 300840
CF6RVS
PRELIMINARY LOCAL CLIMATOLOGICAL DATA (WS FORM: F-6)

                                          STATION:   TULSA-RIVERSIDE  OKLAHOMA
                                          MONTH:     JULY
                                          YEAR:      2016
                                          LATITUDE:   36  2 N
                                          LONGITUDE:  95 59 W

  TEMPERATURE IN F:       :PCPN:    SNOW:  WIND      :SUNSHINE: SKY     :PK WND
================================================================================
1   2   3   4   5  6A  6B    7    8   9   10  11  12  13   14  15   16   17  18
                                     12Z  AVG MX 2MIN
DY MAX MIN AVG DEP HDD CDD  WTR  SNW DPTH SPD SPD DIR MIN PSBL S-S WX    SPD DR
================================================================================

 1  86  73  80   0   0  15 0.04  0.0    0  2.2 12  60   M    M   4 1      15  70
 2  98  74  86   6   0  21 0.00  0.0    0  8.3 17 190   M    M   2        23 180
 3  92  70  81   1   0  16 0.92  0.0    0  7.1 23 200   M    M   6 13     29 200
 4  93  71  82   1   0  17 0.00  0.0    0  4.1 10 190   M    M   5        14 210
 5  97  76  87   6   0  22 0.00  0.0    0  8.6 17 190   M    M   0 1      23 160
 6  97  80  89   8   0  24 0.01  0.0    0 10.6 20 190   M    M   0 8      28 190
 7  96  81  89   8   0  24 0.00  0.0    0 12.6 23 190   M    M   0        30 180
 8  87  71  79  -2   0  14 0.13  0.0    0  5.4 16 180   M    M   3 13     21 260
 9  91  75  83   2   0  18    T  0.0    0  7.0 16 160   M    M   2 3      22 180
10  96  71  84   2   0  19 0.00  0.0    0  8.1 16 180   M    M   0 1      21 180
11  95  75  85   3   0  20 0.00  0.0    0 11.9 23 170   M    M   1        33 180
12  94  77  86   4   0  21 0.24  0.0    0 11.1 22 200   M    M   0 3      32 170
13  98  78  88   6   0  23 0.00  0.0    0 10.6 23 190   M    M   1 3      31 190
14  92  67  80  -2   0  15 2.16  0.0    0  8.9 35 360   M    M   3 13     53 360
15  89  70  80  -2   0  15    T  0.0    0  5.6 16 180   M    M   1 3      24 130
16  93  72  83   1   0  18 0.01  0.0    0  6.0 14 180   M    M   3 3      18 190
17  96  76  86   4   0  21 0.00  0.0    0  8.7 18 170   M    M   0        25 160
18  96  72  84   2   0  19 0.00  0.0    0  4.5 13 180   M    M   0        19 150
19  96  76  86   4   0  21 0.00  0.0    0  4.4 10 170   M    M   1        15 160
20  98  76  87   5   0  22 0.00  0.0    0  6.3 14 200   M    M   0 1      19 190
21  99  74  87   5   0  22 0.00  0.0    0  5.5 17 200   M    M   0        22 190
22 100  73  87   5   0  22 0.00  0.0    0  4.2 15 170   M    M   0        20 180
23 101  74  88   6   0  23 0.00  0.0    0  5.5 17 180   M    M   0        22 190
24 101  77  89   6   0  24 0.00  0.0    0  5.1 13 200   M    M   0        17 200
25  92  79  86   3   0  21 0.00  0.0    0  7.8 17  60   M    M   2        26  10
26  94  77  86   3   0  21 0.00  0.0    0  3.3 22 150   M    M   2 3      29 150
27  95  74  85   2   0  20 0.05  0.0    0  2.9 13  80   M    M   2 13     20 280
28  97  71  84   1   0  19 0.95  0.0    0  3.4 36  30   M    M   1 13     46  20
29  91  70  81  -2   0  16    T  0.0    0  3.0 12  40   M    M   1 3      17 220
================================================================================
SM 2750 2150         0 573  4.51     0.0 192.7          M       40
================================================================================
AV 94.8 74.1                               6.6 FASTST   M    M   1    MAX(MPH)
                                 MISC ---->  # 36  30               # 53  360
================================================================================
NOTES:
# LAST OF SEVERAL OCCURRENCES

COLUMN 17 PEAK WIND IN M.P.H.

PRELIMINARY LOCAL CLIMATOLOGICAL DATA (WS FORM: F-6) , PAGE 2

                                          STATION:  TULSA-RIVERSIDE  OKLAHOMA
                                          MONTH:    JULY
                                          YEAR:     2016
                                          LATITUDE:   36  2 N
                                          LONGITUDE:  95 59 W

[TEMPERATURE DATA]      [PRECIPITATION DATA]       SYMBOLS USED IN COLUMN 16

AVERAGE MONTHLY: 84.5   TOTAL FOR MONTH:   4.51    1 = FOG OR MIST
DPTR FM NORMAL:   2.7   DPTR FM NORMAL:    1.30    2 = FOG REDUCING VISIBILITY
HIGHEST:   101 ON 24,23 GRTST 24HR  2.16 ON 14-14      TO 1/4 MILE OR LESS
LOWEST:     67 ON 14                               3 = THUNDER
                        SNOW, ICE PELLETS, HAIL    4 = ICE PELLETS
                        TOTAL MONTH:   0.0 INCH    5 = HAIL
                        GRTST 24HR     0.0         6 = FREEZING RAIN OR DRIZZLE
                        GRTST DEPTH:   0           7 = DUSTSTORM OR SANDSTORM:
                                                       VSBY 1/2 MILE OR LESS
                                                   8 = SMOKE OR HAZE
[NO. OF DAYS WITH]      [WEATHER - DAYS WITH]      9 = BLOWING SNOW
                                                   X = TORNADO
MAX 32 OR BELOW:   0    0.01 INCH OR MORE:   9
MAX 90 OR ABOVE:  26    0.10 INCH OR MORE:   5
MIN 32 OR BELOW:   0    0.50 INCH OR MORE:   3
MIN  0 OR BELOW:   0    1.00 INCH OR MORE:   1

[HDD (BASE 65) ]
TOTAL THIS MO.     0    CLEAR  (SCALE 0-3)  25
DPTR FM NORMAL     0    PTCLDY (SCALE 4-7)   4
TOTAL FM JUL 1     0    CLOUDY (SCALE 8-10)  0
DPTR FM NORMAL     0

[CDD (BASE 65) ]
TOTAL THIS MO.   573
DPTR FM NORMAL    85    [PRESSURE DATA]
TOTAL FM JAN 1  1271    HIGHEST SLP M ON M
DPTR FM NORMAL   223    LOWEST  SLP 29.79 ON  3

[REMARKS]
