098
CXUS54 KTSA 221903
CF6RVS
PRELIMINARY LOCAL CLIMATOLOGICAL DATA (WS FORM: F-6)

                                          STATION:   TULSA-RIVERSIDE  OKLAHOMA
                                          MONTH:     FEBRUARY
                                          YEAR:      2017
                                          LATITUDE:   36  2 N
                                          LONGITUDE:  95 59 W

  TEMPERATURE IN F:       :PCPN:    SNOW:  WIND      :SUNSHINE: SKY     :PK WND
================================================================================
1   2   3   4   5  6A  6B    7    8   9   10  11  12  13   14  15   16   17  18
                                     12Z  AVG MX 2MIN
DY MAX MIN AVG DEP HDD CDD  WTR  SNW DPTH SPD SPD DIR MIN PSBL S-S WX    SPD DR
================================================================================

 1  59  39  49  10  16   0 0.00  0.0    0 13.5 25  30   M    M   2        35  20
 2  42  31  37  -2  28   0 0.00  0.0    0 13.1 23  30   M    M  10        34  30
 3  43  29  36  -3  29   0 0.00  0.0    0  9.3 16  30   M    M   4        23  30
 4  49  23  36  -3  29   0 0.00  0.0    0  8.4 21 190   M    M   5        27 190
 5  65  26  46   7  19   0 0.00  0.0    0  3.4 14 130   M    M   3 128    20 120
 6  77  53  65  25   0   0 0.00  0.0    0 12.2 29 200   M    M   6 1      36 190
 7  76  46  61  21   4   0 0.00  0.0    0  3.6 17 200   M    M   0        24 200
 8  53  30  42   2  23   0 0.00  0.0    0 11.6 22  10   M    M   0        31  10
 9  50  22  36  -4  29   0 0.00  0.0    0  6.4 17  20   M    M   0        25  10
10  75  44  60  20   5   0 0.00  0.0    0 14.3 26 200   M    M   0        37 210
11  87  58  73  32   0   8 0.00  0.0    0 10.1 20 210   M    M   0        26 220
12  68  45  57  16   8   0 0.00  0.0    0 13.8 24  30   M    M   0        35  30
13  54  42  48   7  17   0 0.56  0.0    0  5.5 10  40   M    M   8 1      14  20
14  45  37  41   0  24   0 0.61  0.0    0  5.0 12  30   M    M   9 1      16  20
15  58  36  47   5  18   0 0.00  0.0    0  5.6 14  30   M    M   0        20  10
16  70  29  50   8  15   0 0.00  0.0    0  6.3 18 200   M    M   0        24 200
17  66  36  51   9  14   0 0.00  0.0    0  7.8 17 180   M    M   1        22 140
18  66  45  56  14   9   0 0.00  0.0    0  2.8  9 150   M    M   6 1      13 150
19  73  42  58  15   7   0    T  0.0    0  6.2 16 170   M    M   8 12     23 170
20  65  47  56  13   9   0 0.42  0.0    0  6.3 16 200   M    M   5 123    22 220
21  74  44  59  16   6   0 0.00  0.0    0  4.3 15  10   M    M   3 128    21 310
================================================================================
SM 1315  804       309   8  1.59     0.0 169.5          M       70
================================================================================
AV 62.6 38.3                               8.1 FASTST   M    M   3    MAX(MPH)
                                 MISC ---->  # 29 200               # 37  210
================================================================================
NOTES:
# LAST OF SEVERAL OCCURRENCES

COLUMN 17 PEAK WIND IN M.P.H.

PRELIMINARY LOCAL CLIMATOLOGICAL DATA (WS FORM: F-6) , PAGE 2

                                          STATION:  TULSA-RIVERSIDE  OKLAHOMA
                                          MONTH:    FEBRUARY
                                          YEAR:     2017
                                          LATITUDE:   36  2 N
                                          LONGITUDE:  95 59 W

[TEMPERATURE DATA]      [PRECIPITATION DATA]       SYMBOLS USED IN COLUMN 16

AVERAGE MONTHLY: 50.5   TOTAL FOR MONTH:   1.59    1 = FOG OR MIST
DPTR FM NORMAL:   9.7   DPTR FM NORMAL:   -0.17    2 = FOG REDUCING VISIBILITY
HIGHEST:    87 ON 11    GRTST 24HR  1.16 ON 13-14      TO 1/4 MILE OR LESS
LOWEST:     22 ON  9                               3 = THUNDER
                        SNOW, ICE PELLETS, HAIL    4 = ICE PELLETS
                        TOTAL MONTH:   0.0 INCH    5 = HAIL
                        GRTST 24HR     0.0         6 = FREEZING RAIN OR DRIZZLE
                        GRTST DEPTH:   0           7 = DUSTSTORM OR SANDSTORM:
                                                       VSBY 1/2 MILE OR LESS
                                                   8 = SMOKE OR HAZE
[NO. OF DAYS WITH]      [WEATHER - DAYS WITH]      9 = BLOWING SNOW
                                                   X = TORNADO
MAX 32 OR BELOW:   0    0.01 INCH OR MORE:   3
MAX 90 OR ABOVE:   0    0.10 INCH OR MORE:   3
MIN 32 OR BELOW:   7    0.50 INCH OR MORE:   2
MIN  0 OR BELOW:   0    1.00 INCH OR MORE:   0

[HDD (BASE 65) ]
TOTAL THIS MO.   309    CLEAR  (SCALE 0-3)  12
DPTR FM NORMAL  -200    PTCLDY (SCALE 4-7)   7
TOTAL FM JUL 1  2153    CLOUDY (SCALE 8-10)  2
DPTR FM NORMAL  -704

[CDD (BASE 65) ]
TOTAL THIS MO.     8
DPTR FM NORMAL     8    [PRESSURE DATA]
TOTAL FM JAN 1     8    HIGHEST SLP M ON M
DPTR FM NORMAL     8    LOWEST  SLP 29.47 ON  7

[REMARKS]
