000
CXUS53 KIWX 240800
CF6SBN
PRELIMINARY LOCAL CLIMATOLOGICAL DATA (WS FORM: F-6)

                                          STATION:   SOUTH BEND
                                          MONTH:     JULY
                                          YEAR:      2017
                                          LATITUDE:   41 42 N
                                          LONGITUDE:  86 19 W

  TEMPERATURE IN F:       :PCPN:    SNOW:  WIND      :SUNSHINE: SKY     :PK WND
================================================================================
1   2   3   4   5  6A  6B    7    8   9   10  11  12  13   14  15   16   17  18
                                     12Z  AVG MX 2MIN
DY MAX MIN AVG DEP HDD CDD  WTR  SNW DPTH SPD SPD DIR MIN PSBL S-S WX    SPD DR
================================================================================

 1  82  62  72  -1   0   7    T  0.0    0  7.5 18 280   M    M   3 1      24 260
 2  83  57  70  -3   0   5 0.21  0.0    0  6.9 25 310   M    M   0 13     34 350
 3  83  63  73   0   0   8 0.00  0.0    0  4.2 13  10   M    M   2        15  20
 4  82  66  74   1   0   9 0.93  0.0    0  7.7 14 120   M    M   4 13     18 130
 5  84  63  74   1   0   9 0.00  0.0    0  5.3 13 150   M    M   0        17 170
 6  88  62  75   2   0  10 0.00  0.0    0  4.5 15 350   M    M   0        24 230
 7  79  64  72  -1   0   7 0.18  0.0    0  7.7 21 340   M    M   3 13     26 330
 8  73  54  64  -9   1   0 0.00  0.0    0  8.0 17 320   M    M   1        32 310
 9  80  52  66  -7   0   1 0.00  0.0    0  6.8 14 220   M    M   0        18 220
10  79  67  73   0   0   8 0.29  0.0    0  7.0 18 110   M    M   5 13     23 300
11  85  70  78   5   0  13    T  0.0    0  7.3 20 250   M    M   5 1      23 250
12  79  70  75   2   0  10 0.30  0.0    0  7.5 21 200   M    M   3 13     26 210
13  85  67  76   3   0  11    T  0.0    0  8.1 18 230   M    M   2 3      25 220
14  74  60  67  -6   0   2 0.00  0.0    0  8.8 21 320   M    M   6 1      25 310
15  79  55  67  -6   0   2 0.00  0.0    0  4.1 12 300   M    M   1        14 130
16  78  59  69  -4   0   4 0.00  0.0    0  9.2 18 270   M    M   2        22 330
17  82  54  68  -5   0   3 0.00  0.0    0  3.3 14 310   M    M   1 1      16 310
18  86  59  73   0   0   8 0.00  0.0    0  2.8 13 250   M    M   0 1      16 240
19  87  65  76   3   0  11    T  0.0    0  5.1 15 270   M    M   1 3      21 290
20  87  68  78   5   0  13 0.35  0.0    0  7.2 16 260   M    M   5 13     23 230
21  87  66  77   4   0  12 0.49  0.0    0  4.7 29 220   M    M   2 13     37 210
22  83  69  76   3   0  11 0.47  0.0    0  7.2 17 200   M    M   4 13     23 300
23  86  67  77   4   0  12    T  0.0    0  6.0 17 320   M    M   4        22 300
================================================================================
SM 1891 1439         1 176  3.22     0.0 146.9          M       54
================================================================================
AV 82.2 62.6                               6.4 FASTST   M    M   2    MAX(MPH)
                                 MISC ---->  # 29 220               # 37  210
================================================================================
NOTES:
# LAST OF SEVERAL OCCURRENCES

COLUMN 17 PEAK WIND IN M.P.H.

PRELIMINARY LOCAL CLIMATOLOGICAL DATA (WS FORM: F-6) , PAGE 2

                                          STATION:  SOUTH BEND
                                          MONTH:    JULY
                                          YEAR:     2017
                                          LATITUDE:   41 42 N
                                          LONGITUDE:  86 19 W

[TEMPERATURE DATA]      [PRECIPITATION DATA]       SYMBOLS USED IN COLUMN 16

AVERAGE MONTHLY: 72.4   TOTAL FOR MONTH:   3.22    1 = FOG OR MIST
DPTR FM NORMAL:  -0.6   DPTR FM NORMAL:    0.27    2 = FOG REDUCING VISIBILITY
HIGHEST:    88 ON  6    GRTST 24HR  0.93 ON  4- 4      TO 1/4 MILE OR LESS
LOWEST:     52 ON  9                               3 = THUNDER
                        SNOW, ICE PELLETS, HAIL    4 = ICE PELLETS
                        TOTAL MONTH:   0.0 INCH    5 = HAIL
                        GRTST 24HR     0.0         6 = FREEZING RAIN OR DRIZZLE
                        GRTST DEPTH:   0           7 = DUSTSTORM OR SANDSTORM:
                                                       VSBY 1/2 MILE OR LESS
                                                   8 = SMOKE OR HAZE
[NO. OF DAYS WITH]      [WEATHER - DAYS WITH]      9 = BLOWING SNOW
                                                   X = TORNADO
MAX 32 OR BELOW:   0    0.01 INCH OR MORE:   8
MAX 90 OR ABOVE:   0    0.10 INCH OR MORE:   8
MIN 32 OR BELOW:   0    0.50 INCH OR MORE:   1
MIN  0 OR BELOW:   0    1.00 INCH OR MORE:   0

[HDD (BASE 65) ]
TOTAL THIS MO.     1    CLEAR  (SCALE 0-3)  16
DPTR FM NORMAL     1    PTCLDY (SCALE 4-7)   7
TOTAL FM JUL 1     1    CLOUDY (SCALE 8-10)  0
DPTR FM NORMAL     1

[CDD (BASE 65) ]
TOTAL THIS MO.   176
DPTR FM NORMAL    -8    [PRESSURE DATA]
TOTAL FM JAN 1   389    HIGHEST SLP M ON M
DPTR FM NORMAL   -16    LOWEST  SLP 29.74 ON 23

[REMARKS]
