000
CXUS55 KLOX 301155
CF6SBP
PRELIMINARY LOCAL CLIMATOLOGICAL DATA (WS FORM: F-6)

                                          STATION:   SAN LUIS OBISPO AIRPORT CA
                                          MONTH:     JUNE
                                          YEAR:      2015
                                          LATITUDE:   35 13 N
                                          LONGITUDE: 120 38 W

  TEMPERATURE IN F:       :PCPN:    SNOW:  WIND      :SUNSHINE: SKY     :PK WND
================================================================================
1   2   3   4   5  6A  6B    7    8   9   10  11  12  13   14  15   16   17  18
                                     12Z  AVG MX 2MIN
DY MAX MIN AVG DEP HDD CDD  WTR  SNW DPTH SPD SPD DIR MIN PSBL S-S WX    SPD DR
================================================================================

 1  73  47  60  -2   5   0 0.00  0.0    0 10.5 23 320   M    M   2        27 310
 2  75  53  64   2   1   0 0.00  0.0    0 11.6 28 320   M    M   4 1      32 320
 3  73  52  63   1   2   0 0.00  0.0    0  8.2 25 320   M    M   6 1      30 310
 4  66  54  60  -2   5   0 0.00  0.0    0  6.4 18 310   M    M  10        22 310
 5  70  53  62   0   3   0 0.00  0.0    0  5.8 15 310   M    M   5 1       M  M
 6  72  54  63   1   2   0 0.00  0.0    0  7.0 16 310   M    M   5        19 320
 7  78  53  66   4   0   1 0.00  0.0    0  7.5 21 320   M    M   4 1      24 320
 8  83  52  68   6   0   3 0.00  0.0    0  4.7 13 310   M    M   2 12     16 320
 9  80  53  67   5   0   2 0.01  0.0    M  5.8 26 320   M    M   7 1      33 310
10  81  58  70   8   0   5 0.00  0.0    0  5.1 16 210   M    M   4        20 220
11  75  57  66   4   0   1 0.00  0.0    0  7.7 18 310   M    M   4 1      23 330
12  78  56  67   4   0   2 0.00  0.0    0  5.1 13 310   M    M   3        16 310
13  75  56  66   3   0   1 0.00  0.0    0  4.6 13 320   M    M   6 1       M  M
14  76  57  67   4   0   2 0.00  0.0    0  7.1 20 310   M    M   6 1      23 320
15  76  54  65   2   0   0 0.00  0.0    0  9.2 23 320   M    M   4         M  M
16  77  52  65   2   0   0 0.00  0.0    0  9.8 25 310   M    M   4 1      29 310
17  79  51  65   2   0   0 0.00  0.0    0  6.0 16 300   M    M   3 1      28 310
18  78  51  65   2   0   0 0.00  0.0    0  7.1 21 310   M    M   4 18     24 320
19  74  52  63   0   2   0 0.00  0.0    0 11.7 29 320   M    M   0        33 320
20  86  52  69   5   0   4 0.00  0.0    0  9.5 23 310   M    M   1 1       M  M
21  74  50  62  -2   3   0 0.00  0.0    0  8.6 23 310   M    M   4 1       M  M
22  72  51  62  -2   3   0 0.00  0.0    0 10.9 25 300   M    M   3        31 300
23  75  48  62  -2   3   0 0.00  0.0    0  9.0 25 320   M    M   2 12     28 310
24  72  51  62  -2   3   0 0.00  0.0    0  8.7 21 300   M    M   0 1      24 330
25  82  52  67   3   0   2 0.00  0.0    0  3.9 12 260   M    M   3 1       M  M
26  74  54  64   0   1   0 0.00  0.0    0  3.5 10 210   M    M   3 18     14 220
27  78  53  66   2   0   1 0.00  0.0    0  7.3 18 300   M    M   4        21 310
28  74  58  66   2   0   1 0.00  0.0    0 12.7 23 310   M    M   4 1      27 330
29  79  57  68   4   0   3 0.00  0.0    0 10.5 18 310   M    M   2        28 350
================================================================================
SM 2205 1541        33  28  0.01     0.0 225.5          M      109
================================================================================
AV 76.0 53.1                               7.8 FASTST   M    M   4    MAX(MPH)
                                 MISC ---->  # 29 320                 33    M
================================================================================
NOTES:
# LAST OF SEVERAL OCCURRENCES

COLUMN 17 PEAK WIND IN M.P.H.

PRELIMINARY LOCAL CLIMATOLOGICAL DATA (WS FORM: F-6) , PAGE 2

                                          STATION:  SAN LUIS OBISPO AIRPORT CA
                                          MONTH:    JUNE
                                          YEAR:     2015
                                          LATITUDE:   35 13 N
                                          LONGITUDE: 120 38 W

[TEMPERATURE DATA]      [PRECIPITATION DATA]       SYMBOLS USED IN COLUMN 16

AVERAGE MONTHLY: 64.6   TOTAL FOR MONTH:   0.01    1 = FOG OR MIST
DPTR FM NORMAL:   1.6   DPTR FM NORMAL:   -0.06    2 = FOG REDUCING VISIBILITY
HIGHEST:    86 ON 20    GRTST 24HR  0.01 ON  9- 9      TO 1/4 MILE OR LESS
LOWEST:     47 ON  1                               3 = THUNDER
                        SNOW, ICE PELLETS, HAIL    4 = ICE PELLETS
                        TOTAL MONTH:   0.0 INCH    5 = HAIL
                        GRTST 24HR     0.0         6 = FREEZING RAIN OR DRIZZLE
                        GRTST DEPTH:   0           7 = DUSTSTORM OR SANDSTORM:
                                                       VSBY 1/2 MILE OR LESS
                                                   8 = SMOKE OR HAZE
[NO. OF DAYS WITH]      [WEATHER - DAYS WITH]      9 = BLOWING SNOW
                                                   X = TORNADO
MAX 32 OR BELOW:   0    0.01 INCH OR MORE:   1
MAX 90 OR ABOVE:   0    0.10 INCH OR MORE:   0
MIN 32 OR BELOW:   0    0.50 INCH OR MORE:   0
MIN  0 OR BELOW:   0    1.00 INCH OR MORE:   0

[HDD (BASE 65) ]
TOTAL THIS MO.    33    CLEAR  (SCALE 0-3)  11
DPTR FM NORMAL   -48    PTCLDY (SCALE 4-7)  17
TOTAL FM JUL 1  1415    CLOUDY (SCALE 8-10)  1
DPTR FM NORMAL  -972

[CDD (BASE 65) ]
TOTAL THIS MO.    28
DPTR FM NORMAL    -1    [PRESSURE DATA]
TOTAL FM JAN 1    52    HIGHEST SLP M ON M
DPTR FM NORMAL    -1    LOWEST  SLP 29.70 ON 14

[REMARKS]
