000
CXUS55 KLOX 181655
CF6SBP
PRELIMINARY LOCAL CLIMATOLOGICAL DATA (WS FORM: F-6)

                                          STATION:   SAN LUIS OBISPO AIRPORT CA
                                          MONTH:     SEPTEMBER
                                          YEAR:      2014
                                          LATITUDE:   35 13 N
                                          LONGITUDE: 120 38 W

  TEMPERATURE IN F:       :PCPN:    SNOW:  WIND      :SUNSHINE: SKY     :PK WND
================================================================================
1   2   3   4   5  6A  6B    7    8   9   10  11  12  13   14  15   16   17  18
                                     12Z  AVG MX 2MIN
DY MAX MIN AVG DEP HDD CDD  WTR  SNW DPTH SPD SPD DIR MIN PSBL S-S WX    SPD DR
================================================================================

 1  80  54  67  -1   0   2 0.00  0.0    0  4.4 16 310   M    M   1         M  M
 2  78  61  70   2   0   5 0.00  0.0    0  6.4 18 310   M    M   5 18     21 300
 3  75  58  67  -1   0   2 0.00  0.0    0  4.9 17 310   M    M   6        21 310
 4  73  57  65  -3   0   0 0.00  0.0    0  5.3 14 260   M    M   5        16 260
 5  77  56  67   0   0   2 0.00  0.0    0  6.4 16 300   M    M   4        20 310
 6  78  50  64  -3   1   0 0.00  0.0    0  7.5 20 230   M    M   2 1      25 280
 7  77  52  65  -2   0   0 0.00  0.0    0  9.9 21 310   M    M   4 1       M  M
 8  76  54  65  -2   0   0 0.00  0.0    0  9.7 20 310   M    M   2        23 320
 9  78  48  63  -4   2   0 0.00  0.0    0  6.6 21 310   M    M   2 1       M  M
10  83  53  68   1   0   3 0.00  0.0    0  5.0 15 300   M    M   4 12     18 320
11  82  55  69   2   0   4 0.00  0.0    0  5.5 15 310   M    M   4 1       M  M
12  78  56  67   0   0   2 0.00  0.0    0  7.3 17 320   M    M   5 1       M  M
13  82  57  70   3   0   5 0.00  0.0    0  8.4 21 320   M    M   4 1      27 320
14  85  57  71   4   0   6 0.00  0.0    0  8.2 21 310   M    M   2 1      23 320
15  86  58  72   5   0   7 0.00  0.0    0  7.8 21 320   M    M   2 1      24 300
16  87  55  71   4   0   6 0.00  0.0    0  9.5 29 320   M    M   0        34 320
17  82  53  68   2   0   3 0.00  0.0    0  6.1 21 310   M    M   1 1      24 320
================================================================================
SM 1357  934         3  47  0.00     0.0 118.9          M       53
================================================================================
AV 79.8 54.9                               7.0 FASTST   M    M   3    MAX(MPH)
                                 MISC ---->  # 29 320               # 34  320
================================================================================
NOTES:
# LAST OF SEVERAL OCCURRENCES

COLUMN 17 PEAK WIND IN M.P.H.

PRELIMINARY LOCAL CLIMATOLOGICAL DATA (WS FORM: F-6) , PAGE 2

                                          STATION:  SAN LUIS OBISPO AIRPORT CA
                                          MONTH:    SEPTEMBER
                                          YEAR:     2014
                                          LATITUDE:   35 13 N
                                          LONGITUDE: 120 38 W

[TEMPERATURE DATA]      [PRECIPITATION DATA]       SYMBOLS USED IN COLUMN 16

AVERAGE MONTHLY: 67.4   TOTAL FOR MONTH:   0.00    1 = FOG OR MIST
DPTR FM NORMAL:   0.2   DPTR FM NORMAL:   -0.02    2 = FOG REDUCING VISIBILITY
HIGHEST:    87 ON 16    GRTST 24HR  0.00 ON 17-17      TO 1/4 MILE OR LESS
LOWEST:     48 ON  9                               3 = THUNDER
                        SNOW, ICE PELLETS, HAIL    4 = ICE PELLETS
                        TOTAL MONTH:   0.0 INCH    5 = HAIL
                        GRTST 24HR     0.0         6 = FREEZING RAIN OR DRIZZLE
                        GRTST DEPTH:   0           7 = DUSTSTORM OR SANDSTORM:
                                                       VSBY 1/2 MILE OR LESS
                                                   8 = SMOKE OR HAZE
[NO. OF DAYS WITH]      [WEATHER - DAYS WITH]      9 = BLOWING SNOW
                                                   X = TORNADO
MAX 32 OR BELOW:   0    0.01 INCH OR MORE:   0
MAX 90 OR ABOVE:   0    0.10 INCH OR MORE:   0
MIN 32 OR BELOW:   0    0.50 INCH OR MORE:   0
MIN  0 OR BELOW:   0    1.00 INCH OR MORE:   0

[HDD (BASE 65) ]
TOTAL THIS MO.     3    CLEAR  (SCALE 0-3)   8
DPTR FM NORMAL   -14    PTCLDY (SCALE 4-7)   9
TOTAL FM JUL 1     4    CLOUDY (SCALE 8-10)  0
DPTR FM NORMAL   -57

[CDD (BASE 65) ]
TOTAL THIS MO.    47
DPTR FM NORMAL    -2    [PRESSURE DATA]
TOTAL FM JAN 1   410    HIGHEST SLP M ON M
DPTR FM NORMAL   194    LOWEST  SLP 29.64 ON M

[REMARKS]
