000
CXUS56 KSTO 301355
CF6SCK
PRELIMINARY LOCAL CLIMATOLOGICAL DATA (WS FORM: F-6)

                                          STATION:   STOCKTON AIRPORT CA
                                          MONTH:     OCTOBER
                                          YEAR:      2014
                                          LATITUDE:   37 54 N
                                          LONGITUDE: 121 15 W

  TEMPERATURE IN F:       :PCPN:    SNOW:  WIND      :SUNSHINE: SKY     :PK WND
================================================================================
1   2   3   4   5  6A  6B    7    8   9   10  11  12  13   14  15   16   17  18
                                     12Z  AVG MX 2MIN
DY MAX MIN AVG DEP HDD CDD  WTR  SNW DPTH SPD SPD DIR MIN PSBL S-S WX    SPD DR
================================================================================

 1  86  58  72   3   0   7 0.00  0.0    0  7.9 16 320   M    M   0        24 320
 2  91  50  71   3   0   6 0.00  0.0    0  2.2  7 290   M    M   0        10 170
 3  95  55  75   7   0  10 0.00  0.0    0  3.1  9 320   M    M   0        12 300
 4  96  54  75   7   0  10 0.00  0.0    0  2.7  9 330   M    M   0 8      14 290
 5  96  54  75   7   0  10 0.00  0.0    0  2.1  8 320   M    M   0 8      25  30
 6  95  56  76   9   0  11 0.00  0.0    0  2.6 10  90   M    M   0        12 290
 7  94  55  75   8   0  10 0.00  0.0    0  5.6 14 310   M    M   0        18  60
 8  96  55  76   9   0  11 0.00  0.0    0  6.6 17 320   M    M   0        21 310
 9  90  54  72   6   0   7 0.00  0.0    0  5.4 13 320   M    M   0 8      15 320
10  86  55  71   5   0   6 0.00  0.0    0  5.2 15 290   M    M   0 8      17 290
11  89  55  72   6   0   7 0.00  0.0    0  4.5 13 300   M    M   0        16 300
12  90  57  74   9   0   9 0.00  0.0    0  7.7 16 320   M    M   0        25 330
13  92  53  73   8   0   8 0.00  0.0    0  5.9 13 170   M    M   0        15 170
14  80  54  67   2   0   2 0.00  0.0    0  7.6 23 290   M    M   0 18     26 300
15  76  56  66   2   0   1 0.00  0.0    0  5.4 13 340   M    M   3        15 340
16  78  52  65   1   0   0 0.00  0.0    0  4.3 14 290   M    M   1 8      17 310
17  78  52  65   1   0   0 0.00  0.0    0  1.5 10 270   M    M   0        13  50
18  81  53  67   4   0   2 0.00  0.0    0  5.5 13 310   M    M   0        20 290
19  84  50  67   4   0   2 0.00  0.0    0  3.1 15 300   M    M   0        17 300
20  76  53  65   3   0   0    T  0.0    0  7.3 22 300   M    M   3        25 310
21  74  49  62   0   3   0 0.00  0.0    0  8.4 18 310   M    M   0        22 300
22  77  49  63   1   2   0 0.00  0.0    0  2.6 10 330   M    M   0        18 300
23  78  53  66   5   0   1 0.00  0.0    0  3.7 10 340   M    M   0        13 350
24  80  52  66   5   0   1 0.00  0.0    0  4.4 12 320   M    M   2 18     14 320
25  75  54  65   4   0   0 0.05  0.0    0  6.4 17 270   M    M   3 8      23 200
26  72  51  62   2   3   0 0.00  0.0    0  9.9 21 320   M    M   0 8      28 320
27  73  44  59  -1   6   0 0.00  0.0    0  6.2 17 320   M    M   0        22 310
28  78  43  61   1   4   0 0.00  0.0    0  2.8 10 320   M    M   0 8      12 310
29  82  47  65   6   0   0 0.00  0.0    0  1.2  8 310   M    M   0        12 320
================================================================================
SM 2438 1523        18 121  0.05     0.0 141.8          M       12
================================================================================
AV 84.1 52.5                               4.9 FASTST   M    M   0    MAX(MPH)
                                 MISC ---->  # 23 290               # 28  320
================================================================================
NOTES:
# LAST OF SEVERAL OCCURRENCES

COLUMN 17 PEAK WIND IN M.P.H.

PRELIMINARY LOCAL CLIMATOLOGICAL DATA (WS FORM: F-6) , PAGE 2

                                          STATION:  STOCKTON AIRPORT CA
                                          MONTH:    OCTOBER
                                          YEAR:     2014
                                          LATITUDE:   37 54 N
                                          LONGITUDE: 121 15 W

[TEMPERATURE DATA]      [PRECIPITATION DATA]       SYMBOLS USED IN COLUMN 16

AVERAGE MONTHLY: 68.3   TOTAL FOR MONTH:   0.05    1 = FOG OR MIST
DPTR FM NORMAL:   4.1   DPTR FM NORMAL:   -0.67    2 = FOG REDUCING VISIBILITY
HIGHEST:    96 ON  8, 5 GRTST 24HR  0.05 ON 25-25      TO 1/4 MILE OR LESS
LOWEST:     43 ON 28                               3 = THUNDER
                        SNOW, ICE PELLETS, HAIL    4 = ICE PELLETS
                        TOTAL MONTH:   0.0 INCH    5 = HAIL
                        GRTST 24HR     0.0         6 = FREEZING RAIN OR DRIZZLE
                        GRTST DEPTH:   0           7 = DUSTSTORM OR SANDSTORM:
                                                       VSBY 1/2 MILE OR LESS
                                                   8 = SMOKE OR HAZE
[NO. OF DAYS WITH]      [WEATHER - DAYS WITH]      9 = BLOWING SNOW
                                                   X = TORNADO
MAX 32 OR BELOW:   0    0.01 INCH OR MORE:   1
MAX 90 OR ABOVE:  10    0.10 INCH OR MORE:   0
MIN 32 OR BELOW:   0    0.50 INCH OR MORE:   0
MIN  0 OR BELOW:   0    1.00 INCH OR MORE:   0

[HDD (BASE 65) ]
TOTAL THIS MO.    18    CLEAR  (SCALE 0-3)  27
DPTR FM NORMAL   -61    PTCLDY (SCALE 4-7)   2
TOTAL FM JUL 1    18    CLOUDY (SCALE 8-10)  0
DPTR FM NORMAL   -67

[CDD (BASE 65) ]
TOTAL THIS MO.   121
DPTR FM NORMAL    69    [PRESSURE DATA]
TOTAL FM JAN 1  1656    HIGHEST SLP M ON M
DPTR FM NORMAL   338    LOWEST  SLP 29.77 ON  7

[REMARKS]
