000
CXUS53 KLMK 230800
CF6SDF
PRELIMINARY LOCAL CLIMATOLOGICAL DATA (WS FORM: F-6)

                                          STATION:   LOUISVILLE KY
                                          MONTH:     JANUARY
                                          YEAR:      2018
                                          LATITUDE:   38 10 N
                                          LONGITUDE:  85 44 W

  TEMPERATURE IN F:       :PCPN:    SNOW:  WIND      :SUNSHINE: SKY     :PK WND
================================================================================
1   2   3   4   5  6A  6B    7    8   9   10  11  12  13   14  15   16   17  18
                                     12Z  AVG MX 2MIN
DY MAX MIN AVG DEP HDD CDD  WTR  SNW DPTH SPD SPD DIR MIN PSBL S-S WX    SPD DR
================================================================================

 1  18   3  11 -24  54   0 0.00  0.0    0  8.6 14 320   M    M   1        19 360
 2  22   0  11 -24  54   0 0.00  0.0    0  3.3 12 330   M    M   0        14 340
 3  31   7  19 -16  46   0    T  0.1    0  8.5 17 270   M    M   6        23 300
 4  24   7  16 -19  49   0    T    T    T 10.3 18 330   M    M   3        23 320
 5  21   9  15 -20  50   0 0.00  0.0    0  7.1 13 360   M    M   7        16 350
 6  23   4  14 -21  51   0 0.00  0.0    0  2.8 13 360   M    M   1        14 360
 7  44  11  28  -7  37   0    T  0.0    0  7.9 17 180   M    M   7        21 180
 8  41  35  38   3  27   0 0.19  0.0    0  6.0 16 190   M    M   9 1      23 200
 9  44  37  41   6  24   0 0.01  0.0    0  3.5  8 100   M    M  10 1      12 100
10  63  42  53  18  12   0    T  0.0    0  8.8 22 190   M    M   9 1      30 190
11  66  55  61  26   4   0 0.25  0.0    0  8.9 21 170   M    M  10 1      30 170
12  59  25  42   7  23   0 0.58  1.3    0 17.1 32 340   M    M  10 146    43 350
13  25  14  20 -15  45   0    T    T    1 10.9 26 340   M    M   6        34 360
14  23   9  16 -19  49   0 0.00  0.0    1  4.3 12 120   M    M   6 1      14 110
15  33  17  25 -10  40   0 0.08  1.6    2  9.8 21 300   M    M   9 1      28 250
16  17   6  12 -23  53   0 0.04  1.8    5 10.2 14 280   M    M   8 8      20 300
17  20   8  14 -21  51   0    T  0.2    4  6.1 10 280   M    M   7 8      16 220
18  33  12  23 -12  42   0 0.00  0.0    4  9.3 17 220   M    M   0        25 210
19  44  22  33  -2  32   0 0.00  0.0    3  9.4 17 200   M    M   3        23 220
20  54  40  47  12  18   0    T  0.0    T  9.2 16 220   M    M   7        23 200
21  59  49  54  19  11   0 0.01  0.0    0  7.5 17 200   M    M   9 8      23 190
22  61  50  56  21   9   0 0.14  0.0    0 14.7 35 200   M    M   9 13     50 210
================================================================================
SM  825  462       781   0  1.30     5.0 184.2          M      137
================================================================================
AV 37.5 21.0                               8.4 FASTST   M    M   6    MAX(MPH)
                                 MISC ---->  # 35 200               # 50  210
================================================================================
NOTES:
# LAST OF SEVERAL OCCURRENCES

COLUMN 17 PEAK WIND IN M.P.H.

PRELIMINARY LOCAL CLIMATOLOGICAL DATA (WS FORM: F-6) , PAGE 2

                                          STATION:  LOUISVILLE KY
                                          MONTH:    JANUARY
                                          YEAR:     2018
                                          LATITUDE:   38 10 N
                                          LONGITUDE:  85 44 W

[TEMPERATURE DATA]      [PRECIPITATION DATA]       SYMBOLS USED IN COLUMN 16

AVERAGE MONTHLY: 29.3   TOTAL FOR MONTH:   1.30    1 = FOG OR MIST
DPTR FM NORMAL:  -5.8   DPTR FM NORMAL:   -0.99    2 = FOG REDUCING VISIBILITY
HIGHEST:    66 ON 11    GRTST 24HR  0.58 ON 12-12      TO 1/4 MILE OR LESS
LOWEST:      0 ON  2                               3 = THUNDER
                        SNOW, ICE PELLETS, HAIL    4 = ICE PELLETS
                        TOTAL MONTH:   5.0 INCHES  5 = HAIL
                        GRTST 24HR   1.8 ON 16-16  6 = FREEZING RAIN OR DRIZZLE
                        GRTST DEPTH:   5 ON 16     7 = DUSTSTORM OR SANDSTORM:
                                                       VSBY 1/2 MILE OR LESS
                                                   8 = SMOKE OR HAZE
[NO. OF DAYS WITH]      [WEATHER - DAYS WITH]      9 = BLOWING SNOW
                                                   X = TORNADO
MAX 32 OR BELOW:  10    0.01 INCH OR MORE:   8
MAX 90 OR ABOVE:   0    0.10 INCH OR MORE:   4
MIN 32 OR BELOW:  15    0.50 INCH OR MORE:   1
MIN  0 OR BELOW:   1    1.00 INCH OR MORE:   0

[HDD (BASE 65) ]
TOTAL THIS MO.   781    CLEAR  (SCALE 0-3)   4
DPTR FM NORMAL   121    PTCLDY (SCALE 4-7)  10
TOTAL FM JUL 1  2310    CLOUDY (SCALE 8-10)  8
DPTR FM NORMAL    74

[CDD (BASE 65) ]
TOTAL THIS MO.     0
DPTR FM NORMAL     0    [PRESSURE DATA]
TOTAL FM JAN 1     0    HIGHEST SLP M ON M
DPTR FM NORMAL     0    LOWEST  SLP 29.60 ON 22

[REMARKS]
