000
CXUS55 KPSR 181005
CF6SDL
PRELIMINARY LOCAL CLIMATOLOGICAL DATA (WS FORM: F-6)

                                          STATION:   SCOTTSDALE AZ
                                          MONTH:     AUGUST
                                          YEAR:      2017
                                          LATITUDE:   33 37 N
                                          LONGITUDE: 111 55 W

  TEMPERATURE IN F:       :PCPN:    SNOW:  WIND      :SUNSHINE: SKY     :PK WND
================================================================================
1   2   3   4   5  6A  6B    7    8   9   10  11  12  13   14  15   16   17  18
                                     12Z  AVG MX 2MIN
DY MAX MIN AVG DEP HDD CDD  WTR  SNW DPTH SPD SPD DIR MIN PSBL S-S WX    SPD DR
================================================================================

 1 101  85  93   1   0  28 0.00  0.0    0  6.9 24  40   M    M   1        32  40
 2  96  85  91  -1   0  26    T  0.0    0  5.8 15 140   M    M   0        20  80
 3 102  78  90  -2   0  25 0.10  0.0    0  4.0 18 290   M    M   0 3      24 300
 4 101  77  89  -3   0  24 0.00  0.0    0  3.4 12 210   M    M   0        15 220
 5 103  83  93   1   0  28 0.00  0.0    0  4.2 12 250   M    M   1        18 190
 6 102  83  93   1   0  28 0.00  0.0    0  4.6 13 250   M    M   1        18 220
 7 104  80  92   0   0  27 0.00  0.0    0  3.2 13 210   M    M   0        18 220
 8 107  80  94   2   0  29 0.00  0.0    0  2.3 12 260   M    M   0        17 200
 9 109  79  94   2   0  29 0.00  0.0    0  2.8 12 270   M    M   0        17 270
10 101  84  93   1   0  28 0.03  0.0    0  4.7 18 130   M    M   0 8      27 150
11 105  83  94   2   0  29    T  0.0    0  4.4 12 190   M    M   0        16 220
12 102  83  93   2   0  28    T  0.0    0  5.3 23 320   M    M   2 3      35 320
13  99  75  87  -4   0  22 0.15  0.0    0  5.0 13 220   M    M   2 3      18 190
14 102  82  92   1   0  27    T  0.0    0  5.0 18  40   M    M   2 3      22  30
15 100  82  91   0   0  26 0.00  0.0    0  5.5 14 230   M    M   0        20 210
16 100  75  88  -3   0  23 0.00  0.0    0  4.2 16 200   M    M   0        22 200
17 101  76  89  -2   0  24 0.00  0.0    0  3.4 10 180   M    M   0        15 190
================================================================================
SM 1735 1370         0 451  0.28     0.0  74.7          M        9
================================================================================
AV102.1 80.6                               4.4 FASTST   M    M   1    MAX(MPH)
                                 MISC ---->  # 24  40               # 35  320
================================================================================
NOTES:
# LAST OF SEVERAL OCCURRENCES

COLUMN 17 PEAK WIND IN M.P.H.

PRELIMINARY LOCAL CLIMATOLOGICAL DATA (WS FORM: F-6) , PAGE 2

                                          STATION:  SCOTTSDALE AZ
                                          MONTH:    AUGUST
                                          YEAR:     2017
                                          LATITUDE:   33 37 N
                                          LONGITUDE: 111 55 W

[TEMPERATURE DATA]      [PRECIPITATION DATA]       SYMBOLS USED IN COLUMN 16

AVERAGE MONTHLY: 91.3   TOTAL FOR MONTH:   0.28    1 = FOG OR MIST
DPTR FM NORMAL:  -0.3   DPTR FM NORMAL:   -0.50    2 = FOG REDUCING VISIBILITY
HIGHEST:   109 ON  9    GRTST 24HR  0.15 ON 13-13      TO 1/4 MILE OR LESS
LOWEST:     75 ON 16,13                            3 = THUNDER
                        SNOW, ICE PELLETS, HAIL    4 = ICE PELLETS
                        TOTAL MONTH:   0.0 INCH    5 = HAIL
                        GRTST 24HR     0.0         6 = FREEZING RAIN OR DRIZZLE
                        GRTST DEPTH:   0           7 = DUSTSTORM OR SANDSTORM:
                                                       VSBY 1/2 MILE OR LESS
                                                   8 = SMOKE OR HAZE
[NO. OF DAYS WITH]      [WEATHER - DAYS WITH]      9 = BLOWING SNOW
                                                   X = TORNADO
MAX 32 OR BELOW:   0    0.01 INCH OR MORE:   3
MAX 90 OR ABOVE:  17    0.10 INCH OR MORE:   2
MIN 32 OR BELOW:   0    0.50 INCH OR MORE:   0
MIN  0 OR BELOW:   0    1.00 INCH OR MORE:   0

[HDD (BASE 65) ]
TOTAL THIS MO.     0    CLEAR  (SCALE 0-3)  17
DPTR FM NORMAL     0    PTCLDY (SCALE 4-7)   0
TOTAL FM JUL 1     0    CLOUDY (SCALE 8-10)  0
DPTR FM NORMAL     0

[CDD (BASE 65) ]
TOTAL THIS MO.   451
DPTR FM NORMAL    -1    [PRESSURE DATA]
TOTAL FM JAN 1  3022    HIGHEST SLP M ON M
DPTR FM NORMAL   386    LOWEST  SLP 29.61 ON 14

[REMARKS]
