000
CXUS55 KPSR 201005
CF6SDL
PRELIMINARY LOCAL CLIMATOLOGICAL DATA (WS FORM: F-6)

                                          STATION:   SCOTTSDALE AZ
                                          MONTH:     OCTOBER
                                          YEAR:      2017
                                          LATITUDE:   33 37 N
                                          LONGITUDE: 111 55 W

  TEMPERATURE IN F:       :PCPN:    SNOW:  WIND      :SUNSHINE: SKY     :PK WND
================================================================================
1   2   3   4   5  6A  6B    7    8   9   10  11  12  13   14  15   16   17  18
                                     12Z  AVG MX 2MIN
DY MAX MIN AVG DEP HDD CDD  WTR  SNW DPTH SPD SPD DIR MIN PSBL S-S WX    SPD DR
================================================================================

 1  95  66  81   1   0  16 0.00  0.0    0  2.8 10 180   M    M   0        14 150
 2  89  67  78  -2   0  13 0.00  0.0    0  2.9 13 260   M    M   0        20 200
 3  94  66  80   1   0  15 0.00  0.0    0  3.7 15 160   M    M   0        21 170
 4  96  68  82   3   0  17 0.00  0.0    0  2.4 12 250   M    M   0        14 210
 5  96  71  84   6   0  19    T  0.0    0  2.6 12 250   M    M   0        14 240
 6  96  66  81   3   0  16 0.00  0.0    0  3.5 14 240   M    M   0        19 220
 7  94  61  78   0   0  13 0.00  0.0    0  2.3 10 240   M    M   0 8      14 230
 8  92  59  76  -1   0  11 0.00  0.0    0  2.9 12 260   M    M   0        15 260
 9  88  63  76  -1   0  11 0.00  0.0    0  7.8 30  50   M    M   0        35  50
10  90  65  78   2   0  13 0.00  0.0    0  4.7 24  50   M    M   0        29  40
11  95  66  81   5   0  16 0.00  0.0    0  2.8 12 130   M    M   0        16 140
12  92  64  78   2   0  13 0.00  0.0    0  2.6  9 240   M    M   0        12 220
13  94  62  78   3   0  13 0.00  0.0    0  2.0 10 240   M    M   0        14 230
14  92  63  78   3   0  13 0.00  0.0    0  2.8  9 270   M    M   0        12 230
15  96  62  79   4   0  14 0.00  0.0    0  3.3  9 330   M    M   0        13  30
16  97  69  83   9   0  18 0.00  0.0    0  3.1 14 130   M    M   0        19 110
17  97  69  83   9   0  18 0.00  0.0    0  1.5  7 190   M    M   0        10 190
18  95  68  82   9   0  17 0.00  0.0    0  2.0 10 230   M    M   0        13 220
19  93  72  83  10   0  18    T  0.0    0  3.7 12 170   M    M   0        16 240
================================================================================
SM 1781 1247         0 284    T      0.0  59.4          M        0
================================================================================
AV 93.7 65.6                               3.1 FASTST   M    M   0    MAX(MPH)
                                 MISC ---->  # 30  50               # 35   50
================================================================================
NOTES:
# LAST OF SEVERAL OCCURRENCES

COLUMN 17 PEAK WIND IN M.P.H.

PRELIMINARY LOCAL CLIMATOLOGICAL DATA (WS FORM: F-6) , PAGE 2

                                          STATION:  SCOTTSDALE AZ
                                          MONTH:    OCTOBER
                                          YEAR:     2017
                                          LATITUDE:   33 37 N
                                          LONGITUDE: 111 55 W

[TEMPERATURE DATA]      [PRECIPITATION DATA]       SYMBOLS USED IN COLUMN 16

AVERAGE MONTHLY: 79.7   TOTAL FOR MONTH:      T    1 = FOG OR MIST
DPTR FM NORMAL:   3.2   DPTR FM NORMAL:   -0.47    2 = FOG REDUCING VISIBILITY
HIGHEST:    97 ON 17,16 GRTST 24HR    T  ON 19-19      TO 1/4 MILE OR LESS
LOWEST:     59 ON  8                               3 = THUNDER
                        SNOW, ICE PELLETS, HAIL    4 = ICE PELLETS
                        TOTAL MONTH:   0.0 INCH    5 = HAIL
                        GRTST 24HR     0.0         6 = FREEZING RAIN OR DRIZZLE
                        GRTST DEPTH:   0           7 = DUSTSTORM OR SANDSTORM:
                                                       VSBY 1/2 MILE OR LESS
                                                   8 = SMOKE OR HAZE
[NO. OF DAYS WITH]      [WEATHER - DAYS WITH]      9 = BLOWING SNOW
                                                   X = TORNADO
MAX 32 OR BELOW:   0    0.01 INCH OR MORE:   0
MAX 90 OR ABOVE:  17    0.10 INCH OR MORE:   0
MIN 32 OR BELOW:   0    0.50 INCH OR MORE:   0
MIN  0 OR BELOW:   0    1.00 INCH OR MORE:   0

[HDD (BASE 65) ]
TOTAL THIS MO.     0    CLEAR  (SCALE 0-3)  19
DPTR FM NORMAL     0    PTCLDY (SCALE 4-7)   0
TOTAL FM JUL 1     0    CLOUDY (SCALE 8-10)  0
DPTR FM NORMAL     0

[CDD (BASE 65) ]
TOTAL THIS MO.   284
DPTR FM NORMAL    63    [PRESSURE DATA]
TOTAL FM JAN 1  4328    HIGHEST SLP M ON M
DPTR FM NORMAL   488    LOWEST  SLP 29.52 ON  1

[REMARKS]
