000
CXUS56 KSGX 291445
CF6SDM
PRELIMINARY LOCAL CLIMATOLOGICAL DATA (WS FORM: F-6)

                                          STATION:   SAN DIEGO/BROWN
                                          MONTH:     JUNE
                                          YEAR:      2015
                                          LATITUDE:   32 34 N
                                          LONGITUDE: 116 59 W

  TEMPERATURE IN F:       :PCPN:    SNOW:  WIND      :SUNSHINE: SKY     :PK WND
================================================================================
1   2   3   4   5  6A  6B    7    8   9   10  11  12  13   14  15   16   17  18
                                     12Z  AVG MX 2MIN
DY MAX MIN AVG DEP HDD CDD  WTR  SNW DPTH SPD SPD DIR MIN PSBL S-S WX    SPD DR
================================================================================

 1  72  57  65   1   0   0 0.00  0.0    0  4.5 13 270   M    M   3        22 290
 2  73  53  63  -1   2   0 0.00  0.0    0  4.8 14 270   M    M   3 18     19 310
 3  70  59  65   1   0   0 0.00  0.0    0  5.3 14 270   M    M   5        18 260
 4  70  57  64   0   1   0 0.00  0.0    0  6.1 16 220   M    M   6        22 260
 5  69  57  63  -1   2   0 0.00  0.0    0  7.0 15 260   M    M   5        21 260
 6  71  57  64   0   1   0 0.00  0.0    0  5.5 14 270   M    M   3 1      20 260
 7  74  60  67   3   0   2 0.00  0.0    0  4.7 13 270   M    M   4        18 290
 8  81  60  71   7   0   6 0.00  0.0    0  3.7 13 280   M    M   3 18     16 260
 9  86  63  75  11   0  10 0.00  0.0    0  4.0 16 260   M    M   7        20 260
10  75  62  69   4   0   4 0.01  0.0    0  4.1 16 270   M    M   8 1      21 280
11  71  61  66   1   0   1 0.00  0.0    0  5.8 13 260   M    M   9 1      17 240
12  67  60  64  -1   1   0 0.00  0.0    0  4.7 12 280   M    M  10 1      14 290
13  70  59  65   0   0   0 0.00  0.0    0  4.6 13 250   M    M   9 1      16 260
14  73  61  67   2   0   2 0.00  0.0    0  5.2 14 270   M    M   7        19 280
15  75  62  69   4   0   4 0.00  0.0    0  4.6 13 270   M    M   4        18 260
16  74  63  69   4   0   4 0.00  0.0    0  5.2 10 270   M    M   5 18      M  M
17  75  60  68   2   0   3 0.00  0.0    0  4.8 12 280   M    M   3 18     16 300
18  77  58  68   2   0   3 0.00  0.0    0  3.9 12 280   M    M   0 18     17 260
19  82  56  69   3   0   4 0.00  0.0    0  3.4 13 280   M    M   3 128    17 270
20  78  61  70   4   0   5 0.00  0.0    0  3.6 12 290   M    M   4 18     17 310
21  78  59  69   3   0   4 0.00  0.0    0  3.7 13 270   M    M   3 128    18 280
22  80  60  70   4   0   5 0.00  0.0    0  4.2 13 280   M    M   2 128    17 270
23  81  56  69   3   0   4 0.00  0.0    0  4.3 13 280   M    M   1 128    19 320
24  79  60  70   4   0   5 0.00  0.0    0  4.8 13 280   M    M   3 128    18 280
25  77  63  70   3   0   5 0.00  0.0    0  4.6 12 280   M    M   4        17 290
26  80  63  72   5   0   7 0.00  0.0    0  5.8 15 280   M    M   2 1      19 280
27  80  63  72   5   0   7    T  0.0    0  3.6 14 290   M    M   2        22 280
28  82  65  74   7   0   9 0.00  0.0    0  4.6 13 280   M    M   0        16 280
================================================================================
SM 2120 1675         7  94  0.01     0.0 131.1          M      118
================================================================================
AV 75.7 59.8                               4.7 FASTST   M    M   4    MAX(MPH)
                                 MISC ---->  # 16 220               # 22  290
================================================================================
NOTES:
# LAST OF SEVERAL OCCURRENCES

COLUMN 17 PEAK WIND IN M.P.H.

PRELIMINARY LOCAL CLIMATOLOGICAL DATA (WS FORM: F-6) , PAGE 2

                                          STATION:  SAN DIEGO/BROWN
                                          MONTH:    JUNE
                                          YEAR:     2015
                                          LATITUDE:   32 34 N
                                          LONGITUDE: 116 59 W

[TEMPERATURE DATA]      [PRECIPITATION DATA]       SYMBOLS USED IN COLUMN 16

AVERAGE MONTHLY: 67.8   TOTAL FOR MONTH:   0.01    1 = FOG OR MIST
DPTR FM NORMAL:   2.5   DPTR FM NORMAL:   -0.13    2 = FOG REDUCING VISIBILITY
HIGHEST:    86 ON  9    GRTST 24HR  0.01 ON 10-10      TO 1/4 MILE OR LESS
LOWEST:     53 ON  2                               3 = THUNDER
                        SNOW, ICE PELLETS, HAIL    4 = ICE PELLETS
                        TOTAL MONTH:   0.0 INCH    5 = HAIL
                        GRTST 24HR     0.0         6 = FREEZING RAIN OR DRIZZLE
                        GRTST DEPTH:   0           7 = DUSTSTORM OR SANDSTORM:
                                                       VSBY 1/2 MILE OR LESS
                                                   8 = SMOKE OR HAZE
[NO. OF DAYS WITH]      [WEATHER - DAYS WITH]      9 = BLOWING SNOW
                                                   X = TORNADO
MAX 32 OR BELOW:   0    0.01 INCH OR MORE:   1
MAX 90 OR ABOVE:   0    0.10 INCH OR MORE:   0
MIN 32 OR BELOW:   0    0.50 INCH OR MORE:   0
MIN  0 OR BELOW:   0    1.00 INCH OR MORE:   0

[HDD (BASE 65) ]
TOTAL THIS MO.     7    CLEAR  (SCALE 0-3)  13
DPTR FM NORMAL   -25    PTCLDY (SCALE 4-7)  11
TOTAL FM JUL 1   870    CLOUDY (SCALE 8-10)  4
DPTR FM NORMAL  -867

[CDD (BASE 65) ]
TOTAL THIS MO.    94
DPTR FM NORMAL    55    [PRESSURE DATA]
TOTAL FM JAN 1   215    HIGHEST SLP M ON M
DPTR FM NORMAL   134    LOWEST  SLP 29.73 ON 14

[REMARKS]
