000
CXUS54 KFWD 200730
CF6SEP
PRELIMINARY LOCAL CLIMATOLOGICAL DATA (WS FORM: F-6)

                                          STATION:   STEPHENVILLE
                                          MONTH:     NOVEMBER
                                          YEAR:      2017
                                          LATITUDE:   32 13 N
                                          LONGITUDE:  98 11 W

  TEMPERATURE IN F:       :PCPN:    SNOW:  WIND      :SUNSHINE: SKY     :PK WND
================================================================================
1   2   3   4   5  6A  6B    7    8   9   10  11  12  13   14  15   16   17  18
                                     12Z  AVG MX 2MIN
DY MAX MIN AVG DEP HDD CDD  WTR  SNW DPTH SPD SPD DIR MIN PSBL S-S WX    SPD DR
================================================================================

 1  85  45  65   5   0   0 0.00  0.0    0  6.1 14 220   M    M   2        21 210
 2  92  57  75  15   0  10 0.00  0.0    0  6.7 17 240   M    M   0        25 240
 3  71  49  60   1   5   0 0.00  0.0    0  3.4  9 320   M    M   3         M  M
 4  88  55  72  13   0   7 0.00  0.0    0  6.5 15 220   M    M   2        21 220
 5  89  66  78  20   0  13 0.00  0.0    0  7.0 13 210   M    M   0        20 200
 6  72  56  64   6   1   0 0.00  0.0    0  4.9 10 320   M    M   1         M  M
 7  60  46  53  -5  12   0 0.00  0.0    0  9.5 16 350   M    M   5        22 360
 8  46  40  43 -14  22   0 1.11  0.0    0 10.1 17 350   M    M   9        21 350
 9  50  42  46 -11  19   0 0.00  0.0    0  1.6  7 140   M    M  10         M  M
10  58  47  53  -3  12   0 0.00  0.0    0  3.6  7 130   M    M  10         M  M
11  68  55  62   6   3   0 0.00  0.0    0  8.8 14 170   M    M  10        22 170
12  70  61  66  10   0   1 0.09  0.0    0  3.2  8  60   M    M  10         M  M
13  70  57  64   9   1   0 0.00  0.0    0  4.2  8 130   M    M  10         M  M
14  75  61  68  13   0   3 0.00  0.0    0  9.2 17 190   M    M   7        23 190
15  76  61  69  15   0   4 0.00  0.0    0  6.1 10 190   M    M   8         M  M
16  73  60  67  13   0   2 0.00  0.0    0  5.3  9 160   M    M   7         M  M
17  85  64  75  21   0  10 0.00  0.0    0 10.5 16 190   M    M   4        27 230
18  72  43  58   5   7   0 0.00  0.0    0 16.0 33 350   M    M   0        43 320
19  63  36  50  -3  15   0 0.00  0.0    0  3.0  7 320   M    M   0         M  M
================================================================================
SM 1363 1001        97  50  1.20     0.0 125.7          M       98
================================================================================
AV 71.7 52.7                               6.6 FASTST   M    M   5    MAX(MPH)
                                 MISC ---->    33   M                 43    M
================================================================================
NOTES:
# LAST OF SEVERAL OCCURRENCES

COLUMN 17 PEAK WIND IN M.P.H.

PRELIMINARY LOCAL CLIMATOLOGICAL DATA (WS FORM: F-6) , PAGE 2

                                          STATION:  STEPHENVILLE
                                          MONTH:    NOVEMBER
                                          YEAR:     2017
                                          LATITUDE:   32 13 N
                                          LONGITUDE:  98 11 W

[TEMPERATURE DATA]      [PRECIPITATION DATA]       SYMBOLS USED IN COLUMN 16

AVERAGE MONTHLY: 62.2   TOTAL FOR MONTH:   1.20    1 = FOG OR MIST
DPTR FM NORMAL:   5.8   DPTR FM NORMAL:   -0.23    2 = FOG REDUCING VISIBILITY
HIGHEST:    92 ON  2    GRTST 24HR  1.11 ON  8- 8      TO 1/4 MILE OR LESS
LOWEST:     36 ON 19                               3 = THUNDER
                        SNOW, ICE PELLETS, HAIL    4 = ICE PELLETS
                        TOTAL MONTH:   0.0 INCH    5 = HAIL
                        GRTST 24HR     0.0         6 = FREEZING RAIN OR DRIZZLE
                        GRTST DEPTH:   0           7 = DUSTSTORM OR SANDSTORM:
                                                       VSBY 1/2 MILE OR LESS
                                                   8 = SMOKE OR HAZE
[NO. OF DAYS WITH]      [WEATHER - DAYS WITH]      9 = BLOWING SNOW
                                                   X = TORNADO
MAX 32 OR BELOW:   0    0.01 INCH OR MORE:   2
MAX 90 OR ABOVE:   1    0.10 INCH OR MORE:   1
MIN 32 OR BELOW:   0    0.50 INCH OR MORE:   1
MIN  0 OR BELOW:   0    1.00 INCH OR MORE:   1

[HDD (BASE 65) ]
TOTAL THIS MO.    97    CLEAR  (SCALE 0-3)   8
DPTR FM NORMAL   -82    PTCLDY (SCALE 4-7)   5
TOTAL FM JUL 1   194    CLOUDY (SCALE 8-10)  6
DPTR FM NORMAL  -101

[CDD (BASE 65) ]
TOTAL THIS MO.    50
DPTR FM NORMAL    38    [PRESSURE DATA]
TOTAL FM JAN 1  2502    HIGHEST SLP M ON M
DPTR FM NORMAL   265    LOWEST  SLP M ON M

[REMARKS]
