000
CXUS54 KFWD 270730
CF6SEP
PRELIMINARY LOCAL CLIMATOLOGICAL DATA (WS FORM: F-6)

                                          STATION:   STEPHENVILLE
                                          MONTH:     AUGUST
                                          YEAR:      2015
                                          LATITUDE:   32 13 N
                                          LONGITUDE:  98 11 W

  TEMPERATURE IN F:       :PCPN:    SNOW:  WIND      :SUNSHINE: SKY     :PK WND
================================================================================
1   2   3   4   5  6A  6B    7    8   9   10  11  12  13   14  15   16   17  18
                                     12Z  AVG MX 2MIN
DY MAX MIN AVG DEP HDD CDD  WTR  SNW DPTH SPD SPD DIR MIN PSBL S-S WX    SPD DR
================================================================================

 1  92  74  83   0   0  18 0.00  0.0    0  2.4  7  50   M    M   2         M  M
 2  94  76  85   2   0  20 0.00  0.0    0  1.7  6 120   M    M   4         M  M
 3  96  70  83   0   0  18 0.00  0.0    0  2.7  8  80   M    M   0         M  M
 4  96  73  85   2   0  20 0.00  0.0    0  3.7  8 130   M    M   1         M  M
 5 100  77  89   6   0  24 0.00  0.0    0  5.4 10 210   M    M   1         M  M
 6 100  76  88   5   0  23 0.00  0.0    0  6.1 14 220   M    M   0        18 220
 7 100  75  88   5   0  23 0.00  0.0    0  5.0 10 150   M    M   0        16 150
 8 101  73  87   4   0  22 0.00  0.0    0  6.1 10 200   M    M   0         M  M
 9 102  73  88   5   0  23 0.00  0.0    0  5.4  9 220   M    M   0         M  M
10 101  71  86   3   0  21 0.00  0.0    0  1.7  7 270   M    M   0         M  M
11  99  73  86   3   0  21 0.00  0.0    0  2.3  7  70   M    M   1         M  M
12  98  76  87   4   0  22 0.00  0.0    0  5.3 13 360   M    M   0        18 340
13  97  74  86   3   0  21 0.00  0.0    0  3.3 10  50   M    M   1         M  M
14  94  76  85   2   0  20 0.00  0.0    0  5.0 10  80   M    M   3         M  M
15  96  75  86   3   0  21 0.00  0.0    0  5.1  8  60   M    M   2        16  60
16  97  65  81  -2   0  16 0.00  0.0    0  2.8 10 130   M    M   0         M  M
17  96  69  83   0   0  18 0.00  0.0    0  3.5  9 130   M    M   1         M  M
18  97  72  85   2   0  20 0.00  0.0    0  6.1 10 190   M    M   0        20 210
19  93  68  81  -2   0  16 0.01  0.0    0  8.4 20 360   M    M   4        28  10
20  74  60  67 -15   0   2 0.75  0.0    0  4.3 10 360   M    M   8         M  M
21  91  70  81  -1   0  16 0.00  0.0    0  8.2 13 130   M    M   4        18 160
22  96  73  85   3   0  20 0.00  0.0    0  6.6 12 190   M    M   1        18 190
23  97  75  86   4   0  21 0.00  0.0    0  5.0 10 180   M    M   0         M  M
24  95  71  83   1   0  18 0.00  0.0    0  2.0  8 300   M    M   1         M  M
25  97  70  84   2   0  19 0.73  0.0    0  3.2 23 130   M    M   2        35 130
26  92  69  81  -1   0  16 0.00  0.0    0  1.9  8 120   M    M   1         M  M
================================================================================
SM 2491 1874         0 499  1.49     0.0 113.2          M       37
================================================================================
AV 95.8 72.1                               4.4 FASTST   M    M   1    MAX(MPH)
                                 MISC ---->  # 23 130               # 35  130
================================================================================
NOTES:
# LAST OF SEVERAL OCCURRENCES

COLUMN 17 PEAK WIND IN M.P.H.

PRELIMINARY LOCAL CLIMATOLOGICAL DATA (WS FORM: F-6) , PAGE 2

                                          STATION:  STEPHENVILLE
                                          MONTH:    AUGUST
                                          YEAR:     2015
                                          LATITUDE:   32 13 N
                                          LONGITUDE:  98 11 W

[TEMPERATURE DATA]      [PRECIPITATION DATA]       SYMBOLS USED IN COLUMN 16

AVERAGE MONTHLY: 83.9   TOTAL FOR MONTH:   1.49    1 = FOG OR MIST
DPTR FM NORMAL:   1.2   DPTR FM NORMAL:   -0.43    2 = FOG REDUCING VISIBILITY
HIGHEST:   102 ON  9    GRTST 24HR  0.75 ON 20-20      TO 1/4 MILE OR LESS
LOWEST:     60 ON 20                               3 = THUNDER
                        SNOW, ICE PELLETS, HAIL    4 = ICE PELLETS
                        TOTAL MONTH:   0.0 INCH    5 = HAIL
                        GRTST 24HR     0.0         6 = FREEZING RAIN OR DRIZZLE
                        GRTST DEPTH:   0           7 = DUSTSTORM OR SANDSTORM:
                                                       VSBY 1/2 MILE OR LESS
                                                   8 = SMOKE OR HAZE
[NO. OF DAYS WITH]      [WEATHER - DAYS WITH]      9 = BLOWING SNOW
                                                   X = TORNADO
MAX 32 OR BELOW:   0    0.01 INCH OR MORE:   3
MAX 90 OR ABOVE:  25    0.10 INCH OR MORE:   2
MIN 32 OR BELOW:   0    0.50 INCH OR MORE:   2
MIN  0 OR BELOW:   0    1.00 INCH OR MORE:   0

[HDD (BASE 65) ]
TOTAL THIS MO.     0    CLEAR  (SCALE 0-3)  21
DPTR FM NORMAL     0    PTCLDY (SCALE 4-7)   5
TOTAL FM JUL 1     0    CLOUDY (SCALE 8-10)  0
DPTR FM NORMAL     0

[CDD (BASE 65) ]
TOTAL THIS MO.   499
DPTR FM NORMAL    39    [PRESSURE DATA]
TOTAL FM JAN 1  1849    HIGHEST SLP M ON M
DPTR FM NORMAL   121    LOWEST  SLP M ON M

[REMARKS]
