000
CXUS52 KMLB 280912
CF6SFB
PRELIMINARY LOCAL CLIMATOLOGICAL DATA (WS FORM: F-6)

                                          STATION:   SANFORD
                                          MONTH:     SEPTEMBER
                                          YEAR:      2016
                                          LATITUDE:   28 46 N
                                          LONGITUDE:  81 15 W

  TEMPERATURE IN F:       :PCPN:    SNOW:  WIND      :SUNSHINE: SKY     :PK WND
================================================================================
1   2   3   4   5  6A  6B    7    8   9   10  11  12  13   14  15   16   17  18
                                     12Z  AVG MX 2MIN
DY MAX MIN AVG DEP HDD CDD  WTR  SNW DPTH SPD SPD DIR MIN PSBL S-S WX    SPD DR
================================================================================

 1  88  73  81  -1   0  16 0.19  0.0    0  9.7 16 160   M    M   3 38     24 160
 2  86  75  81  -1   0  16 1.17  0.0    0 13.4 33 260   M    M   7 138    42 280
 3  89  75  82   0   0  17 0.28  0.0    0  5.1 25 230   M    M   4 138    30 240
 4  93  74  84   2   0  19 2.07  0.0    0  2.6 28  50   M    M   5 123    38  40
 5  86  72  79  -3   0  14 0.06  0.0    0  7.2 21  50   M    M   6 128    26  70
 6  89  71  80  -2   0  15 0.00  0.0    0  7.5 17  80   M    M   2        21  80
 7  90  71  81  -1   0  16 0.00  0.0    0  6.8 16  80   M    M   1        19 100
 8  90  71  81  -1   0  16 0.00  0.0    0  6.4 16  80   M    M   2        21  80
 9  91  73  82   0   0  17    T  0.0    0  6.6 16 100   M    M   2        19  80
10  93  74  84   2   0  19    T  0.0    0  5.0 17  80   M    M   1        22  80
11  92  75  84   2   0  19 0.73  0.0    0  3.7 26 110   M    M   2 13     34 130
12  91  75  83   2   0  18 0.08  0.0    0  8.0 23  80   M    M   2        31  80
13  84  75  80  -1   0  15 0.65  0.0    0 10.1 21 180   M    M   7 13     29 180
14  91  76  84   3   0  19 0.19  0.0    0  6.2 16 210   M    M   3 13     23 210
15  91  75  83   2   0  18 0.12  0.0    0  3.9 14 210   M    M   3 13     18 210
16  91  75  83   2   0  18 0.00  0.0    0  5.8 17  60   M    M   4        21  60
17  92  76  84   3   0  19 0.00  0.0    0  5.8 15  70   M    M   2        20  80
18  93  75  84   3   0  19    T  0.0    0  4.8 16 270   M    M   4 3      18 270
19  92  74  83   2   0  18 0.90  0.0    0  4.9 16 160   M    M   4 13     20 150
20  91  73  82   1   0  17 0.04  0.0    0  3.7 15  40   M    M   3 3      18  50
21  91  76  84   4   0  19 0.06  0.0    0  4.7 15  70   M    M   3 3      18  80
22  93  73  83   3   0  18 0.00  0.0    0  3.7 15 120   M    M   2 3      18 110
23  92  73  83   3   0  18    T  0.0    0  4.1 14  70   M    M   1        16  80
24  95  74  85   5   0  20 0.00  0.0    0  3.2 15 100   M    M   1        19 100
25  91  75  83   3   0  18 0.00  0.0    0  3.7 15  80   M    M   2 3      19  80
26  89  74  82   2   0  17 0.01  0.0    0  4.0 12 150   M    M   2 3      15 150
27  92  72  82   2   0  17 0.00  0.0    0  5.4 18 230   M    M   2 3      23 230
================================================================================
SM 2446 1995         0 472  6.55     0.0 156.0          M       80
================================================================================
AV 90.6 73.9                               5.8 FASTST   M    M   3    MAX(MPH)
                                 MISC ---->  # 33 260               # 42  280
================================================================================
NOTES:
# LAST OF SEVERAL OCCURRENCES

COLUMN 17 PEAK WIND IN M.P.H.

PRELIMINARY LOCAL CLIMATOLOGICAL DATA (WS FORM: F-6) , PAGE 2

                                          STATION:  SANFORD
                                          MONTH:    SEPTEMBER
                                          YEAR:     2016
                                          LATITUDE:   28 46 N
                                          LONGITUDE:  81 15 W

[TEMPERATURE DATA]      [PRECIPITATION DATA]       SYMBOLS USED IN COLUMN 16

AVERAGE MONTHLY: 82.2   TOTAL FOR MONTH:   6.55    1 = FOG OR MIST
DPTR FM NORMAL:   1.1   DPTR FM NORMAL:    0.92    2 = FOG REDUCING VISIBILITY
HIGHEST:    95 ON 24    GRTST 24HR  2.13 ON  4- 5      TO 1/4 MILE OR LESS
LOWEST:     71 ON  8, 7                            3 = THUNDER
                        SNOW, ICE PELLETS, HAIL    4 = ICE PELLETS
                        TOTAL MONTH:   0.0 INCH    5 = HAIL
                        GRTST 24HR     0.0         6 = FREEZING RAIN OR DRIZZLE
                        GRTST DEPTH:   0           7 = DUSTSTORM OR SANDSTORM:
                                                       VSBY 1/2 MILE OR LESS
                                                   8 = SMOKE OR HAZE
[NO. OF DAYS WITH]      [WEATHER - DAYS WITH]      9 = BLOWING SNOW
                                                   X = TORNADO
MAX 32 OR BELOW:   0    0.01 INCH OR MORE:  14
MAX 90 OR ABOVE:  20    0.10 INCH OR MORE:   9
MIN 32 OR BELOW:   0    0.50 INCH OR MORE:   5
MIN  0 OR BELOW:   0    1.00 INCH OR MORE:   2

[HDD (BASE 65) ]
TOTAL THIS MO.     0    CLEAR  (SCALE 0-3)  17
DPTR FM NORMAL     0    PTCLDY (SCALE 4-7)  10
TOTAL FM JUL 1     0    CLOUDY (SCALE 8-10)  0
DPTR FM NORMAL     0

[CDD (BASE 65) ]
TOTAL THIS MO.   472
DPTR FM NORMAL    36    [PRESSURE DATA]
TOTAL FM JAN 1  3197    HIGHEST SLP M ON M
DPTR FM NORMAL   345    LOWEST  SLP 29.79 ON  2

[REMARKS]
