000
CXUS56 KMTR 011000
CF6SFO
PRELIMINARY LOCAL CLIMATOLOGICAL DATA (WS FORM: F-6)

                                          STATION:   SAN FRANCISCO AIRPORT
                                          MONTH:     FEBRUARY
                                          YEAR:      2015
                                          LATITUDE:   37 37 N
                                          LONGITUDE: 122 23 W

  TEMPERATURE IN F:       :PCPN:    SNOW:  WIND      :SUNSHINE: SKY     :PK WND
================================================================================
1   2   3   4   5  6A  6B    7    8   9   10  11  12  13   14  15   16   17  18
                                     12Z  AVG MX 2MIN
DY MAX MIN AVG DEP HDD CDD  WTR  SNW DPTH SPD SPD DIR MIN PSBL S-S WX    SPD DR
================================================================================

 1  64  46  55   3  10   0 0.00  0.0    0  4.3 14 290   M    M   5        16 290
 2  66  49  58   6   7   0 0.00  0.0    0  2.5 10 290   M    M   6 18     12 290
 3  65  52  59   7   6   0 0.00  0.0    0  1.7  9  30   M    M   6 18     25  30
 4  64  50  57   5   8   0 0.00  0.0    0  5.5 16 180   M    M   7 18     21 180
 5  64  53  59   7   6   0 0.00  0.0    0  7.9 25 170   M    M   8        32 190
 6  67  55  61   9   4   0 0.72  0.0    0 24.7 41 170   M    M   9 1      54 170
 7  65  59  62  10   3   0 0.08  0.0    0  8.6 32 200   M    M   6 1      45 200
 8  65  57  61   9   4   0 1.21  0.0    0 18.4 41 190   M    M   8 1      55 210
 9  64  54  59   7   6   0    T  0.0    M  9.7 22 200   M    M   5        29 190
10  64  48  56   4   9   0 0.00  0.0    0  4.5 16 280   M    M   4        23  80
11  67  48  58   5   7   0 0.00  0.0    0  1.6  9  20   M    M   6        13 340
12  73  51  62   9   3   0 0.00  0.0    0  1.6  8 140   M    M   5 8      10 150
13  69  52  61   8   4   0 0.00  0.0    0  3.9 13 280   M    M   3        14 280
14  73  52  63  10   2   0 0.00  0.0    0  2.9  9  10   M    M   1         9 300
15  75  51  63  10   2   0 0.00  0.0    0  1.2  7 280   M    M   3        23  40
16  68  51  60   7   5   0 0.00  0.0    0  6.7 24 290   M    M   3 1      26 280
17  59  53  56   3   9   0 0.00  0.0    0  6.6 13 240   M    M  10 1      14 240
18  64  54  59   6   6   0 0.00  0.0    0  6.9 20 280   M    M   6        24 290
19  62  54  58   5   7   0 0.00  0.0    0  5.7 20 280   M    M   7 1      23 280
20  68  54  61   7   4   0 0.00  0.0    0  4.8 17 280   M    M   6 18     18 280
21  67  49  58   4   7   0 0.00  0.0    0  3.2 15 300   M    M   3 1      18 290
22  65  49  57   3   8   0 0.00  0.0    0 11.0 26 360   M    M   3        32 360
23  63  53  58   4   7   0 0.00  0.0    0 12.3 24 340   M    M   1        30 350
24  66  44  55   1  10   0 0.00  0.0    0  6.5 17 280   M    M   1        21 270
25  65  49  57   3   8   0 0.00  0.0    0  6.9 24 280   M    M   5        29 280
26  67  50  59   5   6   0 0.00  0.0    0 12.4 29 280   M    M   5        36 280
27  62  53  58   4   7   0    T  0.0    0 20.3 37 280   M    M   5        44 280
28  62  50  56   2   9   0    T  0.0    0  8.2 24 270   M    M   5 3      28 280
================================================================================
SM 1843 1440       174   0  2.01     0.0 210.5          M      142
================================================================================
AV 65.8 51.4                               7.5 FASTST   M    M   5    MAX(MPH)
                                 MISC ---->  # 41 170               # 55  210
================================================================================
NOTES:
# LAST OF SEVERAL OCCURRENCES

COLUMN 17 PEAK WIND IN M.P.H.

PRELIMINARY LOCAL CLIMATOLOGICAL DATA (WS FORM: F-6) , PAGE 2

                                          STATION:  SAN FRANCISCO AIRPORT
                                          MONTH:    FEBRUARY
                                          YEAR:     2015
                                          LATITUDE:   37 37 N
                                          LONGITUDE: 122 23 W

[TEMPERATURE DATA]      [PRECIPITATION DATA]       SYMBOLS USED IN COLUMN 16

AVERAGE MONTHLY: 58.6   TOTAL FOR MONTH:   2.01    1 = FOG OR MIST
DPTR FM NORMAL:   5.7   DPTR FM NORMAL:   -2.05    2 = FOG REDUCING VISIBILITY
HIGHEST:    75 ON 15    GRTST 24HR  1.21 ON  8- 8      TO 1/4 MILE OR LESS
LOWEST:     44 ON 24                               3 = THUNDER
                        SNOW, ICE PELLETS, HAIL    4 = ICE PELLETS
                        TOTAL MONTH:   0.0 INCH    5 = HAIL
                        GRTST 24HR     0.0         6 = FREEZING RAIN OR DRIZZLE
                        GRTST DEPTH:   0           7 = DUSTSTORM OR SANDSTORM:
                                                       VSBY 1/2 MILE OR LESS
                                                   8 = SMOKE OR HAZE
[NO. OF DAYS WITH]      [WEATHER - DAYS WITH]      9 = BLOWING SNOW
                                                   X = TORNADO
MAX 32 OR BELOW:   0    0.01 INCH OR MORE:   3
MAX 90 OR ABOVE:   0    0.10 INCH OR MORE:   2
MIN 32 OR BELOW:   0    0.50 INCH OR MORE:   2
MIN  0 OR BELOW:   0    1.00 INCH OR MORE:   1

[HDD (BASE 65) ]
TOTAL THIS MO.   174    CLEAR  (SCALE 0-3)   7
DPTR FM NORMAL  -165    PTCLDY (SCALE 4-7)  18
TOTAL FM JUL 1   947    CLOUDY (SCALE 8-10)  3
DPTR FM NORMAL  -859

[CDD (BASE 65) ]
TOTAL THIS MO.     0
DPTR FM NORMAL     0    [PRESSURE DATA]
TOTAL FM JAN 1     0    HIGHEST SLP M ON M
DPTR FM NORMAL     0    LOWEST  SLP 29.72 ON 28

[REMARKS]
#FINAL-02-15#
