000
CXUS55 KBYZ 301055
CF6SHR
PRELIMINARY LOCAL CLIMATOLOGICAL DATA (WS FORM: F-6)

                                          STATION:   SHERIDAN WY
                                          MONTH:     APRIL
                                          YEAR:      2017
                                          LATITUDE:   44 46 N
                                          LONGITUDE: 106 58 W

  TEMPERATURE IN F:       :PCPN:    SNOW:  WIND      :SUNSHINE: SKY     :PK WND
================================================================================
1   2   3   4   5  6A  6B    7    8   9   10  11  12  13   14  15   16   17  18
                                     12Z  AVG MX 2MIN
DY MAX MIN AVG DEP HDD CDD  WTR  SNW DPTH SPD SPD DIR MIN PSBL S-S WX    SPD DR
================================================================================

 1  62  31  47   7  18   0 0.00    M    M  4.0 14 120   M    M   2 12     22 120
 2  52  34  43   3  22   0 0.06    M    M  9.4 22 300   M    M   8 1      27 300
 3  46  31  39  -1  26   0 0.07    M    M 15.4 29 310   M    M   9 1      35 320
 4  47  24  36  -5  29   0    T    M    M 11.5 29 320   M    M   3 1      35 330
 5  59  23  41   0  24   0 0.00    M    M  7.2 21 330   M    M   5        28 330
 6  71  29  50   9  15   0 0.00    M    M  6.3 21 140   M    M   0        26 140
 7  75  37  56  15   9   0 0.00    M    M  7.2 35 300   M    M   0        42 300
 8  62  41  52  10  13   0 0.03    M    M  6.3 20 350   M    M   6        26 350
 9  44  32  38  -4  27   0 0.21    M    M 18.0 40 300   M    M  10 1      49 310
10  52  27  40  -2  25   0 0.02    M    M  6.3 20 310   M    M   3 1      27 310
11  57  29  43   1  22   0 0.00    M    M  5.8 17 310   M    M   2        23 300
12  65  36  51   8  14   0 0.00    M    M  7.4 24 140   M    M   3        34 150
13  81  48  65  22   0   0 0.00    M    M 16.0 26 130   M    M   0        35 130
14  66  42  54  11  11   0 0.00    M    M 10.1 30 320   M    M   5        37 310
15  56  28  42  -1  23   0 0.00    M    M  8.4 23 320   M    M   3        29 310
16  56  25  41  -3  24   0 0.00    M    M  5.0 16 340   M    M   0        24 340
17  72  35  54  10  11   0    T    M    M  9.3 53 320   M    M   2 1      64 320
18  63  33  48   4  17   0 0.00    M    M  6.0 17 140   M    M   3        22 150
19  58  36  47   3  18   0 0.06    M    M 14.7 37 310   M    M   5 3      49 320
20  63  28  46   1  19   0 0.00    M    M  7.2 21 130   M    M   1        28 130
21  49  41  45   0  20   0 0.51    M    M 10.4 25 140   M    M   8 1      35 140
22  60  37  49   4  16   0 0.00    M    M  6.2 20 150   M    M   5        25 130
23  70  33  52   6  13   0 0.00    M    M  8.8 33 310   M    M   3        43 310
24  59  34  47   1  18   0 0.56    M    M  5.3 16 320   M    M   6 1      22 330
25  39  32  36 -10  29   0 1.71    M    M  7.4 17 340   M    M  10 128    19 340
26  38  27  33 -13  32   0 0.00    M    M  3.1  9 280   M    M   7        13 120
27  37  31  34 -13  31   0 1.00    M    M  5.3 13 280   M    M  10 12     15 280
28  39  29  34 -13  31   0 0.37    M    M  5.6 16 270   M    M   8 1      20 270
29  44  25  35 -12  30   0 0.00    M    M  5.1 15 130   M    M   0        19 130
================================================================================
SM 1642  938       587   0  4.60    M    238.7          M      127
================================================================================
AV 56.6 32.3                               8.2 FASTST   M    M   4    MAX(MPH)
                                 MISC ---->  # 53 320               # 64  320
================================================================================
NOTES:
# LAST OF SEVERAL OCCURRENCES

COLUMN 17 PEAK WIND IN M.P.H.

PRELIMINARY LOCAL CLIMATOLOGICAL DATA (WS FORM: F-6) , PAGE 2

                                          STATION:  SHERIDAN WY
                                          MONTH:    APRIL
                                          YEAR:     2017
                                          LATITUDE:   44 46 N
                                          LONGITUDE: 106 58 W

[TEMPERATURE DATA]      [PRECIPITATION DATA]       SYMBOLS USED IN COLUMN 16

AVERAGE MONTHLY: 44.5   TOTAL FOR MONTH:   4.60    1 = FOG OR MIST
DPTR FM NORMAL:   1.0   DPTR FM NORMAL:    3.07    2 = FOG REDUCING VISIBILITY
HIGHEST:    81 ON 13    GRTST 24HR  1.71 ON 25-25      TO 1/4 MILE OR LESS
LOWEST:     23 ON  5                               3 = THUNDER
                        SNOW, ICE PELLETS, HAIL    4 = ICE PELLETS
                        TOTAL MONTH:    M          5 = HAIL
                        GRTST 24HR    M  ON   M    6 = FREEZING RAIN OR DRIZZLE
                        GRTST DEPTH:  M  ON   M    7 = DUSTSTORM OR SANDSTORM:
                                                       VSBY 1/2 MILE OR LESS
                                                   8 = SMOKE OR HAZE
[NO. OF DAYS WITH]      [WEATHER - DAYS WITH]      9 = BLOWING SNOW
                                                   X = TORNADO
MAX 32 OR BELOW:   0    0.01 INCH OR MORE:  11
MAX 90 OR ABOVE:   0    0.10 INCH OR MORE:   6
MIN 32 OR BELOW:  16    0.50 INCH OR MORE:   4
MIN  0 OR BELOW:   0    1.00 INCH OR MORE:   2

[HDD (BASE 65) ]
TOTAL THIS MO.   587    CLEAR  (SCALE 0-3)  13
DPTR FM NORMAL   -38    PTCLDY (SCALE 4-7)  10
TOTAL FM JUL 1  6844    CLOUDY (SCALE 8-10)  6
DPTR FM NORMAL  -240

[CDD (BASE 65) ]
TOTAL THIS MO.     0
DPTR FM NORMAL     0    [PRESSURE DATA]
TOTAL FM JAN 1     0    HIGHEST SLP M ON M
DPTR FM NORMAL     0    LOWEST  SLP 29.37 ON 13

[REMARKS]
