000
CXUS55 KBYZ 171055
CF6SHR
PRELIMINARY LOCAL CLIMATOLOGICAL DATA (WS FORM: F-6)

                                          STATION:   SHERIDAN WY
                                          MONTH:     DECEMBER
                                          YEAR:      2017
                                          LATITUDE:   44 46 N
                                          LONGITUDE: 106 58 W

  TEMPERATURE IN F:       :PCPN:    SNOW:  WIND      :SUNSHINE: SKY     :PK WND
================================================================================
1   2   3   4   5  6A  6B    7    8   9   10  11  12  13   14  15   16   17  18
                                     12Z  AVG MX 2MIN
DY MAX MIN AVG DEP HDD CDD  WTR  SNW DPTH SPD SPD DIR MIN PSBL S-S WX    SPD DR
================================================================================

 1  51  23  37  11  28   0 0.00    M    M  2.5  9 190   M    M   2         9 200
 2  55  21  38  13  27   0 0.00    M    M  2.3 10 130   M    M   0        12 120
 3  54  21  38  13  27   0 0.02    M    M  9.4 29 310   M    M   3 1      36 320
 4  32  20  26   2  39   0    T    M    M 16.4 33 320   M    M   8 1      41 320
 5  43  18  31   7  34   0    T    M    M 17.5 43 310   M    M   5        53 310
 6  34  16  25   1  40   0 0.00    M    M 18.4 38 310   M    M   5        48 310
 7  49  27  38  14  27   0 0.00    M    M 17.0 32 310   M    M   9        41 310
 8  58  28  43  20  22   0 0.00    M    M 14.0 30 310   M    M   0        39 310
 9  58  23  41  18  24   0 0.00    M    M  7.9 18 340   M    M   0        23 320
10  63  21  42  19  23   0 0.00    M    M  4.5 16 340   M    M   0        22 350
11  50  22  36  13  29   0 0.00    M    M  5.9 20 310   M    M   0        23 320
12  70  21  46  23  19   0 0.00    M    M  5.9 23 320   M    M   1        28 320
13  50  27  39  17  26   0 0.00    M    M 12.7 24 310   M    M   6        29 310
14  43  19  31   9  34   0 0.00    M    M 14.3 33 310   M    M   4        41 320
15  48  17  33  11  32   0 0.00    M    M  2.8 16 320   M    M   0        23 310
16  42  22  32  10  33   0 0.44    M    M  4.4 17 310   M    M   9 12     20 310
================================================================================
SM  800  346       464   0  0.46    M    155.9          M       52
================================================================================
AV 50.0 21.6                               9.7 FASTST   M    M   3    MAX(MPH)
                                 MISC ---->  # 43 310               # 53  310
================================================================================
NOTES:
# LAST OF SEVERAL OCCURRENCES

COLUMN 17 PEAK WIND IN M.P.H.

PRELIMINARY LOCAL CLIMATOLOGICAL DATA (WS FORM: F-6) , PAGE 2

                                          STATION:  SHERIDAN WY
                                          MONTH:    DECEMBER
                                          YEAR:     2017
                                          LATITUDE:   44 46 N
                                          LONGITUDE: 106 58 W

[TEMPERATURE DATA]      [PRECIPITATION DATA]       SYMBOLS USED IN COLUMN 16

AVERAGE MONTHLY: 35.8   TOTAL FOR MONTH:   0.46    1 = FOG OR MIST
DPTR FM NORMAL:  12.4   DPTR FM NORMAL:    0.15    2 = FOG REDUCING VISIBILITY
HIGHEST:    70 ON 12    GRTST 24HR  0.44 ON 16-16      TO 1/4 MILE OR LESS
LOWEST:     16 ON  6                               3 = THUNDER
                        SNOW, ICE PELLETS, HAIL    4 = ICE PELLETS
                        TOTAL MONTH:    M          5 = HAIL
                        GRTST 24HR    M  ON   M    6 = FREEZING RAIN OR DRIZZLE
                        GRTST DEPTH:  M  ON   M    7 = DUSTSTORM OR SANDSTORM:
                                                       VSBY 1/2 MILE OR LESS
                                                   8 = SMOKE OR HAZE
[NO. OF DAYS WITH]      [WEATHER - DAYS WITH]      9 = BLOWING SNOW
                                                   X = TORNADO
MAX 32 OR BELOW:   1    0.01 INCH OR MORE:   2
MAX 90 OR ABOVE:   0    0.10 INCH OR MORE:   1
MIN 32 OR BELOW:  16    0.50 INCH OR MORE:   0
MIN  0 OR BELOW:   0    1.00 INCH OR MORE:   0

[HDD (BASE 65) ]
TOTAL THIS MO.   464    CLEAR  (SCALE 0-3)   9
DPTR FM NORMAL  -201    PTCLDY (SCALE 4-7)   5
TOTAL FM JUL 1  2254    CLOUDY (SCALE 8-10)  2
DPTR FM NORMAL  -289

[CDD (BASE 65) ]
TOTAL THIS MO.     0
DPTR FM NORMAL     0    [PRESSURE DATA]
TOTAL FM JAN 1   481    HIGHEST SLP M ON M
DPTR FM NORMAL    62    LOWEST  SLP 29.50 ON  3

[REMARKS]
