000
CXUS56 KFGZ 200900
CF6SJN
PRELIMINARY LOCAL CLIMATOLOGICAL DATA (WS FORM: F-6)

                                          STATION:   SAINT JOHNS AZ AIRPORT
                                          MONTH:     JANUARY
                                          YEAR:      2017
                                          LATITUDE:   34 31 N
                                          LONGITUDE: 109 23 W

  TEMPERATURE IN F:       :PCPN:    SNOW:  WIND      :SUNSHINE: SKY     :PK WND
================================================================================
1   2   3   4   5  6A  6B    7    8   9   10  11  12  13   14  15   16   17  18
                                     12Z  AVG MX 2MIN
DY MAX MIN AVG DEP HDD CDD  WTR  SNW DPTH SPD SPD DIR MIN PSBL S-S WX    SPD DR
================================================================================

 1  47  28  38   4  27   0 0.03    M    M  6.4 22 240   M    M   6 1      28 240
 2  40  27  34   0  31   0 0.00    M    M  4.4  9  30   M    M   4        12  30
 3  49  25  37   3  28   0 0.00    M    M  3.7 14 300   M    M   1        17 300
 4  56  25  41   7  24   0 0.00    M    M  9.3 30 250   M    M   1 1      37 250
 5  53  41  47  13  18   0 0.00    M    M 23.3 35 250   M    M   3        43 250
 6  44  18  31  -3  34   0 0.04    M    M  9.2 30 310   M    M   4 18     39 300
 7  42  14  28  -6  37   0 0.00    M    M  1.5  7 160   M    M   4 1       8 190
 8  64  23  44  10  21   0    T    M    M  5.3 15 280   M    M   1 1      18 280
 9  65  33  49  14  16   0 0.01    M    M 13.2 37 260   M    M   0        47 250
10  61  37  49  14  16   0 0.00    M    M  9.7 24 260   M    M   3        33 260
11  58  36  47  12  18   0 0.00    M    M 17.6 35 240   M    M   1 8      45 240
12  63  29  46  11  19   0 0.00    M    M  7.1 25 240   M    M   0        33 230
13  57  24  41   6  24   0 0.00    M    M  3.5 23 260   M    M   4 8      28 270
14  64  32  48  13  17   0 0.01    M    M  5.8 26 290   M    M   6 1      33 170
15  44  38  41   6  24   0 0.11    M    M  8.4 17 290   M    M  10 18     22 320
16  46  35  41   5  24   0 0.01    M    M  4.2 12 330   M    M   9 1      14 310
17  49  33  41   5  24   0 0.00    M    M  4.1 13 300   M    M   9        15 310
18  48  29  39   3  26   0 0.00    M    M  6.5 16 240   M    M   7 1      21 240
19  45  24  35  -1  30   0 0.02    M    0  7.0 18 250   M    M   4        26 260
================================================================================
SM  995  551       458   0  0.23    M    150.2          M       77
================================================================================
AV 52.4 29.0                               7.9 FASTST   M    M   4    MAX(MPH)
                                 MISC ---->  # 37 260               # 47  250
================================================================================
NOTES:
# LAST OF SEVERAL OCCURRENCES

COLUMN 17 PEAK WIND IN M.P.H.

PRELIMINARY LOCAL CLIMATOLOGICAL DATA (WS FORM: F-6) , PAGE 2

                                          STATION:  SAINT JOHNS AZ AIRPORT
                                          MONTH:    JANUARY
                                          YEAR:     2017
                                          LATITUDE:   34 31 N
                                          LONGITUDE: 109 23 W

[TEMPERATURE DATA]      [PRECIPITATION DATA]       SYMBOLS USED IN COLUMN 16

AVERAGE MONTHLY: 40.7   TOTAL FOR MONTH:   0.23    1 = FOG OR MIST
DPTR FM NORMAL:   5.9   DPTR FM NORMAL:   -0.28    2 = FOG REDUCING VISIBILITY
HIGHEST:    65 ON  9    GRTST 24HR  0.11 ON 15-15      TO 1/4 MILE OR LESS
LOWEST:     14 ON  7                               3 = THUNDER
                        SNOW, ICE PELLETS, HAIL    4 = ICE PELLETS
                        TOTAL MONTH:    M          5 = HAIL
                        GRTST 24HR    M  ON   M    6 = FREEZING RAIN OR DRIZZLE
                        GRTST DEPTH:   0           7 = DUSTSTORM OR SANDSTORM:
                                                       VSBY 1/2 MILE OR LESS
                                                   8 = SMOKE OR HAZE
[NO. OF DAYS WITH]      [WEATHER - DAYS WITH]      9 = BLOWING SNOW
                                                   X = TORNADO
MAX 32 OR BELOW:   0    0.01 INCH OR MORE:   7
MAX 90 OR ABOVE:   0    0.10 INCH OR MORE:   1
MIN 32 OR BELOW:  12    0.50 INCH OR MORE:   0
MIN  0 OR BELOW:   0    1.00 INCH OR MORE:   0

[HDD (BASE 65) ]
TOTAL THIS MO.   458    CLEAR  (SCALE 0-3)   8
DPTR FM NORMAL  -118    PTCLDY (SCALE 4-7)   8
TOTAL FM JUL 1  2121    CLOUDY (SCALE 8-10)  3
DPTR FM NORMAL  -430

[CDD (BASE 65) ]
TOTAL THIS MO.     0
DPTR FM NORMAL     0    [PRESSURE DATA]
TOTAL FM JAN 1     0    HIGHEST SLP M ON M
DPTR FM NORMAL     0    LOWEST  SLP 29.68 ON  5

[REMARKS]
