000
CXUS56 KPQR 291200
CF6SLE
PRELIMINARY LOCAL CLIMATOLOGICAL DATA (WS FORM: F-6)

                                          STATION:   SALEM OR
                                          MONTH:     SEPTEMBER
                                          YEAR:      2016
                                          LATITUDE:   44 55 N
                                          LONGITUDE: 123  0 W

  TEMPERATURE IN F:       :PCPN:    SNOW:  WIND      :SUNSHINE: SKY     :PK WND
================================================================================
1   2   3   4   5  6A  6B    7    8   9   10  11  12  13   14  15   16   17  18
                                     12Z  AVG MX 2MIN
DY MAX MIN AVG DEP HDD CDD  WTR  SNW DPTH SPD SPD DIR MIN PSBL S-S WX    SPD DR
================================================================================

 1  69  55  62  -4   3   0 0.03  0.0    0  5.2 13 200   M    M   8        16 200
 2  73  57  65  -1   0   0 0.21  0.0    0  7.7 20 260   M    M   6 1      24 250
 3  71  47  59  -6   6   0    T  0.0    0  3.4 14 310   M    M   5        17 290
 4  73  48  61  -4   4   0 0.00  0.0    0  3.5 17 320   M    M   5        22 310
 5  75  49  62  -3   3   0 0.00  0.0    0  2.4 12 310   M    M   4        15 320
 6  72  54  63  -2   2   0 0.11  0.0    0  9.4 20 170   M    M   9 1      24 160
 7  77  54  66   1   0   1 0.00  0.0    0  3.7 14 330   M    M   5        15 330
 8  78  50  64   0   1   0 0.00  0.0    0  6.2 15  20   M    M   2        20  30
 9  85  48  67   3   0   2 0.00  0.0    0  8.1 18 360   M    M   1        23 360
10  89  51  70   6   0   5 0.00  0.0    0  5.8 16 290   M    M   0        19 280
11  76  49  63  -1   2   0 0.00  0.0    0  6.2 16 300   M    M   3        20 320
12  81  48  65   1   0   0 0.00  0.0    0  8.0 20  20   M    M   0        27  20
13  84  46  65   1   0   0 0.00  0.0    0  6.7 18 350   M    M   0        25 360
14  81  46  64   1   1   0 0.00  0.0    0  4.8 14 280   M    M   0        18 190
15  83  45  64   1   1   0 0.00  0.0    0  2.6 12  10   M    M   0        15  40
16  86  49  68   5   0   3 0.00  0.0    0  2.6  8 260   M    M   0        10 270
17  62  55  59  -3   6   0 0.72  0.0    0  4.6 14 160   M    M   9 1      17 170
18  73  50  62   0   3   0    T  0.0    0  3.8 13 290   M    M   7 1      16 190
19  68  47  58  -4   7   0 0.00  0.0    0  4.0 12 190   M    M   3 12     14 190
20  72  48  60  -2   5   0 0.00  0.0    0  4.2 20 350   M    M   2        24 340
21  73  44  59  -2   6   0 0.44  0.0    0  3.9 17  20   M    M   3 123    28  20
22  71  46  59  -2   6   0    T  0.0    0  5.8 14 280   M    M   4 3      18 280
23  62  50  56  -5   9   0 0.03  0.0    0  9.8 24 180   M    M   8        32 190
24  71  46  59  -1   6   0 0.00  0.0    0  3.7  9 360   M    M   4 128    13  30
25  84  47  66   6   0   1 0.00  0.0    0  4.1 16  10   M    M   0        21  10
26  90  52  71  11   0   6 0.00  0.0    0  2.7 17 290   M    M   0 1      22 280
27  75  57  66   6   0   1 0.00  0.0    0  8.7 17  20   M    M   3        24  30
28  75  48  62   3   3   0 0.00  0.0    0  4.1 14  20   M    M   0        18 350
================================================================================
SM 2129 1386        74  19  1.54     0.0 145.7          M       91
================================================================================
AV 76.0 49.5                               5.2 FASTST   M    M   3    MAX(MPH)
                                 MISC ---->  # 24 180               # 32  190
================================================================================
NOTES:
# LAST OF SEVERAL OCCURRENCES

COLUMN 17 PEAK WIND IN M.P.H.

PRELIMINARY LOCAL CLIMATOLOGICAL DATA (WS FORM: F-6) , PAGE 2

                                          STATION:  SALEM OR
                                          MONTH:    SEPTEMBER
                                          YEAR:     2016
                                          LATITUDE:   44 55 N
                                          LONGITUDE: 123  0 W

[TEMPERATURE DATA]      [PRECIPITATION DATA]       SYMBOLS USED IN COLUMN 16

AVERAGE MONTHLY: 62.8   TOTAL FOR MONTH:   1.54    1 = FOG OR MIST
DPTR FM NORMAL:  -0.1   DPTR FM NORMAL:    0.38    2 = FOG REDUCING VISIBILITY
HIGHEST:    90 ON 26    GRTST 24HR  0.72 ON 17-17      TO 1/4 MILE OR LESS
LOWEST:     44 ON 21                               3 = THUNDER
                        SNOW, ICE PELLETS, HAIL    4 = ICE PELLETS
                        TOTAL MONTH:   0.0 INCH    5 = HAIL
                        GRTST 24HR     0.0         6 = FREEZING RAIN OR DRIZZLE
                        GRTST DEPTH:   0           7 = DUSTSTORM OR SANDSTORM:
                                                       VSBY 1/2 MILE OR LESS
                                                   8 = SMOKE OR HAZE
[NO. OF DAYS WITH]      [WEATHER - DAYS WITH]      9 = BLOWING SNOW
                                                   X = TORNADO
MAX 32 OR BELOW:   0    0.01 INCH OR MORE:   6
MAX 90 OR ABOVE:   1    0.10 INCH OR MORE:   4
MIN 32 OR BELOW:   0    0.50 INCH OR MORE:   1
MIN  0 OR BELOW:   0    1.00 INCH OR MORE:   0

[HDD (BASE 65) ]
TOTAL THIS MO.    74    CLEAR  (SCALE 0-3)  14
DPTR FM NORMAL   -22    PTCLDY (SCALE 4-7)  12
TOTAL FM JUL 1    89    CLOUDY (SCALE 8-10)  2
DPTR FM NORMAL   -63

[CDD (BASE 65) ]
TOTAL THIS MO.    19
DPTR FM NORMAL   -17    [PRESSURE DATA]
TOTAL FM JAN 1   465    HIGHEST SLP M ON M
DPTR FM NORMAL   177    LOWEST  SLP 29.88 ON 13

[REMARKS]
