000
CXUS51 KBTV 240700
CF6SLK
PRELIMINARY LOCAL CLIMATOLOGICAL DATA (WS FORM: F-6)

                                          STATION:   SARANAC LAKE NY
                                          MONTH:     OCTOBER
                                          YEAR:      2014
                                          LATITUDE:   44 23 N
                                          LONGITUDE:  74 12 W

  TEMPERATURE IN F:       :PCPN:    SNOW:  WIND      :SUNSHINE: SKY     :PK WND
================================================================================
1   2   3   4   5  6A  6B    7    8   9   10  11  12  13   14  15   16   17  18
                                     12Z  AVG MX 2MIN
DY MAX MIN AVG DEP HDD CDD  WTR  SNW DPTH SPD SPD DIR MIN PSBL S-S WX    SPD DR
================================================================================

 1  66  47  57  10   8   0 0.00  0.0    0  6.1 15  40   M    M   6 12     18  50
 2  71  44  58  11   7   0 0.00  0.0    0  1.8 13  70   M    M   5 12     16  60
 3  72  39  56  10   9   0 0.00  0.0    0  8.3 21 190   M    M   1 1      26 180
 4  59  43  51   5  14   0 0.45    M    0  7.0 14 170   M    M  10 1      20 170
 5  52  37  45  -1  20   0 0.01    M    0  9.2 20 210   M    M   7 1      24 210
 6  59  28  44  -1  21   0    T    M    0 10.0 26 200   M    M   2 1      34 200
 7  61  39  50   5  15   0 0.16    M    0  8.6 25 190   M    M   7 1      34 180
 8  56  43  50   5  15   0 0.58    M    0 11.5 25 250   M    M  10 18     39 270
 9  47  37  42  -2  23   0 0.09    M    0 10.8 22 240   M    M   7 1      30 250
10  49  30  40  -4  25   0 0.02    M    0  5.6 15 230   M    M   7        21 250
11  48  29  39  -5  26   0 0.05    M    0  1.3 12 210   M    M   8 12     14 230
12  54  26  40  -3  25   0 0.00  0.0    0  1.3  7 180   M    M   5 12     17 290
13  61  21  41  -2  24   0    T    M    0  3.9 17 210   M    M   6 12     22 210
14  76  50  63  20   2   0 0.00  0.0    0 13.0 29 200   M    M   5        35 210
15  74  59  67  25   0   2 0.19  0.0    0  8.5 22 210   M    M   5 1      28 190
16  69  56  63  21   2   0 0.14  0.0    0  6.2 21 170   M    M   8 18     31 170
17  61  49  55  13  10   0 0.02    M    0  9.2 25 220   M    M   9 18     33 210
18  55  37  46   5  19   0 0.19    M    0  7.7 14 210   M    M   9 1      22 210
19  37  30  34  -7  31   0 0.03    M    0  6.4 10 280   M    M  10 1      17 280
20  44  23  34  -7  31   0    T    M    0  3.7 14 210   M    M   8 8      17 240
21  44  40  42   2  23   0 0.26    M    0  7.0 14  60   M    M  10 1      18  50
22  44  39  42   2  23   0 0.00  0.0    0  8.3 15  40   M    M  10 1      19  30
23  42  38  40   0  25   0 0.05  0.0    0  8.2 15  20   M    M  10 1      20  40
================================================================================
SM 1301  884       398   2  2.24     0.0 163.6          M      165
================================================================================
AV 56.6 38.4                               7.1 FASTST   M    M   7    MAX(MPH)
                                 MISC ---->  # 29 200               # 39  270
================================================================================
NOTES:
# LAST OF SEVERAL OCCURRENCES

COLUMN 17 PEAK WIND IN M.P.H.

PRELIMINARY LOCAL CLIMATOLOGICAL DATA (WS FORM: F-6) , PAGE 2

                                          STATION:  SARANAC LAKE NY
                                          MONTH:    OCTOBER
                                          YEAR:     2014
                                          LATITUDE:   44 23 N
                                          LONGITUDE:  74 12 W

[TEMPERATURE DATA]      [PRECIPITATION DATA]       SYMBOLS USED IN COLUMN 16

AVERAGE MONTHLY: 47.5   TOTAL FOR MONTH:   2.24    1 = FOG OR MIST
DPTR FM NORMAL:   4.2   DPTR FM NORMAL:   -0.74    2 = FOG REDUCING VISIBILITY
HIGHEST:    76 ON 14    GRTST 24HR  0.59 ON  7- 8      TO 1/4 MILE OR LESS
LOWEST:     21 ON 13                               3 = THUNDER
                        SNOW, ICE PELLETS, HAIL    4 = ICE PELLETS
                        TOTAL MONTH:   0.0 INCH    5 = HAIL
                        GRTST 24HR     0.0         6 = FREEZING RAIN OR DRIZZLE
                        GRTST DEPTH:   0           7 = DUSTSTORM OR SANDSTORM:
                                                       VSBY 1/2 MILE OR LESS
                                                   8 = SMOKE OR HAZE
[NO. OF DAYS WITH]      [WEATHER - DAYS WITH]      9 = BLOWING SNOW
                                                   X = TORNADO
MAX 32 OR BELOW:   0    0.01 INCH OR MORE:  14
MAX 90 OR ABOVE:   0    0.10 INCH OR MORE:   7
MIN 32 OR BELOW:   7    0.50 INCH OR MORE:   1
MIN  0 OR BELOW:   0    1.00 INCH OR MORE:   0

[HDD (BASE 65) ]
TOTAL THIS MO.   398    CLEAR  (SCALE 0-3)   2
DPTR FM NORMAL   -99    PTCLDY (SCALE 4-7)  12
TOTAL FM JUL 1  1012    CLOUDY (SCALE 8-10)  9
DPTR FM NORMAL   -70

[CDD (BASE 65) ]
TOTAL THIS MO.     2
DPTR FM NORMAL     2    [PRESSURE DATA]
TOTAL FM JAN 1    83    HIGHEST SLP M ON M
DPTR FM NORMAL   -31    LOWEST  SLP 29.52 ON 18

[REMARKS]
