000
CXUS55 KLOX 291655
CF6SMO
PRELIMINARY LOCAL CLIMATOLOGICAL DATA (WS FORM: F-6)

                                          STATION:   SANTA MONICA AIRPORT CA
                                          MONTH:     MAY
                                          YEAR:      2017
                                          LATITUDE:   34  0 N
                                          LONGITUDE: 118 27 W

  TEMPERATURE IN F:       :PCPN:    SNOW:  WIND      :SUNSHINE: SKY     :PK WND
================================================================================
1   2   3   4   5  6A  6B    7    8   9   10  11  12  13   14  15   16   17  18
                                     12Z  AVG MX 2MIN
DY MAX MIN AVG DEP HDD CDD  WTR  SNW DPTH SPD SPD DIR MIN PSBL S-S WX    SPD DR
================================================================================

 1  75  56  66   6   0   1 0.00  0.0    0  4.3 13 240   M    M   1        16 240
 2  73  58  66   6   0   1 0.00  0.0    0  4.3 13 210   M    M   1 12     16 210
 3  72  59  66   5   0   1 0.00  0.0    0  5.2 12 240   M    M   1        15 270
 4  67  57  62   1   3   0 0.00  0.0    0  5.2 15 230   M    M   5 18     21 220
 5  64  56  60  -1   5   0 0.00  0.0    0  4.5 12 220   M    M   9 1      15 220
 6  63  51  57  -4   8   0    T  0.0    0  8.0 21 240   M    M   8        31 230
 7  63  49  56  -5   9   0 0.11    M    0  5.8 15 230   M    M   6 13     20 200
 8  64  48  56  -5   9   0 0.00  0.0    0  4.9 15 230   M    M   1        23 220
 9  69  54  62   0   3   0 0.00  0.0    0  7.3 16 140   M    M   9 1      21 160
10  67  59  63   1   2   0    T  0.0    0  4.5 12 210   M    M   9        14 230
11  66  55  61  -1   4   0 0.00  0.0    0  6.8 16 240   M    M   3        22 240
12  67  56  62   0   3   0 0.00  0.0    0  4.8 13 210   M    M   7        18 230
13  69  54  62   0   3   0 0.00  0.0    0  6.9 16 240   M    M   0        24 360
14  66  53  60  -2   5   0 0.00  0.0    0  6.4 14 220   M    M   4        23 220
15  63  55  59  -3   6   0 0.00  0.0    0  6.0 16 230   M    M   4        20 230
16  64  52  58  -4   7   0 0.00  0.0    0  4.7 13 200   M    M   0        19 230
17  65  54  60  -2   5   0 0.00  0.0    0  4.6 14 240   M    M   4        18 230
18  67  54  61  -2   4   0 0.00  0.0    0  4.8 15 260   M    M   1        19 270
19  78  56  67   4   0   2 0.00  0.0    0  5.1 16 240   M    M   0        22 230
20  86  60  73  10   0   8 0.00  0.0    0  5.1 14 240   M    M   0        19 240
21  75  60  68   5   0   3 0.00  0.0    0  5.0 13 230   M    M   0        17 220
22  67  58  63   0   2   0 0.00  0.0    0  5.3 12 230   M    M   6 1      16 260
23  71  58  65   2   0   0 0.00  0.0    0  5.6 15 230   M    M   5 18     20 230
24   M   M   M   M   M   M 0.00  0.0    0  5.8 15 210   M    M   8 8      20 210
25  66  59  63   0   2   0 0.00  0.0    0  6.7 13 220   M    M   8        17 210
26  69  60  65   2   0   0 0.00  0.0    0  5.2 14 230   M    M   7        19 230
27  68  56  62  -1   3   0 0.00  0.0    0  5.1 16 240   M    M   3        19 240
28  69  56  63  -1   2   0 0.00  0.0    0  5.6 14 230   M    M   1        19 240
================================================================================
SM 1853 1503        85  16  0.11     0.0 153.5          M      111
================================================================================
AV 68.6 55.7                               5.5 FASTST   M    M   4    MAX(MPH)
                                 MISC ---->  # 21 240               # 31  230
================================================================================
NOTES:
# LAST OF SEVERAL OCCURRENCES

COLUMN 17 PEAK WIND IN M.P.H.

PRELIMINARY LOCAL CLIMATOLOGICAL DATA (WS FORM: F-6) , PAGE 2

                                          STATION:  SANTA MONICA AIRPORT CA
                                          MONTH:    MAY
                                          YEAR:     2017
                                          LATITUDE:   34  0 N
                                          LONGITUDE: 118 27 W

[TEMPERATURE DATA]      [PRECIPITATION DATA]       SYMBOLS USED IN COLUMN 16

AVERAGE MONTHLY: 62.2   TOTAL FOR MONTH:   0.11    1 = FOG OR MIST
DPTR FM NORMAL:   0.1   DPTR FM NORMAL:   -0.10    2 = FOG REDUCING VISIBILITY
HIGHEST:    86 ON 20    GRTST 24HR  0.11 ON  7- 7      TO 1/4 MILE OR LESS
LOWEST:     48 ON  8                               3 = THUNDER
                        SNOW, ICE PELLETS, HAIL    4 = ICE PELLETS
                        TOTAL MONTH:   0.0 INCH    5 = HAIL
                        GRTST 24HR     0.0         6 = FREEZING RAIN OR DRIZZLE
                        GRTST DEPTH:   0           7 = DUSTSTORM OR SANDSTORM:
                                                       VSBY 1/2 MILE OR LESS
                                                   8 = SMOKE OR HAZE
[NO. OF DAYS WITH]      [WEATHER - DAYS WITH]      9 = BLOWING SNOW
                                                   X = TORNADO
MAX 32 OR BELOW:   0    0.01 INCH OR MORE:   1
MAX 90 OR ABOVE:   0    0.10 INCH OR MORE:   1
MIN 32 OR BELOW:   0    0.50 INCH OR MORE:   0
MIN  0 OR BELOW:   0    1.00 INCH OR MORE:   0

[HDD (BASE 65) ]
TOTAL THIS MO.    85    CLEAR  (SCALE 0-3)  13
DPTR FM NORMAL    -7    PTCLDY (SCALE 4-7)  12
TOTAL FM JUL 1  1152    CLOUDY (SCALE 8-10)  3
DPTR FM NORMAL  -348

[CDD (BASE 65) ]
TOTAL THIS MO.    16
DPTR FM NORMAL    16    [PRESSURE DATA]
TOTAL FM JAN 1    53    HIGHEST SLP M ON M
DPTR FM NORMAL    30    LOWEST  SLP 29.67 ON  6

[REMARKS]
