000
CXUS55 KLOX 281655
CF6SMX
PRELIMINARY LOCAL CLIMATOLOGICAL DATA (WS FORM: F-6)

                                          STATION:   SANTA MARIA AIRPORT CA
                                          MONTH:     MARCH
                                          YEAR:      2015
                                          LATITUDE:   34 54 N
                                          LONGITUDE: 120 27 W

  TEMPERATURE IN F:       :PCPN:    SNOW:  WIND      :SUNSHINE: SKY     :PK WND
================================================================================
1   2   3   4   5  6A  6B    7    8   9   10  11  12  13   14  15   16   17  18
                                     12Z  AVG MX 2MIN
DY MAX MIN AVG DEP HDD CDD  WTR  SNW DPTH SPD SPD DIR MIN PSBL S-S WX    SPD DR
================================================================================

 1  65  43  54   0  11   0 0.04    M    0  3.2 17  80   M    M   7 135    20  80
 2  59  39  49  -5  16   0 0.26    M    0  4.5 12 160   M    M   5 35     15 220
 3  66  38  52  -2  13   0 0.00  0.0    0  7.2 23 290   M    M   1        27 310
 4  74  39  57   3   8   0 0.00  0.0    0  4.1 16 340   M    M   1 1      18 340
 5  77  39  58   4   7   0 0.00  0.0    0  4.7 18 310   M    M   0        21 320
 6  86  40  63   9   2   0 0.00  0.0    0  6.8 22  20   M    M   0        29  10
 7  83  43  63   9   2   0 0.00  0.0    0  3.9 14 300   M    M   0        17 310
 8  71  41  56   2   9   0 0.00  0.0    0  5.2 18 300   M    M   4 128    23 300
 9  74  50  62   8   3   0 0.00  0.0    0  3.6 14 310   M    M   5 128    16 310
10  72  45  59   5   6   0 0.00  0.0    0  3.5 15 300   M    M   7 128    18 300
11  68  48  58   4   7   0    T    M    0  6.1 18 300   M    M   6 18     22 310
12  83  45  64  10   1   0 0.00  0.0    0 10.0 26  30   M    M   1 128    34  20
13  89  48  69  15   0   4 0.00  0.0    0  4.8 18 320   M    M   2        21 330
14  95  53  74  20   0   9 0.00  0.0    0  4.4 17 340   M    M   3        21 220
15  86  54  70  16   0   5 0.00  0.0    0  4.6 21 300   M    M   4        24 300
16  79  50  65  11   0   0 0.00  0.0    0  4.5 15 300   M    M   4         M  M
17  71  53  62   8   3   0 0.00  0.0    0 10.4 22 300   M    M   4 1      25 300
18  75  50  63   9   2   0 0.00  0.0    0 10.9 28 310   M    M   2 18     34 300
19  81  43  62   8   3   0 0.00  0.0    0  4.5 17 310   M    M   0 18     21 310
20  74  44  59   5   6   0 0.00  0.0    0  4.2 16 300   M    M   3 18     19 300
21  74  48  61   7   4   0 0.00  0.0    0  6.0 17 320   M    M   5 12     21 310
22  71  51  61   7   4   0 0.00  0.0    0  6.9 18 310   M    M   7        24 310
23  70  46  58   4   7   0 0.00  0.0    0 11.4 32 300   M    M   1 1      39 290
24  78  50  64  10   1   0 0.00  0.0    0 12.5 28 300   M    M   2        35 300
25  83  52  68  14   0   3 0.00  0.0    0  9.9 24 300   M    M   0 1      29 310
26  93  49  71  17   0   6 0.00  0.0    0  4.5 20 300   M    M   0        23 310
27  72  45  59   5   6   0 0.00  0.0    0  4.0 16 320   M    M   4 12     20 310
================================================================================
SM 2069 1246       121  27  0.30     0.0 166.4          M       78
================================================================================
AV 76.6 46.1                               6.2 FASTST   M    M   3    MAX(MPH)
                                 MISC ---->  # 32 300               # 39  290
================================================================================
NOTES:
# LAST OF SEVERAL OCCURRENCES

COLUMN 17 PEAK WIND IN M.P.H.

PRELIMINARY LOCAL CLIMATOLOGICAL DATA (WS FORM: F-6) , PAGE 2

                                          STATION:  SANTA MARIA AIRPORT CA
                                          MONTH:    MARCH
                                          YEAR:     2015
                                          LATITUDE:   34 54 N
                                          LONGITUDE: 120 27 W

[TEMPERATURE DATA]      [PRECIPITATION DATA]       SYMBOLS USED IN COLUMN 16

AVERAGE MONTHLY: 61.4   TOTAL FOR MONTH:   0.30    1 = FOG OR MIST
DPTR FM NORMAL:   7.4   DPTR FM NORMAL:   -2.08    2 = FOG REDUCING VISIBILITY
HIGHEST:    95 ON 14    GRTST 24HR  0.26 ON  2- 2      TO 1/4 MILE OR LESS
LOWEST:     38 ON  3                               3 = THUNDER
                        SNOW, ICE PELLETS, HAIL    4 = ICE PELLETS
                        TOTAL MONTH:   0.0 INCH    5 = HAIL
                        GRTST 24HR     0.0         6 = FREEZING RAIN OR DRIZZLE
                        GRTST DEPTH:   0           7 = DUSTSTORM OR SANDSTORM:
                                                       VSBY 1/2 MILE OR LESS
                                                   8 = SMOKE OR HAZE
[NO. OF DAYS WITH]      [WEATHER - DAYS WITH]      9 = BLOWING SNOW
                                                   X = TORNADO
MAX 32 OR BELOW:   0    0.01 INCH OR MORE:   2
MAX 90 OR ABOVE:   2    0.10 INCH OR MORE:   1
MIN 32 OR BELOW:   0    0.50 INCH OR MORE:   0
MIN  0 OR BELOW:   0    1.00 INCH OR MORE:   0

[HDD (BASE 65) ]
TOTAL THIS MO.   121    CLEAR  (SCALE 0-3)  15
DPTR FM NORMAL  -176    PTCLDY (SCALE 4-7)  12
TOTAL FM JUL 1   808    CLOUDY (SCALE 8-10)  0
DPTR FM NORMAL -1322

[CDD (BASE 65) ]
TOTAL THIS MO.    27
DPTR FM NORMAL    27    [PRESSURE DATA]
TOTAL FM JAN 1    27    HIGHEST SLP M ON M
DPTR FM NORMAL    26    LOWEST  SLP 29.82 ON  9

[REMARKS]
