941
CXUS56 KSGX 291445
CF6SNA
PRELIMINARY LOCAL CLIMATOLOGICAL DATA (WS FORM: F-6)

                                          STATION:   JOHN WAYNE AIRPORT CA
                                          MONTH:     MAY
                                          YEAR:      2017
                                          LATITUDE:   33 40 N
                                          LONGITUDE: 117 53 W

  TEMPERATURE IN F:       :PCPN:    SNOW:  WIND      :SUNSHINE: SKY     :PK WND
================================================================================
1   2   3   4   5  6A  6B    7    8   9   10  11  12  13   14  15   16   17  18
                                     12Z  AVG MX 2MIN
DY MAX MIN AVG DEP HDD CDD  WTR  SNW DPTH SPD SPD DIR MIN PSBL S-S WX    SPD DR
================================================================================

 1  78  58  68   5   0   3 0.00  0.0    0  6.1 14 190   M    M   0 1      18 190
 2  76  58  67   3   0   2    T  0.0    0  6.2 15 200   M    M   3 12     18 190
 3  78  60  69   5   0   4 0.00  0.0    0  5.8 12 210   M    M   3        18 200
 4  74  63  69   5   0   4 0.00  0.0    0  5.8 13 220   M    M   4        22 210
 5  69  60  65   1   0   0 0.00  0.0    0  6.5 14 190   M    M   9 1      19 210
 6  69  56  63  -1   2   0    T  0.0    0 10.1 18 190   M    M   9        23 200
 7  64  51  58  -6   7   0 0.07  0.0    0  8.2 17 120   M    M   7 1      23 170
 8  71  51  61  -3   4   0 0.00  0.0    0  4.7 14 220   M    M   2        17 240
 9  70  59  65   1   0   0    T  0.0    0  9.3 21 200   M    M   8 1      29 190
10  67  61  64  -1   1   0 0.00  0.0    0  5.9 10 210   M    M   9        15 190
11  72  59  66   1   0   1 0.00  0.0    0  5.2 13 220   M    M   3        18 220
12  69  60  65   0   0   0 0.00  0.0    0  5.5 15 190   M    M   7 18     19 180
13  72  60  66   1   0   1 0.00  0.0    0  6.5 14 210   M    M   4        19 230
14  70  56  63  -2   2   0 0.00  0.0    0  8.9 21 200   M    M   4        27 200
15  67  57  62  -3   3   0 0.01  0.0    0  7.6 20 180   M    M   4        26 180
16  68  57  63  -2   2   0 0.00  0.0    0  7.0 16 200   M    M   6        22 200
17  69  56  63  -2   2   0 0.00  0.0    0  6.8 16 210   M    M   5        22 210
18  73  57  65   0   0   0 0.00  0.0    0  5.8 14 200   M    M   3        20 210
19  82  58  70   5   0   5 0.00  0.0    0  5.1 15 260   M    M   0        22 270
20  88  61  75   9   0  10 0.00  0.0    0  4.7 14 220   M    M   0 8      16 230
21  80  61  71   5   0   6 0.00  0.0    0  6.3 14 210   M    M   2 1      17 210
22  75  60  68   2   0   3 0.00  0.0    0  6.0 14 210   M    M   6        19 200
23  79  60  70   4   0   5 0.00  0.0    0  5.7 15 220   M    M   5 18     20 200
24  72  59  66   0   0   1 0.00  0.0    0  6.8 16 210   M    M   7        21 210
25  67  61  64  -2   1   0 0.00  0.0    0  6.1 13 210   M    M  10        19 220
26  71  61  66   0   0   1 0.00  0.0    0  6.9 15 210   M    M   7        22 220
27  70  61  66   0   0   1 0.00  0.0    0  5.1 14 200   M    M   5        17 210
28  73  58  66   0   0   1 0.00  0.0    0  6.0 14 220   M    M   1        17 220
================================================================================
SM 2033 1639        24  48  0.08     0.0 180.6          M      133
================================================================================
AV 72.6 58.5                               6.5 FASTST   M    M   5    MAX(MPH)
                                 MISC ---->  # 21 200               # 29  190
================================================================================
NOTES:
# LAST OF SEVERAL OCCURRENCES

COLUMN 17 PEAK WIND IN M.P.H.

PRELIMINARY LOCAL CLIMATOLOGICAL DATA (WS FORM: F-6) , PAGE 2

                                          STATION:  JOHN WAYNE AIRPORT CA
                                          MONTH:    MAY
                                          YEAR:     2017
                                          LATITUDE:   33 40 N
                                          LONGITUDE: 117 53 W

[TEMPERATURE DATA]      [PRECIPITATION DATA]       SYMBOLS USED IN COLUMN 16

AVERAGE MONTHLY: 65.6   TOTAL FOR MONTH:   0.08    1 = FOG OR MIST
DPTR FM NORMAL:   0.6   DPTR FM NORMAL:   -0.15    2 = FOG REDUCING VISIBILITY
HIGHEST:    88 ON 20    GRTST 24HR  0.07 ON  7- 7      TO 1/4 MILE OR LESS
LOWEST:     51 ON  8, 7                            3 = THUNDER
                        SNOW, ICE PELLETS, HAIL    4 = ICE PELLETS
                        TOTAL MONTH:   0.0 INCH    5 = HAIL
                        GRTST 24HR     0.0         6 = FREEZING RAIN OR DRIZZLE
                        GRTST DEPTH:   0           7 = DUSTSTORM OR SANDSTORM:
                                                       VSBY 1/2 MILE OR LESS
                                                   8 = SMOKE OR HAZE
[NO. OF DAYS WITH]      [WEATHER - DAYS WITH]      9 = BLOWING SNOW
                                                   X = TORNADO
MAX 32 OR BELOW:   0    0.01 INCH OR MORE:   2
MAX 90 OR ABOVE:   0    0.10 INCH OR MORE:   0
MIN 32 OR BELOW:   0    0.50 INCH OR MORE:   0
MIN  0 OR BELOW:   0    1.00 INCH OR MORE:   0

[HDD (BASE 65) ]
TOTAL THIS MO.    24    CLEAR  (SCALE 0-3)   8
DPTR FM NORMAL   -15    PTCLDY (SCALE 4-7)  15
TOTAL FM JUL 1   879    CLOUDY (SCALE 8-10)  5
DPTR FM NORMAL  -367

[CDD (BASE 65) ]
TOTAL THIS MO.    48
DPTR FM NORMAL    20    [PRESSURE DATA]
TOTAL FM JAN 1   109    HIGHEST SLP M ON M
DPTR FM NORMAL    52    LOWEST  SLP 29.77 ON 24

[REMARKS]
