000
CXAK56 PASN 311133
CF6SNP

PRELIMINARY LOCAL CLIMATOLOGICAL DATA (WS FORM: F-6)

                                          STATION:   ST PAUL
                                          MONTH:     08
                                          YEAR:      2015
                                          LATITUDE:   57 10 N
                                          LONGITUDE: 170 13 W

  TEMPERATURE IN F:       :PCPN:    SNOW:  WIND      :SUNSHINE: SKY     :PK WND
================================================================================
1   2   3   4   5  6A  6B    7     8   9   10  11  12  13   14  15   16  17  18
                                      12Z  AVG MX 2MIN
DY MAX MIN AVG DEP HDD CDD  WTR   SNW DPTH SPD SPD DIR MIN PSBL S-S WX   SPD DR
================================================================================

 1  55  50  53   4  12   0     T  0.0   0  2.9  9  340   M    M   M       10 350
 2  55  49  52   3  13   0  0.01  0.0   0 10.1 18   10   M    M   M 1     23  10
 3  52  48  50   1  15   0  0.00  0.0   0 18.1 25   10   M    M   M 18    31  10
 4  52  47  50   1  15   0  0.00  0.0   0 19.4 28  360   M    M   M 18    32 350
 5  53  47  50   1  15   0  0.01  0.0   0 10.8 16  330   M    M   M 1     20 340
 6  56  47  52   3  13   0  0.00  0.0   0  8.6 12  110   M    M   M 12    15  90
 7  51  48  50   1  15   0  0.02  0.0   0  9.5 14  110   M    M   M 12    17  90
 8  53  49  51   2  14   0  0.22  0.0   0  9.9 17  310   M    M   M 12    23 320
 9  56  40  48  -1  17   0  0.01  0.0   0  9.6 17  320   M    M   M 1     22 310
10  54  36  45  -4  20   0  0.00  0.0   0  5.6 10  210   M    M   M 1     12 150
11  57  47  52   3  13   0     T  0.0   0 11.5 21  320   M    M   M 1     27 320
12  54  47  51   2  14   0     T  0.0   0  5.3 12  140   M    M   M 1     15 130
13  55  49  52   3  13   0  0.01  0.0   0  8.2 14  110   M    M   M 1     17 110
14  54  49  52   3  13   0  0.44  0.0   0 10.7 18   80   M    M   M 12    22  80
15  53  49  51   2  14   0  0.07  0.0   0  9.5 20  230   M    M   M 12    25 220
16  52  49  51   2  14   0  0.06  0.0   0  5.5  8  350   M    M   M 1      9 150
17  56  50  53   4  12   0     T  0.0   0 12.9 24  320   M    M   M 1     29 330
18  57  45  51   2  14   0  0.00  0.0   0  9.6 16  250   M    M   M       20 240
19  54  45  50   1  15   0  0.00  0.0   0  5.8 14  180   M    M   M 1     17 190
20  56  47  52   3  13   0  0.12  0.0   0 10.4 16  200   M    M   M 1     21 200
21  56  49  53   4  12   0  0.01  0.0   0 13.9 23  270   M    M   M 1     28 270
22  55  48  52   3  13   0     T  0.0   0 15.9 24  280   M    M   M 1     31 280
23  53  49  51   2  14   0     T  0.0   0 14.9 22  250   M    M   M 1     27 270
24  54  49  52   3  13   0     T  0.0   0 19.3 25  190   M    M   M 1     32 190
25  54  51  53   4  12   0  0.08  0.0   0 24.1 32  210   M    M   M 1     42 210
26  55  51  53   4  12   0  0.02  0.0   0 17.6 28  230   M    M   M 1     34 220
27  58  49  54   5  11   0  0.01  0.0   0  9.3 17  260   M    M   M 12    23 240
28  55  50  53   4  12   0  0.02  0.0   0 18.9 30  250   M    M   M 1     39 260
29  52  45  49   0  16   0  1.32  0.0   0 16.1 29  260   M    M   M 1     36 260
30  52  40  46  -2  19   0  0.00  0.0   0  7.7 15   60   M    M   M       20  60
================================================================================
SM 1629 1419       418   0  2.43 0.0    351.6           M        M
================================================================================
AV 54.3 47.3                             11.7 FASTST  PSBL  %   M    MAX(MPH)
                                 MISC ---->     32  210                 42 210
================================================================================
NOTES:
# LAST OF SEVERAL OCCURRENCES

COLUMN 17 PEAK WIND IN M.P.H.

PRELIMINARY LOCAL CLIMATOLOGICAL DATA (WS FORM: F-6) , PAGE 2

                                          STATION:   ST PAUL
                                          MONTH:     08
                                          YEAR:      2015
                                          LATITUDE:  57 10 N
                                          LONGITUDE: 170 13 W

[TEMPERATURE DATA]      [PRECIPITATION DATA]       SYMBOLS USED IN COLUMN 16

AVERAGE MONTHLY:50.8   TOTAL FOR MONTH: 2.43       1 = FOG
DPTR FM NORMAL:  1.8   DPTR FM NORMAL: -0.53       2 = FOG REDUCING VISIBILITY
HIGHEST:    58 ON 27    GRTST 24HR   1.32 ON 29        TO 1/4 MILE OR LESS
LOWEST:     36 ON 10                               3 = THUNDER
                        SNOW, ICE PELLETS, HAIL    4 = ICE PELLETS
                        TOTAL MONTH: 0.0         5 = HAIL
                        GRTST 24HR   0.0           6 = GLAZE OR RIME
                        GRTST DEPTH:    0          7 = BLOWING DUST OR SAND:
                                                       VSBY 1/2 MILE OR LESS
                                                   8 = SMOKE OR HAZE
[NO. OF DAYS WITH]      [WEATHER - DAYS WITH]      9 = BLOWING SNOW
                                                   X = TORNADO
MAX 32 OR BELOW:   0    0.01 INCH OR MORE:  16
MAX 70 OR ABOVE:   0    0.10 INCH OR MORE:   4
MIN 32 OR BELOW:   0    0.50 INCH OR MORE:   1
MIN  0 OR BELOW:   0    1.00 INCH OR MORE:   1

[HDD (BASE 65) ]
TOTAL THIS MO.   418    CLEAR  (SCALE 0-3)   M
DPTR FM NORMAL   -64    PTCLDY (SCALE 4-7)   M
SEASONAL TOTAL   896    CLOUDY (SCALE 8-10)  M
DPTR FM NORMAL  -139

[CDD (BASE 65) ]
TOTAL THIS MO.     0
DPTR FM NORMAL     0    [PRESSURE DATA]
SEASONAL TOTAL     0    HIGHEST SLP     M
DPTR FM NORMAL     0    LOWEST  SLP     M

[REMARKS]
