000
CXUS56 KMTR 291000
CF6SNS
PRELIMINARY LOCAL CLIMATOLOGICAL DATA (WS FORM: F-6)

                                          STATION:   SALINAS AIRPORT
                                          MONTH:     MAY
                                          YEAR:      2016
                                          LATITUDE:   36 40 N
                                          LONGITUDE: 121 36 W

  TEMPERATURE IN F:       :PCPN:    SNOW:  WIND      :SUNSHINE: SKY     :PK WND
================================================================================
1   2   3   4   5  6A  6B    7    8   9   10  11  12  13   14  15   16   17  18
                                     12Z  AVG MX 2MIN
DY MAX MIN AVG DEP HDD CDD  WTR  SNW DPTH SPD SPD DIR MIN PSBL S-S WX    SPD DR
================================================================================

 1  80  47  64   6   1   0 0.00  0.0    0 11.3 23 320   M    M   3 8      28 300
 2  68  54  61   3   4   0 0.00  0.0    0  6.6 20 310   M    M   8        24 300
 3  67  51  59   1   6   0 0.00  0.0    0  7.9 16 270   M    M   4 18     20 270
 4  64  53  59   1   6   0 0.00  0.0    0  7.8 17 290   M    M   6 1      22 280
 5  69  55  62   4   3   0 0.01  0.0    0  7.5 18 300   M    M   9        23 300
 6  62  54  58  -1   7   0 0.09  0.0    0  6.1 15 260   M    M   9 1      18 250
 7  63  55  59   0   6   0    T  0.0    0  7.1 14 310   M    M   9        17 300
 8  69  52  61   2   4   0 0.00  0.0    0  6.3 17 270   M    M   7        21 280
 9  63  53  58  -1   7   0 0.00  0.0    0  7.7 16 290   M    M   9        21 280
10  64  52  58  -1   7   0 0.00  0.0    0  7.0 17 300   M    M   9 18     21 310
11  63  53  58  -1   7   0 0.00  0.0    0  6.9 15 310   M    M  10 1      20 310
12  61  53  57  -2   8   0 0.00  0.0    0  7.6 16 270   M    M   9 1      21 250
13  65  53  59   0   6   0 0.00  0.0    0  8.0 17 260   M    M   6 1      21 260
14  71  49  60   1   5   0 0.00  0.0    0  8.3 17 270   M    M   4        22 290
15  66  56  61   2   4   0 0.00  0.0    0 11.3 20 240   M    M   9        27 240
16  68  54  61   2   4   0    T  0.0    0 10.5 17 250   M    M   6 18     23 250
17  79  54  67   7   0   2 0.00  0.0    0  7.1 18 290   M    M   3 18     22 290
18  72  53  63   3   2   0 0.00  0.0    0  8.1 17 280   M    M   4 18     23 310
19  64  54  59  -1   6   0 0.00  0.0    0 15.2 28 240   M    M   7 8      33 240
20  64  52  58  -2   7   0 0.00  0.0    0 15.5 23 250   M    M   3 8      32 240
21  66  52  59  -1   6   0    T  0.0    0  7.8 22 280   M    M   5 8      26 290
22  68  47  58  -2   7   0 0.00  0.0    0  7.1 18 270   M    M   1 8      24 270
23  67  51  59  -1   6   0    T  0.0    0  8.4 17 250   M    M   3 18     24 280
24  68  54  61   1   4   0    T  0.0    0 10.6 18 270   M    M   8 18     26 260
25  64  56  60   0   5   0 0.00  0.0    0 10.8 18 250   M    M  10        23 270
26  65  53  59  -1   6   0 0.00  0.0    0 10.3 17 260   M    M   8 1      24 310
27  69  52  61   1   4   0 0.00  0.0    0  8.0 17 290   M    M   4 8      20 280
28  74  50  62   2   3   0 0.00  0.0    0  9.1 20 300   M    M   3 128    25 320
================================================================================
SM 1883 1472       141   2  0.10     0.0 245.9          M      176
================================================================================
AV 67.2 52.6                               8.8 FASTST   M    M   6    MAX(MPH)
                                 MISC ---->  # 28 240               # 33  240
================================================================================
NOTES:
# LAST OF SEVERAL OCCURRENCES

COLUMN 17 PEAK WIND IN M.P.H.

PRELIMINARY LOCAL CLIMATOLOGICAL DATA (WS FORM: F-6) , PAGE 2

                                          STATION:  SALINAS AIRPORT
                                          MONTH:    MAY
                                          YEAR:     2016
                                          LATITUDE:   36 40 N
                                          LONGITUDE: 121 36 W

[TEMPERATURE DATA]      [PRECIPITATION DATA]       SYMBOLS USED IN COLUMN 16

AVERAGE MONTHLY: 59.9   TOTAL FOR MONTH:   0.10    1 = FOG OR MIST
DPTR FM NORMAL:   0.7   DPTR FM NORMAL:   -0.23    2 = FOG REDUCING VISIBILITY
HIGHEST:    80 ON  1    GRTST 24HR  0.10 ON  5- 6      TO 1/4 MILE OR LESS
LOWEST:     47 ON 22, 1                            3 = THUNDER
                        SNOW, ICE PELLETS, HAIL    4 = ICE PELLETS
                        TOTAL MONTH:   0.0 INCH    5 = HAIL
                        GRTST 24HR     0.0         6 = FREEZING RAIN OR DRIZZLE
                        GRTST DEPTH:   0           7 = DUSTSTORM OR SANDSTORM:
                                                       VSBY 1/2 MILE OR LESS
                                                   8 = SMOKE OR HAZE
[NO. OF DAYS WITH]      [WEATHER - DAYS WITH]      9 = BLOWING SNOW
                                                   X = TORNADO
MAX 32 OR BELOW:   0    0.01 INCH OR MORE:   2
MAX 90 OR ABOVE:   0    0.10 INCH OR MORE:   0
MIN 32 OR BELOW:   0    0.50 INCH OR MORE:   0
MIN  0 OR BELOW:   0    1.00 INCH OR MORE:   0

[HDD (BASE 65) ]
TOTAL THIS MO.   141    CLEAR  (SCALE 0-3)   4
DPTR FM NORMAL   -27    PTCLDY (SCALE 4-7)  14
TOTAL FM JUL 1  1936    CLOUDY (SCALE 8-10) 10
DPTR FM NORMAL  -621

[CDD (BASE 65) ]
TOTAL THIS MO.     2
DPTR FM NORMAL     2    [PRESSURE DATA]
TOTAL FM JAN 1    23    HIGHEST SLP 29.94 ON 17
DPTR FM NORMAL    16    LOWEST  SLP 29.78 ON 19

[REMARKS]
