000
CXUS56 KMTR 271000
CF6SNS
PRELIMINARY LOCAL CLIMATOLOGICAL DATA (WS FORM: F-6)

                                          STATION:   SALINAS AIRPORT
                                          MONTH:     JULY
                                          YEAR:      2015
                                          LATITUDE:   36 40 N
                                          LONGITUDE: 121 36 W

  TEMPERATURE IN F:       :PCPN:    SNOW:  WIND      :SUNSHINE: SKY     :PK WND
================================================================================
1   2   3   4   5  6A  6B    7    8   9   10  11  12  13   14  15   16   17  18
                                     12Z  AVG MX 2MIN
DY MAX MIN AVG DEP HDD CDD  WTR  SNW DPTH SPD SPD DIR MIN PSBL S-S WX    SPD DR
================================================================================

 1  77  54  66   3   0   1    T  0.0    0  7.1 16 270   M    M   2 128    21 280
 2  75  56  66   3   0   1    T  0.0    0  7.7 18 310   M    M   7 18     23 320
 3  73  59  66   3   0   1 0.00  0.0    0  8.2 18 280   M    M   7 1      23 290
 4  72  58  65   2   0   0 0.00  0.0    0  8.5 20 290   M    M   8 18     24 300
 5  72  60  66   3   0   1    T  0.0    0  8.2 18 280   M    M   7 1      25 330
 6  73  59  66   3   0   1    T  0.0    0  8.4 17 260   M    M   4 1      22 250
 7  74  61  68   5   0   3 0.00  0.0    0  9.1 18 280   M    M   3        24 270
 8  71  60  66   3   0   1 0.00  0.0    0 10.3 20 260   M    M   7        23 310
 9  73  59  66   3   0   1 0.01  0.0    0  6.7 20 260   M    M   7 18     26 250
10  74  60  67   4   0   2 0.00  0.0    0  7.3 17 260   M    M   5 1      22 260
11  74  60  67   4   0   2 0.00  0.0    0  7.5 21 260   M    M   1        25 260
12  75  62  69   6   0   4 0.00  0.0    0  7.6 20 260   M    M   0        25 290
13  73  61  67   4   0   2 0.00  0.0    0  9.5 20 250   M    M   2        24 240
14  70  61  66   3   0   1 0.00  0.0    0 12.1 18 240   M    M   9        33 280
15  69  59  64   1   1   0    T  0.0    0  8.1 17 280   M    M   9 18     25 270
16  71  58  65   2   0   0 0.00  0.0    0  7.9 18 290   M    M   7        23 290
17  70  58  64   1   1   0 0.00  0.0    0  6.6 18 270   M    M   7        24 280
18  74  58  66   3   0   1 0.00  0.0    0  7.4 18 310   M    M   5        25 270
19  83  63  73  10   0   8    T  0.0    0  6.8 21 110   M    M   3 3      26 130
20  89  62  76  13   0  11 0.00  0.0    0  7.8 20 260   M    M   0        22 260
21  71  60  66   3   0   1 0.00  0.0    0  9.4 18 260   M    M   8 1      24 280
22  70  60  65   2   0   0 0.00  0.0    0  9.2 18 290   M    M   8        24 280
23  71  60  66   3   0   1 0.00  0.0    0  8.8 17 250   M    M   5        23 270
24  75  58  67   4   0   2 0.00  0.0    0  7.8 18 260   M    M   3 18     23 320
25  74  57  66   3   0   1 0.00  0.0    0  9.7 17 260   M    M   2 1      23 240
26  70  59  65   2   0   0 0.00  0.0    0  8.6 18 300   M    M   6        91 330
================================================================================
SM 1913 1542         2  46  0.01     0.0 216.3          M      132
================================================================================
AV 73.6 59.3                               8.3 FASTST   M    M   5    MAX(MPH)
                                 MISC ---->  # 21 260               # 91  330
================================================================================
NOTES:
# LAST OF SEVERAL OCCURRENCES

COLUMN 17 PEAK WIND IN M.P.H.

PRELIMINARY LOCAL CLIMATOLOGICAL DATA (WS FORM: F-6) , PAGE 2

                                          STATION:  SALINAS AIRPORT
                                          MONTH:    JULY
                                          YEAR:     2015
                                          LATITUDE:   36 40 N
                                          LONGITUDE: 121 36 W

[TEMPERATURE DATA]      [PRECIPITATION DATA]       SYMBOLS USED IN COLUMN 16

AVERAGE MONTHLY: 66.4   TOTAL FOR MONTH:   0.01    1 = FOG OR MIST
DPTR FM NORMAL:   3.4   DPTR FM NORMAL:    0.01    2 = FOG REDUCING VISIBILITY
HIGHEST:    89 ON 20    GRTST 24HR  0.01 ON  9- 9      TO 1/4 MILE OR LESS
LOWEST:     54 ON  1                               3 = THUNDER
                        SNOW, ICE PELLETS, HAIL    4 = ICE PELLETS
                        TOTAL MONTH:   0.0 INCH    5 = HAIL
                        GRTST 24HR     0.0         6 = FREEZING RAIN OR DRIZZLE
                        GRTST DEPTH:   0           7 = DUSTSTORM OR SANDSTORM:
                                                       VSBY 1/2 MILE OR LESS
                                                   8 = SMOKE OR HAZE
[NO. OF DAYS WITH]      [WEATHER - DAYS WITH]      9 = BLOWING SNOW
                                                   X = TORNADO
MAX 32 OR BELOW:   0    0.01 INCH OR MORE:   1
MAX 90 OR ABOVE:   0    0.10 INCH OR MORE:   0
MIN 32 OR BELOW:   0    0.50 INCH OR MORE:   0
MIN  0 OR BELOW:   0    1.00 INCH OR MORE:   0

[HDD (BASE 65) ]
TOTAL THIS MO.     2    CLEAR  (SCALE 0-3)   8
DPTR FM NORMAL   -70    PTCLDY (SCALE 4-7)  16
TOTAL FM JUL 1     2    CLOUDY (SCALE 8-10)  2
DPTR FM NORMAL   -70

[CDD (BASE 65) ]
TOTAL THIS MO.    46
DPTR FM NORMAL    20    [PRESSURE DATA]
TOTAL FM JAN 1    89    HIGHEST SLP M ON M
DPTR FM NORMAL    35    LOWEST  SLP 29.77 ON 17

[REMARKS]
