605
CXUS56 KMTR 261000
CF6SNS
PRELIMINARY LOCAL CLIMATOLOGICAL DATA (WS FORM: F-6)

                                          STATION:   SALINAS AIRPORT
                                          MONTH:     AUGUST
                                          YEAR:      2016
                                          LATITUDE:   36 40 N
                                          LONGITUDE: 121 36 W

  TEMPERATURE IN F:       :PCPN:    SNOW:  WIND      :SUNSHINE: SKY     :PK WND
================================================================================
1   2   3   4   5  6A  6B    7    8   9   10  11  12  13   14  15   16   17  18
                                     12Z  AVG MX 2MIN
DY MAX MIN AVG DEP HDD CDD  WTR  SNW DPTH SPD SPD DIR MIN PSBL S-S WX    SPD DR
================================================================================

 1  69  59  64   1   1   0 0.00  0.0    0  7.5 17 310   M    M   8 18     22 260
 2  70  56  63   0   2   0 0.00  0.0    0  7.1 18 290   M    M   7 18     23 290
 3  68  54  61  -2   4   0 0.00  0.0    0  8.4 18 310   M    M   7 18     27 270
 4  67  55  61  -2   4   0    T  0.0    0  8.7 16 270   M    M   9 1      22 290
 5  68  57  63   0   2   0 0.00  0.0    0  7.8 18 300   M    M   8 1      22 280
 6  66  56  61  -2   4   0 0.00  0.0    0  7.6 16 280   M    M   8 18     26 330
 7  69  56  63  -1   2   0 0.00  0.0    0  9.2 18 270   M    M   4 8      23 290
 8  68  55  62  -2   3   0 0.00  0.0    0  9.2 18 280   M    M   7 18     22 290
 9  69  56  63  -1   2   0 0.00  0.0    0  9.5 18 300   M    M   9 18     22 270
10  68  56  62  -2   3   0 0.00  0.0    0  6.5 17 270   M    M   9 18     22 290
11  68  56  62  -2   3   0 0.00  0.0    0  8.6 18 300   M    M   9 18     23 280
12  68  56  62  -2   3   0 0.00  0.0    0  6.7 17 310   M    M   6 18     24 280
13  76  54  65   1   0   0 0.00  0.0    0  7.5 17 310   M    M   6 128    21 290
14  72  55  64   0   1   0 0.00  0.0    0  8.6 18 280   M    M   6 1      22 300
15  69  54  62  -2   3   0 0.00  0.0    0  7.3 18 290   M    M   7 1      23 320
16  68  54  61  -3   4   0 0.00  0.0    0  7.1 17 300   M    M   7 1      21 300
17  70  54  62  -2   3   0 0.00  0.0    0  7.8 18 300   M    M   7 18     22 300
18  67  58  63  -1   2   0 0.00  0.0    0  7.0 18 300   M    M   8 18     22 290
19  68  57  63  -1   2   0 0.00  0.0    0  6.3 16 300   M    M   6 18     22 150
20  69  57  63  -1   2   0 0.00  0.0    0  7.6 17 290   M    M   7 1      21 310
21  71  58  65   1   0   0 0.00  0.0    0  7.2 18 280   M    M   8 1      23 270
22  69  58  64   0   1   0    T  0.0    0  7.7 17 290   M    M   6 18     22 300
23  71  59  65   1   0   0 0.00  0.0    0  7.4 17 310   M    M   6        22 280
24  70  58  64   0   1   0 0.00  0.0    0  7.9 18 290   M    M   7        22 270
25  67  56  62  -2   3   0 0.00  0.0    0  7.5 17 300   M    M   9 18     20 290
================================================================================
SM 1725 1404        55   0    T      0.0 193.7          M      181
================================================================================
AV 69.0 56.2                               7.7 FASTST   M    M   7    MAX(MPH)
                                 MISC ---->  # 18 290               # 27  270
================================================================================
NOTES:
# LAST OF SEVERAL OCCURRENCES

COLUMN 17 PEAK WIND IN M.P.H.

PRELIMINARY LOCAL CLIMATOLOGICAL DATA (WS FORM: F-6) , PAGE 2

                                          STATION:  SALINAS AIRPORT
                                          MONTH:    AUGUST
                                          YEAR:     2016
                                          LATITUDE:   36 40 N
                                          LONGITUDE: 121 36 W

[TEMPERATURE DATA]      [PRECIPITATION DATA]       SYMBOLS USED IN COLUMN 16

AVERAGE MONTHLY: 62.6   TOTAL FOR MONTH:      T    1 = FOG OR MIST
DPTR FM NORMAL:  -1.2   DPTR FM NORMAL:   -0.03    2 = FOG REDUCING VISIBILITY
HIGHEST:    76 ON 13    GRTST 24HR    T  ON 22-22      TO 1/4 MILE OR LESS
LOWEST:     54 ON 17,16                            3 = THUNDER
                        SNOW, ICE PELLETS, HAIL    4 = ICE PELLETS
                        TOTAL MONTH:   0.0 INCH    5 = HAIL
                        GRTST 24HR     0.0         6 = FREEZING RAIN OR DRIZZLE
                        GRTST DEPTH:   0           7 = DUSTSTORM OR SANDSTORM:
                                                       VSBY 1/2 MILE OR LESS
                                                   8 = SMOKE OR HAZE
[NO. OF DAYS WITH]      [WEATHER - DAYS WITH]      9 = BLOWING SNOW
                                                   X = TORNADO
MAX 32 OR BELOW:   0    0.01 INCH OR MORE:   0
MAX 90 OR ABOVE:   0    0.10 INCH OR MORE:   0
MIN 32 OR BELOW:   0    0.50 INCH OR MORE:   0
MIN  0 OR BELOW:   0    1.00 INCH OR MORE:   0

[HDD (BASE 65) ]
TOTAL THIS MO.    55    CLEAR  (SCALE 0-3)   0
DPTR FM NORMAL     5    PTCLDY (SCALE 4-7)  19
TOTAL FM JUL 1   147    CLOUDY (SCALE 8-10)  6
DPTR FM NORMAL    19

[CDD (BASE 65) ]
TOTAL THIS MO.     0
DPTR FM NORMAL   -22    [PRESSURE DATA]
TOTAL FM JAN 1    31    HIGHEST SLP M ON M
DPTR FM NORMAL   -37    LOWEST  SLP 29.79 ON 17

[REMARKS]
