400
CXUS56 KPQR 211200
CF6SPB
PRELIMINARY LOCAL CLIMATOLOGICAL DATA (WS FORM: F-6)

                                          STATION:   SCAPPOOSE OR
                                          MONTH:     JANUARY
                                          YEAR:      2017
                                          LATITUDE:   45 46 N
                                          LONGITUDE: 122 50 W

  TEMPERATURE IN F:       :PCPN:    SNOW:  WIND      :SUNSHINE: SKY     :PK WND
================================================================================
1   2   3   4   5  6A  6B    7    8   9   10  11  12  13   14  15   16   17  18
                                     12Z  AVG MX 2MIN
DY MAX MIN AVG DEP HDD CDD  WTR  SNW DPTH SPD SPD DIR MIN PSBL S-S WX    SPD DR
================================================================================

 1  38  29  34  -4  31   0 0.26    M    0  3.0 10 170   M    M   6 12     14 160
 2  36  26  31  -7  34   0 0.00  0.0    0  4.6 14  80   M    M  10 1      17  70
 3  36  20  28 -11  37   0 0.00  0.0    0  5.8 15  60   M    M   1        19  70
 4  35  18  27 -12  38   0 0.00  0.0    0  4.6 22  90   M    M   4        26 100
 5  37  13  25 -14  40   0 0.00  0.0    0  2.1  7 250   M    M   0         8 290
 6  35  13  24 -15  41   0 0.00  0.0    0  3.4 10 150   M    M   0 8      12 180
 7  32  16  24 -15  41   0    T    M    0  4.8  9 210   M    M   9 168    12 200
 8  33  28  31  -8  34   0 0.67    M    0  4.7 12 150   M    M  10 16     16 150
 9  37  32  35  -4  30   0 0.56    M    0  1.0  9 110   M    M  10 1      13 340
10  38  31  35  -4  30   0 0.27    M    0  3.3 15  20   M    M  10 1      22  30
11  31  28  30 -10  35   0 0.02    M    M  1.7 13  60   M    M  10 12     18  60
12  32  17  25 -15  40   0 0.00  0.0    0  0.4  5 310   M    M   5 12      7 160
13  26  11  19 -21  46   0 0.00  0.0    0  0.4  6 190   M    M   1 128    10 190
14  31   9  20 -20  45   0 0.00  0.0    0  4.4 10 170   M    M   0 1      16 180
15  31  13  22 -18  43   0 0.00  0.0    0  3.2 10 170   M    M   0 1      14 160
16  31  23  27 -13  38   0 0.00  0.0    0  6.3 13 150   M    M   5        17 170
17  34  25  30 -10  35   0 1.05    M    0  5.4 14 140   M    M   9 16     18 170
18  46  33  40   0  25   0 2.05    M    0  4.2 14 130   M    M  10 1      17 150
19  50  37  44   4  21   0 0.06    M    0  5.5 16 140   M    M   9 1      24 130
20  42  33  38  -2  27   0 0.25    M    0  1.2  7 270   M    M   9 12      7 170
================================================================================
SM  711  455       711   0  5.19     0.0  70.0          M      118
================================================================================
AV 35.6 22.8                               3.5 FASTST   M    M   6    MAX(MPH)
                                 MISC ---->  # 22  90               # 26  100
================================================================================
NOTES:
# LAST OF SEVERAL OCCURRENCES

COLUMN 17 PEAK WIND IN M.P.H.

PRELIMINARY LOCAL CLIMATOLOGICAL DATA (WS FORM: F-6) , PAGE 2

                                          STATION:  SCAPPOOSE OR
                                          MONTH:    JANUARY
                                          YEAR:     2017
                                          LATITUDE:   45 46 N
                                          LONGITUDE: 122 50 W

[TEMPERATURE DATA]      [PRECIPITATION DATA]       SYMBOLS USED IN COLUMN 16

AVERAGE MONTHLY: 29.1   TOTAL FOR MONTH:   5.19    1 = FOG OR MIST
DPTR FM NORMAL: -10.3   DPTR FM NORMAL:    0.57    2 = FOG REDUCING VISIBILITY
HIGHEST:    50 ON 19    GRTST 24HR  2.54 ON 17-18      TO 1/4 MILE OR LESS
LOWEST:      9 ON 14                               3 = THUNDER
                        SNOW, ICE PELLETS, HAIL    4 = ICE PELLETS
                        TOTAL MONTH:   0.0 INCH    5 = HAIL
                        GRTST 24HR     0.0         6 = FREEZING RAIN OR DRIZZLE
                        GRTST DEPTH:   0           7 = DUSTSTORM OR SANDSTORM:
                                                       VSBY 1/2 MILE OR LESS
                                                   8 = SMOKE OR HAZE
[NO. OF DAYS WITH]      [WEATHER - DAYS WITH]      9 = BLOWING SNOW
                                                   X = TORNADO
MAX 32 OR BELOW:   7    0.01 INCH OR MORE:   9
MAX 90 OR ABOVE:   0    0.10 INCH OR MORE:   7
MIN 32 OR BELOW:  17    0.50 INCH OR MORE:   4
MIN  0 OR BELOW:   0    1.00 INCH OR MORE:   2

[HDD (BASE 65) ]
TOTAL THIS MO.   711    CLEAR  (SCALE 0-3)   6
DPTR FM NORMAL   200    PTCLDY (SCALE 4-7)   4
TOTAL FM JUL 1  2580    CLOUDY (SCALE 8-10) 10
DPTR FM NORMAL    18

[CDD (BASE 65) ]
TOTAL THIS MO.     0
DPTR FM NORMAL     0    [PRESSURE DATA]
TOTAL FM JAN 1     0    HIGHEST SLP M ON M
DPTR FM NORMAL     0    LOWEST  SLP 29.09 ON 20

[REMARKS]
