000
CXUS55 KPUB 191159
CF6SPD
PRELIMINARY LOCAL CLIMATOLOGICAL DATA (WS FORM: F-6)

                                          STATION:   SPRINGFIELD CO
                                          MONTH:     FEBRUARY
                                          YEAR:      2017
                                          LATITUDE:   37 16 N
                                          LONGITUDE: 102 37 W

  TEMPERATURE IN F:       :PCPN:    SNOW:  WIND      :SUNSHINE: SKY     :PK WND
================================================================================
1   2   3   4   5  6A  6B    7    8   9   10  11  12  13   14  15   16   17  18
                                     12Z  AVG MX 2MIN
DY MAX MIN AVG DEP HDD CDD  WTR  SNW DPTH SPD SPD DIR MIN PSBL S-S WX    SPD DR
================================================================================

 1  42  16  29  -4  36   0 0.00  0.0    0  8.4 17  70   M    M   0        21  60
 2  23  10  17 -16  48   0 0.00  0.0    0 11.5 21 140   M    M   0        26 130
 3  33   5  19 -15  46   0 0.00  0.0    0 11.9 31 190   M    M   0        39 190
 4  65  21  43   9  22   0 0.00  0.0    0 11.3 29 190   M    M   0        37 190
 5  62  24  43   9  22   0 0.00  0.0    0  6.1 15 110   M    M   0        18 130
 6  68  24  46  12  19   0 0.00  0.0    0 13.2 30 290   M    M   0        42 290
 7  66  25  46  12  19   0 0.00  0.0    0 10.4 22 180   M    M   0        27 200
 8  53  23  38   4  27   0 0.00  0.0    0 10.1 24 200   M    M   0        33  40
 9  73  26  50  16  15   0 0.00  0.0    0 10.1 20 170   M    M   0        24 200
10  82  45  64  30   1   0 0.00  0.0    0 12.0 21 270   M    M   0        27 270
11  77  40  59  25   6   0 0.00  0.0    0 11.8 31  10   M    M   0        38  10
12  47  25  36   1  29   0 0.00  0.0    0 11.1 30  20   M    M   0        36  40
13  46  32  39   4  26   0 0.01    M    0 12.3 22 340   M    M   0        26 340
14  48  25  37   2  28   0 0.00  0.0    0 16.9 26 360   M    M   0        33 360
15  58  21  40   5  25   0 0.00  0.0    0  9.0 15 310   M    M   0        18 310
16  72  25  49  14  16   0 0.00  0.0    0  9.5 17 190   M    M   0        21 190
17  67  23  45   9  20   0 0.00  0.0    0 11.3 25  20   M    M   0        33  10
18  67  27  47  11  18   0 0.00  0.0    0 11.4 22 180   M    M   0        26 180
================================================================================
SM 1049  437       423   0  0.01     0.0 198.3          M        0
================================================================================
AV 58.3 24.3                              11.0 FASTST   M    M   0    MAX(MPH)
                                 MISC ---->  # 31 190               # 42  290
================================================================================
NOTES:
# LAST OF SEVERAL OCCURRENCES

COLUMN 17 PEAK WIND IN M.P.H.

PRELIMINARY LOCAL CLIMATOLOGICAL DATA (WS FORM: F-6) , PAGE 2

                                          STATION:  SPRINGFIELD CO
                                          MONTH:    FEBRUARY
                                          YEAR:     2017
                                          LATITUDE:   37 16 N
                                          LONGITUDE: 102 37 W

[TEMPERATURE DATA]      [PRECIPITATION DATA]       SYMBOLS USED IN COLUMN 16

AVERAGE MONTHLY: 41.3   TOTAL FOR MONTH:   0.01    1 = FOG OR MIST
DPTR FM NORMAL:   6.9   DPTR FM NORMAL:   -0.30    2 = FOG REDUCING VISIBILITY
HIGHEST:    82 ON 10    GRTST 24HR  0.01 ON 13-13      TO 1/4 MILE OR LESS
LOWEST:      5 ON  3                               3 = THUNDER
                        SNOW, ICE PELLETS, HAIL    4 = ICE PELLETS
                        TOTAL MONTH:   0.0 INCH    5 = HAIL
                        GRTST 24HR     0.0         6 = FREEZING RAIN OR DRIZZLE
                        GRTST DEPTH:   0           7 = DUSTSTORM OR SANDSTORM:
                                                       VSBY 1/2 MILE OR LESS
                                                   8 = SMOKE OR HAZE
[NO. OF DAYS WITH]      [WEATHER - DAYS WITH]      9 = BLOWING SNOW
                                                   X = TORNADO
MAX 32 OR BELOW:   1    0.01 INCH OR MORE:   1
MAX 90 OR ABOVE:   0    0.10 INCH OR MORE:   0
MIN 32 OR BELOW:  16    0.50 INCH OR MORE:   0
MIN  0 OR BELOW:   0    1.00 INCH OR MORE:   0

[HDD (BASE 65) ]
TOTAL THIS MO.   423    CLEAR  (SCALE 0-3)  18
DPTR FM NORMAL  -128    PTCLDY (SCALE 4-7)   0
TOTAL FM JUL 1  3350    CLOUDY (SCALE 8-10)  0
DPTR FM NORMAL  -377

[CDD (BASE 65) ]
TOTAL THIS MO.     0
DPTR FM NORMAL     0    [PRESSURE DATA]
TOTAL FM JAN 1     0    HIGHEST SLP M ON M
DPTR FM NORMAL     0    LOWEST  SLP 29.66 ON 18

[REMARKS]
