000
CXUS53 KILX 302300
CF6SPI
PRELIMINARY LOCAL CLIMATOLOGICAL DATA (WS FORM: F-6)

                                          STATION:   SPRINGFIELD IL
                                          MONTH:     JANUARY
                                          YEAR:      2015
                                          LATITUDE:   39 50 N
                                          LONGITUDE:  89 41 W

  TEMPERATURE IN F:       :PCPN:    SNOW:  WIND      :SUNSHINE: SKY     :PK WND
================================================================================
1   2   3   4   5  6A  6B    7    8   9   10  11  12  13   14  15   16   17  18
                                     12Z  AVG MX 2MIN
DY MAX MIN AVG DEP HDD CDD  WTR  SNW DPTH SPD SPD DIR MIN PSBL S-S WX    SPD DR
================================================================================

 1  34  15  25  -2  40   0 0.00  0.0    0 10.6 23 250   M    M   0        27 250
 2  40  23  32   5  33   0 0.02  0.0    0  5.3 15 160   M    M   6 1      17 150
 3  39  35  37  10  28   0 0.50  0.0    0  4.6 13 280   M    M  10 1      14 280
 4  35  10  23  -4  42   0 0.01    T    0 16.0 26 280   M    M   7 1      36 280
 5  20   6  13 -14  52   0 0.09  1.2    0  8.0 17 300   M    M   6 1      20 310
 6  22  12  17 -10  48   0    T    T    1  9.7 23 310   M    M   5 8      30 300
 7  18  -4   7 -20  58   0    T    T    1 15.8 29 320   M    M   4 89     37 320
 8  28  -6  11 -16  54   0    T    T    1 15.2 31 280   M    M   5 9      43 290
 9  19   2  11 -16  54   0 0.02  0.3    1 14.3 26 310   M    M   3        36 320
10  29   1  15 -11  50   0 0.00  0.0    1 12.3 23 180   M    M   2        32 180
11  36  28  32   6  33   0 0.06  0.0    1  7.2 16 190   M    M  10 18     19 190
12  34   9  22  -4  43   0 0.29  1.6    2 13.1 22 360   M    M   3 1      27  10
13  20   1  11 -15  54   0 0.00  0.0    1  7.6 16  50   M    M   1        19  50
14  25  -1  12 -14  53   0 0.00  0.0    1  2.6  8 230   M    M   4        10 220
15  40  16  28   2  37   0 0.00  0.0    1  7.8 13 250   M    M   0        16 250
16  46  21  34   8  31   0 0.00  0.0    T  7.9 17 170   M    M   0 1      22 170
17  52  37  45  19  20   0 0.00  0.0    T 15.2 23 260   M    M   2        32 190
18  46  26  36  10  29   0    T  0.0    0 10.2 21 260   M    M   1        26 270
19  50  23  37  11  28   0    T  0.0    0  4.0 14 130   M    M   3        16 130
20  48  29  39  13  26   0 0.00  0.0    0  6.4 14 310   M    M   4         M  M
21  40  32  36   9  29   0 0.00  0.0    0 10.2 21 270   M    M   8        27 270
22  36  32  34   7  31   0 0.00  0.0    0  3.5 10 310   M    M  10        13 310
23  36  25  31   4  34   0 0.00  0.0    0  5.0 13 260   M    M   6        18 260
24  50  28  39  12  26   0 0.00  0.0    0  9.5 18 260   M    M   1        21 250
25  44  26  35   8  30   0 0.15  0.0    0 11.5 25  10   M    M   9 1      34  10
26  33  20  27   0  38   0 0.04  0.3    0  6.9 14 330   M    M   6 12     17 330
27  36  27  32   5  33   0 0.00  0.0    T  6.9 14 360   M    M   9 18     18 350
28  43  24  34   7  31   0 0.01  0.0    0 15.9 28 160   M    M   1        34 180
29  46  34  40  13  25   0    T  0.0    0 18.4 26 310   M    M   8 8      36 290
================================================================================
SM 1045  531      1090   0  1.19     3.4 281.6          M      134
================================================================================
AV 36.0 18.3                               9.7 FASTST   M    M   5    MAX(MPH)
                                 MISC ---->  # 31 280               # 43  290
================================================================================
NOTES:
# LAST OF SEVERAL OCCURRENCES

COLUMN 17 PEAK WIND IN M.P.H.

PRELIMINARY LOCAL CLIMATOLOGICAL DATA (WS FORM: F-6) , PAGE 2

                                          STATION:  SPRINGFIELD IL
                                          MONTH:    JANUARY
                                          YEAR:     2015
                                          LATITUDE:   39 50 N
                                          LONGITUDE:  89 41 W

[TEMPERATURE DATA]      [PRECIPITATION DATA]       SYMBOLS USED IN COLUMN 16

AVERAGE MONTHLY: 27.2   TOTAL FOR MONTH:   1.19    1 = FOG OR MIST
DPTR FM NORMAL:   0.6   DPTR FM NORMAL:   -0.52    2 = FOG REDUCING VISIBILITY
HIGHEST:    52 ON 17    GRTST 24HR  0.52 ON  2- 3      TO 1/4 MILE OR LESS
LOWEST:     -6 ON  8                               3 = THUNDER
                        SNOW, ICE PELLETS, HAIL    4 = ICE PELLETS
                        TOTAL MONTH:   3.4 INCHES  5 = HAIL
                        GRTST 24HR   1.6 ON   M    6 = FREEZING RAIN OR DRIZZLE
                        GRTST DEPTH:   2 ON 12     7 = DUSTSTORM OR SANDSTORM:
                                                       VSBY 1/2 MILE OR LESS
                                                   8 = SMOKE OR HAZE
[NO. OF DAYS WITH]      [WEATHER - DAYS WITH]      9 = BLOWING SNOW
                                                   X = TORNADO
MAX 32 OR BELOW:   8    0.01 INCH OR MORE:  10
MAX 90 OR ABOVE:   0    0.10 INCH OR MORE:   3
MIN 32 OR BELOW:  26    0.50 INCH OR MORE:   1
MIN  0 OR BELOW:   3    1.00 INCH OR MORE:   0

[HDD (BASE 65) ]
TOTAL THIS MO.  1090    CLEAR  (SCALE 0-3)  11
DPTR FM NORMAL   -19    PTCLDY (SCALE 4-7)  13
TOTAL FM JUL 1  3262    CLOUDY (SCALE 8-10)  5
DPTR FM NORMAL    13

[CDD (BASE 65) ]
TOTAL THIS MO.     0
DPTR FM NORMAL     0    [PRESSURE DATA]
TOTAL FM JAN 1     0    HIGHEST SLP M ON M
DPTR FM NORMAL     0    LOWEST  SLP 29.60 ON 25

[REMARKS]
