000
CXUS54 KOUN 221229
CF6SPS
PRELIMINARY LOCAL CLIMATOLOGICAL DATA (WS FORM: F-6)

                                          STATION:   WICHITA FALLS
                                          MONTH:     SEPTEMBER
                                          YEAR:      2017
                                          LATITUDE:   33 58 N
                                          LONGITUDE:  98 29 W

  TEMPERATURE IN F:       :PCPN:    SNOW:  WIND      :SUNSHINE: SKY     :PK WND
================================================================================
1   2   3   4   5  6A  6B    7    8   9   10  11  12  13   14  15   16   17  18
                                     12Z  AVG MX 2MIN
DY MAX MIN AVG DEP HDD CDD  WTR  SNW DPTH SPD SPD DIR MIN PSBL S-S WX    SPD DR
================================================================================

 1  89  60  75  -6   0  10 0.00  0.0    0  5.1 10 120   M    M   0        12 130
 2  93  67  80  -1   0  15    T  0.0    0  6.5 13 180   M    M   1        17 210
 3  93  65  79  -1   0  14 0.00  0.0    0  4.6 13 200   M    M   0        17 180
 4  97  70  84   4   0  19 0.00  0.0    0 10.6 17 240   M    M   0        21 240
 5  84  61  73  -7   0   8 0.00  0.0    0 14.9 32  20   M    M   1        37  20
 6  84  55  70  -9   0   5 0.00  0.0    0  6.9 15  20   M    M   1        21  20
 7  87  53  70  -9   0   5 0.00  0.0    0  9.9 18 140   M    M   1        23 120
 8  86  55  71  -8   0   6 0.00  0.0    0  8.8 20 150   M    M   0        24 150
 9  86  58  72  -6   0   7 0.00  0.0    0  6.9 16 110   M    M   0        22 130
10  86  56  71  -7   0   6 0.00  0.0    0  5.5 14  50   M    M   0        19  80
11  88  56  72  -6   0   7 0.00  0.0    0  4.5 15  20   M    M   0        20  20
12  88  55  72  -5   0   7 0.00  0.0    0  6.4 16  30   M    M   1        23  30
13  92  54  73  -4   0   8 0.00  0.0    0  5.3 12  70   M    M   1        15  90
14 100  60  80   4   0  15 0.00  0.0    0  9.9 21 160   M    M   0        27 160
15  97  72  85   9   0  20 0.00  0.0    0 15.4 23 140   M    M   1        29 180
16  98  72  85   9   0  20 0.00  0.0    0 10.9 21 140   M    M   0        26 190
17  95  68  82   7   0  17    T  0.0    0 10.9 24 130   M    M   1        28 360
18  91  64  78   3   0  13 0.12  0.0    0 11.5 29 320   M    M   3 3      36 310
19 100  71  86  12   0  21 0.49  0.0    0 15.9 36 240   M    M   2 3      41 240
20  97  73  85  11   0  20    T  0.0    0 15.0 24 190   M    M   2 3      31 180
21  96  76  86  12   0  21 0.00  0.0    0 16.8 25 130   M    M   2        31 150
================================================================================
SM 1927 1321         0 264  0.61     0.0 202.2          M       17
================================================================================
AV 91.8 62.9                               9.6 FASTST   M    M   1    MAX(MPH)
                                 MISC ---->  # 36 240               # 41  240
================================================================================
NOTES:
# LAST OF SEVERAL OCCURRENCES

COLUMN 17 PEAK WIND IN M.P.H.

PRELIMINARY LOCAL CLIMATOLOGICAL DATA (WS FORM: F-6) , PAGE 2

                                          STATION:  WICHITA FALLS
                                          MONTH:    SEPTEMBER
                                          YEAR:     2017
                                          LATITUDE:   33 58 N
                                          LONGITUDE:  98 29 W

[TEMPERATURE DATA]      [PRECIPITATION DATA]       SYMBOLS USED IN COLUMN 16

AVERAGE MONTHLY: 77.3   TOTAL FOR MONTH:   0.61    1 = FOG OR MIST
DPTR FM NORMAL:  -0.1   DPTR FM NORMAL:   -1.43    2 = FOG REDUCING VISIBILITY
HIGHEST:   100 ON 19,14 GRTST 24HR  0.49 ON 19-19      TO 1/4 MILE OR LESS
LOWEST:     53 ON  7                               3 = THUNDER
                        SNOW, ICE PELLETS, HAIL    4 = ICE PELLETS
                        TOTAL MONTH:   0.0 INCH    5 = HAIL
                        GRTST 24HR     0.0         6 = FREEZING RAIN OR DRIZZLE
                        GRTST DEPTH:   0           7 = DUSTSTORM OR SANDSTORM:
                                                       VSBY 1/2 MILE OR LESS
                                                   8 = SMOKE OR HAZE
[NO. OF DAYS WITH]      [WEATHER - DAYS WITH]      9 = BLOWING SNOW
                                                   X = TORNADO
MAX 32 OR BELOW:   0    0.01 INCH OR MORE:   2
MAX 90 OR ABOVE:  12    0.10 INCH OR MORE:   2
MIN 32 OR BELOW:   0    0.50 INCH OR MORE:   0
MIN  0 OR BELOW:   0    1.00 INCH OR MORE:   0

[HDD (BASE 65) ]
TOTAL THIS MO.     0    CLEAR  (SCALE 0-3)  21
DPTR FM NORMAL    -3    PTCLDY (SCALE 4-7)   0
TOTAL FM JUL 1     0    CLOUDY (SCALE 8-10)  0
DPTR FM NORMAL    -3

[CDD (BASE 65) ]
TOTAL THIS MO.   264
DPTR FM NORMAL    -2    [PRESSURE DATA]
TOTAL FM JAN 1  2106    HIGHEST SLP M ON M
DPTR FM NORMAL  -105    LOWEST  SLP 29.67 ON 19

[REMARKS]
