000
CXUS54 KEPZ 301200
CF6SRR
PRELIMINARY LOCAL CLIMATOLOGICAL DATA (WS FORM: F-6)

                                          STATION:   RUIDOSO        AWOS
                                          MONTH:     SEPTEMBER
                                          YEAR:      2014
                                          LATITUDE:   33 28 N
                                          LONGITUDE: 105 32 W

  TEMPERATURE IN F:       :PCPN:    SNOW:  WIND      :SUNSHINE: SKY     :PK WND
================================================================================
1   2   3   4   5  6A  6B    7    8   9   10  11  12  13   14  15   16   17  18
                                     12Z  AVG MX 2MIN
DY MAX MIN AVG DEP HDD CDD  WTR  SNW DPTH SPD SPD DIR MIN PSBL S-S WX    SPD DR
================================================================================

 1  84  59  72   M   0   7 0.00  0.0    0  7.8 12 170   M    M   0        17 330
 2  84  61  73   M   0   8 0.00  0.0    0  8.2 15 150   M    M   0        21 150
 3  86  57  72   M   0   7 0.00  0.0    0  8.1 17 140   M    M   2        25 140
 4  77  55  66   M   0   1 0.21  0.0    0  7.2 18 240   M    M   4 3      23  10
 5  68  55  62   M   3   0 0.05  0.0    0  5.7 12 140   M    M   7 2       M  M
 6  63  54  59   M   6   0 0.00  0.0    0  7.8 16 140   M    M  10 12     21 140
 7  66  54  60   M   5   0 0.00  0.0    0  5.7 14 130   M    M   6 12      M  M
 8  75  54  65   M   0   0 0.00  0.0    0  8.4 20 220   M    M   4 12     27 220
 9  77  59  68   M   0   3 0.00  0.0    0 10.5 22 230   M    M   3        29 230
10  75  59  67   M   0   2 0.00  0.0    0  9.4 16 320   M    M   3        28 310
11  66  54  60   M   5   0 0.12  0.0    0  6.6 14 150   M    M   7 13      M  M
12  59  41  50   M  15   0 0.01    M    0  7.1 18 160   M    M   8 12      M  M
13  64  41  53   M  12   0 0.02    M    0  4.6 10 140   M    M   7 12      M  M
14  64  50  57   M   8   0 0.06  0.0    0  4.8 13 130   M    M   7 1       M  M
15  73  54  64   M   1   0 0.00  0.0    0  5.8 14 120   M    M   5 1      20 120
16  59  55  57   M   8   0 0.33  0.0    0  3.7  9 140   M    M  10 12      M  M
17  64  55  60   M   5   0 0.15  0.0    0  3.9  9 140   M    M   7 12      M  M
18  66  57  62   M   3   0 0.08  0.0    0  4.1  9 140   M    M   6 12      M  M
19  68  55  62   M   3   0 0.28  0.0    0  4.5 12 140   M    M  10 1       M  M
20  73  55  64   M   1   0 0.00  0.0    0  6.0 14 140   M    M   4         M  M
21  63  57  60   M   5   0 0.19  0.0    0  5.3 10 110   M    M   9 1      16  80
22  59  55  57   M   8   0 0.28  0.0    0  8.1 15 130   M    M  10 12     18 140
23  72  54  63   M   2   0 0.00  0.0    0  4.9 10 350   M    M   4 12      M  M
24  73  52  63   M   2   0 0.00  0.0    0  6.9 13 190   M    M   2         M  M
25  68  48  58   M   7   0 0.00  0.0    0  6.3 13 130   M    M   2 1      17 120
26  68  50  59   M   6   0 0.00  0.0    0  4.7 13 120   M    M   5 1      18 120
27  68  48  58   M   7   0 0.00  0.0    0  6.5 15 120   M    M   2 1      18 120
28  68  46  57   M   8   0 0.00  0.0    0  8.1 16 130   M    M   6 12     21 130
29  73  50  62   M   3   0 0.00  0.0    0 10.5 24 220   M    M   3 12     33 220
================================================================================
SM 2023 1544       123  28  1.78     0.0 191.2          M      153
================================================================================
AV 69.8 53.2                               6.6 FASTST   M    M   5    MAX(MPH)
                                 MISC ---->    24   M                 33    M
================================================================================
NOTES:
# LAST OF SEVERAL OCCURRENCES

COLUMN 17 PEAK WIND IN M.P.H.

PRELIMINARY LOCAL CLIMATOLOGICAL DATA (WS FORM: F-6) , PAGE 2

                                          STATION:  RUIDOSO        AWOS
                                          MONTH:    SEPTEMBER
                                          YEAR:     2014
                                          LATITUDE:   33 28 N
                                          LONGITUDE: 105 32 W

[TEMPERATURE DATA]      [PRECIPITATION DATA]       SYMBOLS USED IN COLUMN 16

AVERAGE MONTHLY: 61.5   TOTAL FOR MONTH:   1.78    1 = FOG OR MIST
DPTR FM NORMAL:     M   DPTR FM NORMAL:       M    2 = FOG REDUCING VISIBILITY
HIGHEST:    86 ON  3    GRTST 24HR  0.33 ON 16-16      TO 1/4 MILE OR LESS
LOWEST:     41 ON 13,12                            3 = THUNDER
                        SNOW, ICE PELLETS, HAIL    4 = ICE PELLETS
                        TOTAL MONTH:   0.0 INCH    5 = HAIL
                        GRTST 24HR     0.0         6 = FREEZING RAIN OR DRIZZLE
                        GRTST DEPTH:   0           7 = DUSTSTORM OR SANDSTORM:
                                                       VSBY 1/2 MILE OR LESS
                                                   8 = SMOKE OR HAZE
[NO. OF DAYS WITH]      [WEATHER - DAYS WITH]      9 = BLOWING SNOW
                                                   X = TORNADO
MAX 32 OR BELOW:   0    0.01 INCH OR MORE:  12
MAX 90 OR ABOVE:   0    0.10 INCH OR MORE:   7
MIN 32 OR BELOW:   0    0.50 INCH OR MORE:   0
MIN  0 OR BELOW:   0    1.00 INCH OR MORE:   0

[HDD (BASE 65) ]
TOTAL THIS MO.   123    CLEAR  (SCALE 0-3)   8
DPTR FM NORMAL     M    PTCLDY (SCALE 4-7)  16
TOTAL FM JUL 1   148    CLOUDY (SCALE 8-10)  5
DPTR FM NORMAL     M

[CDD (BASE 65) ]
TOTAL THIS MO.    28
DPTR FM NORMAL     M    [PRESSURE DATA]
TOTAL FM JAN 1   421    HIGHEST SLP M ON M
DPTR FM NORMAL     M    LOWEST  SLP M ON M

[REMARKS]
