000
CXUS53 KMPX 201156
CF6STC
PRELIMINARY LOCAL CLIMATOLOGICAL DATA (WS FORM: F-6)

                                          STATION:   ST CLOUD MN
                                          MONTH:     APRIL
                                          YEAR:      2014
                                          LATITUDE:   45 32 N
                                          LONGITUDE:  94  4 W

  TEMPERATURE IN F:       :PCPN:    SNOW:  WIND      :SUNSHINE: SKY     :PK WND
================================================================================
1   2   3   4   5  6A  6B    7    8   9   10  11  12  13   14  15   16   17  18
                                     12Z  AVG MX 2MIN
DY MAX MIN AVG DEP HDD CDD  WTR  SNW DPTH SPD SPD DIR MIN PSBL S-S WX    SPD DR
================================================================================

 1  35  19  27 -10  38   0 0.04  0.4    4 16.2 29 320   M    M   5 18     39 310
 2  38  17  28 -10  37   0 0.00  0.0    4  5.8 12  50   M    M   3        15  50
 3  36  27  32  -6  33   0 0.22  2.0    2  9.9 16  40   M    M  10 18     23  30
 4  42  26  34  -5  31   0 0.14  1.1    5 11.8 20 340   M    M   6 1      25 340
 5  45  21  33  -6  32   0    T  0.0    0  9.1 23 190   M    M   2 1      28 180
 6  60  35  48   8  17   0 0.00  0.0    3  5.2 12 170   M    M   2        15 170
 7  58  37  48   8  17   0 0.00  0.0    2  7.5 21 310   M    M   3 18     25 310
 8  52  32  42   1  23   0 0.00  0.0    1  9.6 18 310   M    M   1        24 330
 9  70  32  51  10  14   0 0.00  0.0    T 12.8 32 310   M    M   2        39 300
10  61  40  51   9  14   0    T  0.0    0 12.9 33 300   M    M   2        40 310
11  64  39  52  10  13   0 0.01  0.0    0  5.9 18 260   M    M   6        24 290
12  55  41  48   5  17   0 0.16  0.0    0 10.5 21  80   M    M   8 1      29  80
13  41  30  36  -7  29   0 0.00  0.0    0 13.8 25 360   M    M   7        36 350
14  37  22  30 -14  35   0 0.00  0.0    0 16.1 28 350   M    M   3        36 350
15  36  16  26 -18  39   0 0.00  0.0    0  6.2 13  80   M    M   3        16  80
16  32  29  31 -14  34   0 0.98  8.5    T 13.2 18  10   M    M  10 12     28 110
17  44  25  35 -10  30   0 0.00  0.0    8  6.2 16 350   M    M   3        22  10
18  46  19  33 -13  32   0 0.00  0.0    5  7.2 16 160   M    M   5 18     22 110
19  63  38  51   5  14   0 0.01  0.0    2 10.7 21 150   M    M   4 1      30 160
================================================================================
SM  915  545       499   0  1.56    12.0 190.6          M       85
================================================================================
AV 48.2 28.7                              10.0 FASTST   M    M   4    MAX(MPH)
                                 MISC ---->  # 33 300               # 40  310
================================================================================
NOTES:
# LAST OF SEVERAL OCCURRENCES

COLUMN 17 PEAK WIND IN M.P.H.

PRELIMINARY LOCAL CLIMATOLOGICAL DATA (WS FORM: F-6) , PAGE 2

                                          STATION:  ST CLOUD MN
                                          MONTH:    APRIL
                                          YEAR:     2014
                                          LATITUDE:   45 32 N
                                          LONGITUDE:  94  4 W

[TEMPERATURE DATA]      [PRECIPITATION DATA]       SYMBOLS USED IN COLUMN 16

AVERAGE MONTHLY: 38.4   TOTAL FOR MONTH:   1.56    1 = FOG OR MIST
DPTR FM NORMAL:  -3.3   DPTR FM NORMAL:    0.07    2 = FOG REDUCING VISIBILITY
HIGHEST:    70 ON  9    GRTST 24HR  0.98 ON 16-16      TO 1/4 MILE OR LESS
LOWEST:     16 ON 15                               3 = THUNDER
                        SNOW, ICE PELLETS, HAIL    4 = ICE PELLETS
                        TOTAL MONTH:  12.0 INCHES  5 = HAIL
                        GRTST 24HR   8.5 ON 16-16  6 = FREEZING RAIN OR DRIZZLE
                        GRTST DEPTH:   8 ON 17     7 = DUSTSTORM OR SANDSTORM:
                                                       VSBY 1/2 MILE OR LESS
                                                   8 = SMOKE OR HAZE
[NO. OF DAYS WITH]      [WEATHER - DAYS WITH]      9 = BLOWING SNOW
                                                   X = TORNADO
MAX 32 OR BELOW:   1    0.01 INCH OR MORE:   7
MAX 90 OR ABOVE:   0    0.10 INCH OR MORE:   4
MIN 32 OR BELOW:  13    0.50 INCH OR MORE:   1
MIN  0 OR BELOW:   0    1.00 INCH OR MORE:   0

[HDD (BASE 65) ]
TOTAL THIS MO.   499    CLEAR  (SCALE 0-3)   8
DPTR FM NORMAL    57    PTCLDY (SCALE 4-7)   9
TOTAL FM JUL 1  9015    CLOUDY (SCALE 8-10)  2
DPTR FM NORMAL  1023

[CDD (BASE 65) ]
TOTAL THIS MO.     0
DPTR FM NORMAL     0    [PRESSURE DATA]
TOTAL FM JAN 1     0    HIGHEST SLP M ON M
DPTR FM NORMAL     0    LOWEST  SLP 29.46 ON  1

[REMARKS]
