000
CXUS55 KSTO 251425
CF6STO
PRELIMINARY LOCAL CLIMATOLOGICAL DATA (WS FORM: F-6)

                                          STATION:   SACRAMENTO CITY
                                          MONTH:     JUNE
                                          YEAR:      2017
                                          LATITUDE:   38 36 N
                                          LONGITUDE: 121 23 W

  TEMPERATURE IN F:       :PCPN:    SNOW:  WIND      :SUNSHINE: SKY     :PK WND
================================================================================
1   2   3   4   5  6A  6B    7    8   9   10  11  12  13   14  15   16   17  18
                                     12Z  AVG MX 2MIN
DY MAX MIN AVG DEP HDD CDD  WTR  SNW DPTH SPD SPD DIR MIN PSBL S-S WX    SPD DR
================================================================================

 1  86  57  72   2   0   7 0.00  0.0    0   M   M   M   M    M   M         M  M
 2  92  59  76   5   0  11 0.00    M    M   M   M   M   M    M   M         M  M
 3  90  61  76   5   0  11 0.00    M    M   M   M   M   M    M   M         M  M
 4  89  58  74   3   0   9 0.00    M    M   M   M   M   M    M   M         M  M
 5  94  56  75   4   0  10 0.00    M    M   M   M   M   M    M   M         M  M
 6  92  60  76   5   0  11 0.00    M    M   M   M   M   M    M   M         M  M
 7  82  58  70  -2   0   5 0.00    M    M   M   M   M   M    M   M         M  M
 8  73  54  64  -8   1   0 0.18    M    M   M   M   M   M    M   M         M  M
 9  78  56  67  -5   0   2 0.00    M    M   M   M   M   M    M   M         M  M
10  78  49  64  -8   1   0 0.00    M    M   M   M   M   M    M   M         M  M
11  71  49  60 -12   5   0 0.00  0.0    M   M   M   M   M    M   M         M  M
12  75  49  62 -10   3   0 0.00  0.0    M   M   M   M   M    M   M         M  M
13  86  54  70  -3   0   5 0.00    M    M   M   M   M   M    M   M         M  M
14  93  58  76   3   0  11 0.00  0.0    M   M   M   M   M    M   M         M  M
15  95  60  78   5   0  13 0.00  0.0    M   M   M   M   M    M   M         M  M
16 101  66  84  11   0  19 0.00  0.0    M   M   M   M   M    M   M         M  M
17 101  74  88  14   0  23 0.00  0.0    M   M   M   M   M    M   M         M  M
18 106  75  91  17   0  26 0.00  0.0    M   M   M   M   M    M   M         M  M
19 107  78  93  19   0  28 0.00  0.0    M   M   M   M   M    M   M         M  M
20 106  74  90  16   0  25 0.00  0.0    M   M   M   M   M    M   M         M  M
21 106  66  86  12   0  21 0.00    M    M   M   M   M   M    M   M         M  M
22 108  77  93  19   0  28 0.00    M    M   M   M   M   M    M   M         M  M
23 101  69  85  10   0  20 0.00    M    M   M   M   M   M    M   M         M  M
24  97  62  80   5   0  15 0.00  0.0    0   M   M   M   M    M   M         M  M
================================================================================
SM 2207 1479        10 300  0.18     0.0     M          M        M
================================================================================
AV 92.0 61.6                                 M FASTST   M    M   1    MAX(MPH)
                                 MISC ---->     M   M                  M    M
================================================================================
NOTES:
# LAST OF SEVERAL OCCURRENCES

COLUMN 17 PEAK WIND IN M.P.H.

PRELIMINARY LOCAL CLIMATOLOGICAL DATA (WS FORM: F-6) , PAGE 2

                                          STATION:  SACRAMENTO CITY
                                          MONTH:    JUNE
                                          YEAR:     2017
                                          LATITUDE:   38 36 N
                                          LONGITUDE: 121 23 W

[TEMPERATURE DATA]      [PRECIPITATION DATA]       SYMBOLS USED IN COLUMN 16

AVERAGE MONTHLY: 76.8   TOTAL FOR MONTH:   0.18    1 = FOG OR MIST
DPTR FM NORMAL:   4.2   DPTR FM NORMAL:    0.00    2 = FOG REDUCING VISIBILITY
HIGHEST:   108 ON 22    GRTST 24HR  0.18 ON  8- 8      TO 1/4 MILE OR LESS
LOWEST:     49 ON 12,11                            3 = THUNDER
                        SNOW, ICE PELLETS, HAIL    4 = ICE PELLETS
                        TOTAL MONTH:   0.0 INCH    5 = HAIL
                        GRTST 24HR     0.0         6 = FREEZING RAIN OR DRIZZLE
                        GRTST DEPTH:   0           7 = DUSTSTORM OR SANDSTORM:
                                                       VSBY 1/2 MILE OR LESS
                                                   8 = SMOKE OR HAZE
[NO. OF DAYS WITH]      [WEATHER - DAYS WITH]      9 = BLOWING SNOW
                                                   X = TORNADO
MAX 32 OR BELOW:   0    0.01 INCH OR MORE:   1
MAX 90 OR ABOVE:  15    0.10 INCH OR MORE:   1
MIN 32 OR BELOW:   0    0.50 INCH OR MORE:   0
MIN  0 OR BELOW:   0    1.00 INCH OR MORE:   0

[HDD (BASE 65) ]
TOTAL THIS MO.    10    CLEAR  (SCALE 0-3)   0
DPTR FM NORMAL     7    PTCLDY (SCALE 4-7)   0
TOTAL FM JUL 1  1998    CLOUDY (SCALE 8-10)  0
DPTR FM NORMAL  -300

[CDD (BASE 65) ]
TOTAL THIS MO.   300
DPTR FM NORMAL   111    [PRESSURE DATA]
TOTAL FM JAN 1   482    HIGHEST SLP M ON M
DPTR FM NORMAL   133    LOWEST  SLP M ON M

[REMARKS]
