000
CXUS55 KFSD 011236
CF6SUX

PRELIMINARY LOCAL CLIMATOLOGICAL DATA (WS FORM: F-6)

                                          STATION:   SIOUX CITY IA
                                          MONTH:     AUGUST
                                          YEAR:      2014
                                          LATITUDE:   42 24 N
                                          LONGITUDE:  96 23 W

  TEMPERATURE IN F:       :PCPN:    SNOW:  WIND      :SUNSHINE: SKY     :PK WND
================================================================================
1   2   3   4   5  6A  6B    7    8   9   10  11  12  13   14  15   16   17  18
                                     12Z  AVG MX 2MIN
DY MAX MIN AVG DEP HDD CDD  WTR  SNW DPTH SPD SPD DIR MIN PSBL S-S WX    SPD DR
================================================================================

 1  85  54  70  -4   0   5 0.00  0.0    0  2.3  7 150   M    M   2 12     10 140
 2  86  59  73  -1   0   8 0.00  0.0    0  5.2 12 180   M    M   2 1      16 140
 3  87  65  76   2   0  11 0.00  0.0    0  4.8 12 110   M    M   1        15 110
 4  87  61  74   0   0   9 0.00  0.0    0  4.5 10  80   M    M   1 12     17 100
 5  79  68  74   0   0   9 0.74  0.0    0  6.9 15  80   M    M   6 13     19  80
 6  73  68  71  -2   0   6 1.97  0.0    0  8.8 15 100   M    M   8 13     19 100
 7  72  66  69  -4   0   4 0.87  0.0    0  8.0 13  80   M    M  10 1      17  70
 8  79  68  74   1   0   9    T  0.0    0  7.3 14 130   M    M   9 1      18 140
 9  81  69  75   2   0  10 0.00  0.0    0  7.6 15 140   M    M   5 1      19 140
10  82  68  75   2   0  10 0.01  0.0    0  4.1 13 100   M    M   6 13     16 100
11  79  58  69  -4   0   4 0.00  0.0    0 11.0 25 330   M    M   1        30 360
12  80  52  66  -7   0   1 0.00  0.0    0  4.1 13 360   M    M   0        19 360
13  82  53  68  -5   0   3 0.00  0.0    0  3.9  9 160   M    M   0 12     12 180
14  80  59  70  -3   0   5    T  0.0    0  7.1 13 150   M    M   1 3      19 160
15  78  66  72   0   0   7 0.64  0.0    0  8.3 17 160   M    M   5 13     23 170
16  85  66  76   4   0  11 0.00  0.0    0  3.3  8 130   M    M   4 12     11 130
17  88  70  79   7   0  14 0.04  0.0    0  4.8 12 300   M    M   4 1      15 290
18  88  63  76   4   0  11 0.00  0.0    0  4.6  9 220   M    M   0 1      14 280
19  87  62  75   3   0  10 0.00  0.0    0  3.9  8  90   M    M   0        12 330
20  83  68  76   4   0  11 2.12  0.0    0  8.7 38 320   M    M   4 13     46 320
21  92  74  83  11   0  18 0.00  0.0    0  5.0 15 160   M    M   1        19 150
22  91  73  82  10   0  17    T  0.0    0  5.2 15  70   M    M   2 1      19  70
23  88  70  79   8   0  14 1.36  0.0    0  9.4 21 250   M    M   3 13     30 250
24  85  66  76   5   0  11 0.11  0.0    0  5.1 13 330   M    M   1 13     17 310
25  72  62  67  -4   0   2 0.00  0.0    0  5.5 20 340   M    M   3 1      24 340
26  75  63  69  -2   0   4    T  0.0    0  5.6 16  50   M    M   2        22  60
27  73  64  69  -1   0   4 0.21  0.0    0  5.9 14 100   M    M   9 1      18  90
28  82  68  75   5   0  10 0.68  0.0    0  8.2 12 200   M    M   8 1      17 200
29  77  64  71   1   0   6 0.20  0.0    0  3.8 13 240   M    M   5 13     19 160
30  77  64  71   1   0   6 0.00  0.0    0  6.4 16 330   M    M   4 1      19 330
31  81  62  72   3   0   7 1.17  0.0    0  6.7 39 350   M    M   1 13     57 240
================================================================================
SM 2534 1993         0 257 10.12     0.0 186.0          M      108
================================================================================
AV 81.7 64.3                               6.0 FASTST   M    M   3    MAX(MPH)
                                 MISC ---->  # 39 350               # 57  240
================================================================================
NOTES:
# LAST OF SEVERAL OCCURRENCES
-COLUMN 17 PEAK WIND IN M.P.H.
-PRECIPITATION AMOUNTS IN COLUMNS 7,8 AND 9 ARE THE OFFICIAL
PRECIPITATION AMOUNTS FOR SIOUX CITY, IA.
-SNOW DEPTH IN COLUMN 9 IS RECORDED AT 6 AM CST (12Z).


PRELIMINARY LOCAL CLIMATOLOGICAL DATA (WS FORM: F-6) , PAGE 2

                                          STATION:  SIOUX CITY IA
                                          MONTH:    AUGUST
                                          YEAR:     2014
                                          LATITUDE:   42 24 N
                                          LONGITUDE:  96 23 W

[TEMPERATURE DATA]      [PRECIPITATION DATA]       SYMBOLS USED IN COLUMN 16

AVERAGE MONTHLY: 73.0   TOTAL FOR MONTH:  10.12    1 = FOG OR MIST
DPTR FM NORMAL:   0.9   DPTR FM NORMAL:    6.89    2 = FOG REDUCING VISIBILITY
HIGHEST:    92 ON 21    GRTST 24HR  2.50 ON  5- 6      TO 1/4 MILE OR LESS
LOWEST:     52 ON 12                               3 = THUNDER
                        SNOW, ICE PELLETS, HAIL    4 = ICE PELLETS
                        TOTAL MONTH:   0.0 INCH    5 = HAIL
                        GRTST 24HR     0.0         6 = FREEZING RAIN OR DRIZZLE
                        GRTST DEPTH:   0           7 = DUSTSTORM OR SANDSTORM:
                                                       VSBY 1/2 MILE OR LESS
                                                   8 = SMOKE OR HAZE
[NO. OF DAYS WITH]      [WEATHER - DAYS WITH]      9 = BLOWING SNOW
                                                   X = TORNADO
MAX 32 OR BELOW:   0    0.01 INCH OR MORE:  13
MAX 90 OR ABOVE:   2    0.10 INCH OR MORE:  11
MIN 32 OR BELOW:   0    0.50 INCH OR MORE:   8
MIN  0 OR BELOW:   0    1.00 INCH OR MORE:   4

[HDD (BASE 65) ]
TOTAL THIS MO.     0    CLEAR  (SCALE 0-3)  16
DPTR FM NORMAL   -12    PTCLDY (SCALE 4-7)  10
TOTAL FM JUL 1     6    CLOUDY (SCALE 8-10)  5
DPTR FM NORMAL    -9

[CDD (BASE 65) ]
TOTAL THIS MO.   257
DPTR FM NORMAL    25    [PRESSURE DATA]
TOTAL FM JAN 1   766    HIGHEST SLP 30.19 ON 27
DPTR FM NORMAL   -11    LOWEST  SLP 29.59 ON 31

[REMARKS]

RECORD DAILY PRECIPITATION WAS ESTABLISHED ON THE 20TH WITH 2.12 INCHES.
THE PREVIOUS RECORD WAS 2.01 INCHES IN 1922.

RECORD MONTHLY PRECIPITATION WAS ESTABLISHED WITH 10.12 INCHES. THE PREVIOUS
RECORD WAS 9.07 IN 2007.

RECORD SUMMER PRECIPITATION WAS ESTABLISHED FROM JUNE THROUGH AUGUST WITH
30.38 INCHES. THE PREVIOUS RECORD WAS 20.13 INCHES SET IN 2010.

#FINAL-08-14#
