000
CXUS54 KEPZ 011200
CF6SVC
PRELIMINARY LOCAL CLIMATOLOGICAL DATA (WS FORM: F-6)

                                          STATION:   SILVER CITY
                                          MONTH:     APRIL
                                          YEAR:      2016
                                          LATITUDE:   32 37 N
                                          LONGITUDE: 108 10 W

  TEMPERATURE IN F:       :PCPN:    SNOW:  WIND      :SUNSHINE: SKY     :PK WND
================================================================================
1   2   3   4   5  6A  6B    7    8   9   10  11  12  13   14  15   16   17  18
                                     12Z  AVG MX 2MIN
DY MAX MIN AVG DEP HDD CDD  WTR  SNW DPTH SPD SPD DIR MIN PSBL S-S WX    SPD DR
================================================================================

 1  52  28  40   M  25   0 0.03    M    0  8.7 16  70   M    M   0 3      31  10
 2  59  23  41   M  24   0 0.00  0.0    0  6.8 14 160   M    M   0        22 170
 3  70  32  51   M  14   0 0.00  0.0    0  8.4 13 350   M    M   0        22 230
 4  77  37  57   M   8   0 0.00  0.0    0  8.8 17 220   M    M   0        21 220
 5  77  43  60   M   5   0 0.00  0.0    0 12.7 21 300   M    M   0        29 280
 6  77  45  61   M   4   0 0.00  0.0    0  8.2 12  10   M    M   0        18 180
 7  75  48  62   M   3   0 0.00  0.0    0 10.3 21 170   M    M   0        23 150
 8  66  46  56   M   9   0 0.19    M    0  8.3 14 160   M    M   0 3      28 110
 9  72  39  56   M   9   0 0.00  0.0    0  8.3 15 310   M    M   0        22 240
10  64  41  53   M  12   0 0.00  0.0    0 12.9 22 210   M    M   0 3      30 210
11  64  36  50   M  15   0 0.00  0.0    0  7.9 14 330   M    M   0         M  M
12  57  41  49   M  16   0 0.10  0.0    0  9.6 20  60   M    M   0 3      23 330
13  72  39  56   M   9   0 0.03    M    0  7.4 15 340   M    M   0         M  M
14  75  41  58   M   7   0 0.00  0.0    0  8.7 17 260   M    M   0        25 220
15  73  46  60   M   5   0 0.00  0.0    0 17.5 32 240   M    M   0        45 260
16  57  39  48   M  17   0 0.00  0.0    0 17.7 25 280   M    M   0        37 280
17  63  32  48   M  17   0 0.00  0.0    0  7.0 12 330   M    M   0        16 210
18  68  36  52   M  13   0 0.00  0.0    0 10.7 17 290   M    M   0        28 250
19  72  36  54   M  11   0 0.00  0.0    0  9.0 15 310   M    M   0        24 280
20  77  37  57   M   8   0 0.00  0.0    0 10.6 22 290   M    M   0        30 280
21  79  41  60   M   5   0 0.00  0.0    0  8.6 16 200   M    M   0        24 170
22  81  48  65   M   0   0 0.00  0.0    0 13.8 23 150   M    M   0        36 130
23  81  46  64   M   1   0 0.00  0.0    0 12.3 25 270   M    M   0        40 250
24  73  41  57   M   8   0 0.00  0.0    0 13.0 24 280   M    M   0        32 270
25  75  46  61   M   4   0 0.00  0.0    0 16.5 33 250   M    M   0        44 220
26  63  37  50   M  15   0 0.00  0.0    0 16.1 28 290   M    M   0        43 270
27  68  36  52   M  13   0 0.00  0.0    0  9.4 18 270   M    M   0        35 270
28   M  37   M   M   M   M 0.00  0.0    0 12.1 25 220   M    M   0        39 230
29  63  39  51   M  14   0 0.00  0.0    0 15.3 30 290   M    M   0        39 270
30  68  37  53   M  12   0 0.00  0.0    0  9.9 17 200   M    M   0        36 240
================================================================================
SM 2018 1173       303   0  0.35     0.0 326.5          M        0
================================================================================
AV 69.6 39.1                              10.9 FASTST   M    M   0    MAX(MPH)
                                 MISC ---->    33   M                 45    M
================================================================================
NOTES:
# LAST OF SEVERAL OCCURRENCES

COLUMN 17 PEAK WIND IN M.P.H.

PRELIMINARY LOCAL CLIMATOLOGICAL DATA (WS FORM: F-6) , PAGE 2

                                          STATION:  SILVER CITY
                                          MONTH:    APRIL
                                          YEAR:     2016
                                          LATITUDE:   32 37 N
                                          LONGITUDE: 108 10 W

[TEMPERATURE DATA]      [PRECIPITATION DATA]       SYMBOLS USED IN COLUMN 16

AVERAGE MONTHLY: 54.3   TOTAL FOR MONTH:   0.35    1 = FOG OR MIST
DPTR FM NORMAL:     M   DPTR FM NORMAL:       M    2 = FOG REDUCING VISIBILITY
HIGHEST:    81 ON 23,22 GRTST 24HR  0.19 ON  8- 8      TO 1/4 MILE OR LESS
LOWEST:     23 ON  2                               3 = THUNDER
                        SNOW, ICE PELLETS, HAIL    4 = ICE PELLETS
                        TOTAL MONTH:   0.0 INCH    5 = HAIL
                        GRTST 24HR     0.0         6 = FREEZING RAIN OR DRIZZLE
                        GRTST DEPTH:   0           7 = DUSTSTORM OR SANDSTORM:
                                                       VSBY 1/2 MILE OR LESS
                                                   8 = SMOKE OR HAZE
[NO. OF DAYS WITH]      [WEATHER - DAYS WITH]      9 = BLOWING SNOW
                                                   X = TORNADO
MAX 32 OR BELOW:   0    0.01 INCH OR MORE:   4
MAX 90 OR ABOVE:   0    0.10 INCH OR MORE:   2
MIN 32 OR BELOW:   4    0.50 INCH OR MORE:   0
MIN  0 OR BELOW:   0    1.00 INCH OR MORE:   0

[HDD (BASE 65) ]
TOTAL THIS MO.   303    CLEAR  (SCALE 0-3)  30
DPTR FM NORMAL     M    PTCLDY (SCALE 4-7)   0
TOTAL FM JUL 1  3650    CLOUDY (SCALE 8-10)  0
DPTR FM NORMAL     M

[CDD (BASE 65) ]
TOTAL THIS MO.     0
DPTR FM NORMAL     M    [PRESSURE DATA]
TOTAL FM JAN 1     0    HIGHEST SLP M ON M
DPTR FM NORMAL     M    LOWEST  SLP M ON M

[REMARKS]
#FINAL-04-16#
