000
CXUS54 KOUN 260800
CF6SWO
PRELIMINARY LOCAL CLIMATOLOGICAL DATA (WS FORM: F-6)

                                          STATION:   STILLWATER
                                          MONTH:     MARCH
                                          YEAR:      2015
                                          LATITUDE:   36 10 N
                                          LONGITUDE:  97  5 W

  TEMPERATURE IN F:       :PCPN:    SNOW:  WIND      :SUNSHINE: SKY     :PK WND
================================================================================
1   2   3   4   5  6A  6B    7    8   9   10  11  12  13   14  15   16   17  18
                                     12Z  AVG MX 2MIN
DY MAX MIN AVG DEP HDD CDD  WTR  SNW DPTH SPD SPD DIR MIN PSBL S-S WX    SPD DR
================================================================================

 1  36  25  31 -14  34   0 0.00  0.0    0  5.7 12 350   M    M   9 1      15  10
 2  37  23  30 -16  35   0 0.00  0.0    0  8.5 20 170   M    M   5 18     25 160
 3  61  37  49   3  16   0 0.00  0.0    0 12.7 22 210   M    M   7 1      28 220
 4  43  23  33 -13  32   0 0.01    M    0 15.0 25  20   M    M   9        32  30
 5  46   9  28 -18  37   0 0.00  0.0    0  5.5 13 250   M    M   0        18 270
 6  60  24  42  -5  23   0 0.00  0.0    0 10.7 20 240   M    M   0 8      26 210
 7  72  29  51   4  14   0 0.00  0.0    0  7.7 16 230   M    M   0        20 230
 8  67  43  55   7  10   0 0.00  0.0    0  8.1 16 160   M    M   6        20 170
 9  51  43  47  -1  18   0 0.40  0.0    0  4.4  9 100   M    M   8 1      11 110
10  70  40  55   7  10   0 0.01  0.0    0  2.3  8 310   M    M   4 12     13 310
11  77  36  57   9   8   0 0.00  0.0    0  2.7  9 130   M    M   1 18     13 200
12  77  36  57   8   8   0 0.00  0.0    0  4.9 16  40   M    M   0        20  60
13  65  42  54   5  11   0 0.28  0.0    0  8.2 24  20   M    M   5 1      27 360
14  73  41  57   8   8   0 0.00  0.0    0 10.6 21  20   M    M   0        26  20
15  75  34  55   5  10   0 0.00  0.0    0  4.5 13 170   M    M   0 8      17 170
16  82  45  64  14   1   0 0.00  0.0    0 10.7 23 200   M    M   0        30 220
17  65  50  58   8   7   0    T  0.0    0 11.6 30  20   M    M   0 8      35  10
18  53  47  50  -1  15   0 0.06  0.0    0  5.5 10  40   M    M  10 18     12  50
19  51  46  49  -2  16   0 0.16  0.0    0  6.9 12  40   M    M  10 1      14  20
20  61  36  49  -2  16   0    T  0.0    0  1.6  7  60   M    M   1 12      9 320
21  68  40  54   2  11   0 0.00  0.0    0  2.9 10 130   M    M   0 18     13 120
22  76  48  62  10   3   0 0.00  0.0    0  6.5 15 140   M    M   4 12     21 130
23  80  46  63  11   2   0 0.00  0.0    0 10.4 21 160   M    M   0        25 170
24  79  48  64  12   1   0 0.00  0.0    0 12.1 25 300   M    M   0 8      33 300
25  82  45  64  11   1   0 0.07  0.0    0 13.3 33  10   M    M   5 3      42  20
================================================================================
SM 1607  936       347   0  0.99     0.0 193.0          M       84
================================================================================
AV 64.3 37.4                               7.7 FASTST   M    M   3    MAX(MPH)
                                 MISC ---->  # 33  10               # 42   20
================================================================================
NOTES:
# LAST OF SEVERAL OCCURRENCES

COLUMN 17 PEAK WIND IN M.P.H.

PRELIMINARY LOCAL CLIMATOLOGICAL DATA (WS FORM: F-6) , PAGE 2

                                          STATION:  STILLWATER
                                          MONTH:    MARCH
                                          YEAR:     2015
                                          LATITUDE:   36 10 N
                                          LONGITUDE:  97  5 W

[TEMPERATURE DATA]      [PRECIPITATION DATA]       SYMBOLS USED IN COLUMN 16

AVERAGE MONTHLY: 50.9   TOTAL FOR MONTH:   0.99    1 = FOG OR MIST
DPTR FM NORMAL:   1.8   DPTR FM NORMAL:   -1.50    2 = FOG REDUCING VISIBILITY
HIGHEST:    82 ON 25,16 GRTST 24HR  0.40 ON  9- 9      TO 1/4 MILE OR LESS
LOWEST:      9 ON  5                               3 = THUNDER
                        SNOW, ICE PELLETS, HAIL    4 = ICE PELLETS
                        TOTAL MONTH:   0.0 INCH    5 = HAIL
                        GRTST 24HR     0.0         6 = FREEZING RAIN OR DRIZZLE
                        GRTST DEPTH:   0           7 = DUSTSTORM OR SANDSTORM:
                                                       VSBY 1/2 MILE OR LESS
                                                   8 = SMOKE OR HAZE
[NO. OF DAYS WITH]      [WEATHER - DAYS WITH]      9 = BLOWING SNOW
                                                   X = TORNADO
MAX 32 OR BELOW:   0    0.01 INCH OR MORE:   7
MAX 90 OR ABOVE:   0    0.10 INCH OR MORE:   3
MIN 32 OR BELOW:   6    0.50 INCH OR MORE:   0
MIN  0 OR BELOW:   0    1.00 INCH OR MORE:   0

[HDD (BASE 65) ]
TOTAL THIS MO.   347    CLEAR  (SCALE 0-3)  13
DPTR FM NORMAL   -58    PTCLDY (SCALE 4-7)   8
TOTAL FM JUL 1  3407    CLOUDY (SCALE 8-10)  4
DPTR FM NORMAL   -52

[CDD (BASE 65) ]
TOTAL THIS MO.     0
DPTR FM NORMAL     0    [PRESSURE DATA]
TOTAL FM JAN 1     0    HIGHEST SLP M ON M
DPTR FM NORMAL    -1    LOWEST  SLP 29.58 ON 25

[REMARKS]
