000
CXUS54 KEWX 270910
CF6T82
PRELIMINARY LOCAL CLIMATOLOGICAL DATA (WS FORM: F-6)

                                          STATION:   FREDERICKSBURG
                                          MONTH:     MAY
                                          YEAR:      2017
                                          LATITUDE:   30 15 N
                                          LONGITUDE:  98 55 W

  TEMPERATURE IN F:       :PCPN:    SNOW:  WIND      :SUNSHINE: SKY     :PK WND
================================================================================
1   2   3   4   5  6A  6B    7    8   9   10  11  12  13   14  15   16   17  18
                                     12Z  AVG MX 2MIN
DY MAX MIN AVG DEP HDD CDD  WTR  SNW DPTH SPD SPD DIR MIN PSBL S-S WX    SPD DR
================================================================================

 1  85  40  63   M   2   0 0.00    M    M  7.9 22 210   M    M   0        27 210
 2  87  57  72   M   0   7 0.00    M    M  7.9 16 180   M    M   0        25 180
 3  87  69  78   M   0  13 0.00    M    M  9.2 23 360   M    M   6        31 360
 4  78  54  66   M   0   1 0.00    M    M 14.4 21 360   M    M   0        30 340
 5  79  40  60   M   5   0 0.00    M    M  4.6 16 360   M    M   0        23 360
 6  86  45  66   M   0   1 0.00    M    M  4.1 10 220   M    M   0        18 210
 7  84  53  69   M   0   4 0.00    M    M  5.8 14 170   M    M   0        18 170
 8  73  63  68   M   0   3 0.00    M    M  8.2 12 150   M    M   7        17 130
 9  71  65  68   M   0   3 0.05    M    M  7.5 14 160   M    M   9 1      18 160
10  82  69  76   M   0  11 0.00    M    M 10.9 16 180   M    M   9 1      24 180
11  82  63  73   M   0   8 0.00    M    M  6.2 12 150   M    M   6        20 150
12  82  56  69   M   0   4 0.00    M    M  8.0 18  10   M    M   1        33  10
13  87  48  68   M   0   3 0.00    M    M  2.2  9 350   M    M   0         M  M
14  89  54  72   M   0   7 0.00    M    M  5.8 15 200   M    M   0        17 170
15  87  63  75   M   0  10 0.00    M    M  7.7 16 180   M    M   3        20 180
16  76  68  72   M   0   7 0.00    M    M 10.8 15 170   M    M   8 1      22 160
17  89  63  76   M   0  11 0.10    M    M  6.6 13 340   M    M   6 18     25 170
18  89  72  81   M   0  16 0.00    M    M  9.8 17 190   M    M   8 8      27 180
19  87  73  80   M   0  15 0.00    M    M 10.8 16 180   M    M   9        25 160
20  78  63  71   M   0   6 0.55    M    M  7.6 17  10   M    M   8 3      25  10
21  72  60  66   M   0   1 0.10    M    M  7.7 13  50   M    M  10 3      22  50
22  73  59  66   M   0   1 0.10    M    M  4.8  8  70   M    M  10 13      M  M
23  78  60  69   M   0   4 0.02    M    M  6.1 22 340   M    M   7 1      30 340
24  83  47  65   M   0   0 0.00    M    M  5.7 14 360   M    M   0        25 360
25  91  57  74   M   0   9 0.00    M    M  9.7 17 180   M    M   0        28 200
26  90  73  82   M   0  17 0.00  0.0    0  9.1 17 190   M    M   7 18     24 190
================================================================================
SM 2145 1534         7 162  0.92     0.0 199.1          M      114
================================================================================
AV 82.5 59.0                               7.7 FASTST   M    M   4    MAX(MPH)
                                 MISC ---->  # 23 360               # 33   10
================================================================================
NOTES:
# LAST OF SEVERAL OCCURRENCES

COLUMN 17 PEAK WIND IN M.P.H.

PRELIMINARY LOCAL CLIMATOLOGICAL DATA (WS FORM: F-6) , PAGE 2

                                          STATION:  FREDERICKSBURG
                                          MONTH:    MAY
                                          YEAR:     2017
                                          LATITUDE:   30 15 N
                                          LONGITUDE:  98 55 W

[TEMPERATURE DATA]      [PRECIPITATION DATA]       SYMBOLS USED IN COLUMN 16

AVERAGE MONTHLY: 70.8   TOTAL FOR MONTH:   0.92    1 = FOG OR MIST
DPTR FM NORMAL:     M   DPTR FM NORMAL:       M    2 = FOG REDUCING VISIBILITY
HIGHEST:    91 ON 25    GRTST 24HR  0.55 ON 20-20      TO 1/4 MILE OR LESS
LOWEST:     40 ON  5, 1                            3 = THUNDER
                        SNOW, ICE PELLETS, HAIL    4 = ICE PELLETS
                        TOTAL MONTH:   0.0 INCH    5 = HAIL
                        GRTST 24HR     0.0         6 = FREEZING RAIN OR DRIZZLE
                        GRTST DEPTH:   0           7 = DUSTSTORM OR SANDSTORM:
                                                       VSBY 1/2 MILE OR LESS
                                                   8 = SMOKE OR HAZE
[NO. OF DAYS WITH]      [WEATHER - DAYS WITH]      9 = BLOWING SNOW
                                                   X = TORNADO
MAX 32 OR BELOW:   0    0.01 INCH OR MORE:   6
MAX 90 OR ABOVE:   2    0.10 INCH OR MORE:   4
MIN 32 OR BELOW:   0    0.50 INCH OR MORE:   1
MIN  0 OR BELOW:   0    1.00 INCH OR MORE:   0

[HDD (BASE 65) ]
TOTAL THIS MO.     7    CLEAR  (SCALE 0-3)  12
DPTR FM NORMAL     M    PTCLDY (SCALE 4-7)   8
TOTAL FM JUL 1  1324    CLOUDY (SCALE 8-10)  6
DPTR FM NORMAL     M

[CDD (BASE 65) ]
TOTAL THIS MO.   162
DPTR FM NORMAL     M    [PRESSURE DATA]
TOTAL FM JAN 1   349    HIGHEST SLP M ON M
DPTR FM NORMAL     M    LOWEST  SLP M ON M

[REMARKS]
