000
CXUS55 KPUB 271059
CF6TAD
PRELIMINARY LOCAL CLIMATOLOGICAL DATA (WS FORM: F-6)

                                          STATION:   TRINIDAD CO
                                          MONTH:     SEPTEMBER
                                          YEAR:      2016
                                          LATITUDE:   37 16 N
                                          LONGITUDE: 104 20 W

  TEMPERATURE IN F:       :PCPN:    SNOW:  WIND      :SUNSHINE: SKY     :PK WND
================================================================================
1   2   3   4   5  6A  6B    7    8   9   10  11  12  13   14  15   16   17  18
                                     12Z  AVG MX 2MIN
DY MAX MIN AVG DEP HDD CDD  WTR  SNW DPTH SPD SPD DIR MIN PSBL S-S WX    SPD DR
================================================================================

 1  84  51  68  -1   0   3 0.00  0.0    0  7.6 22 130   M    M   1 12     27 130
 2  84  60  72   3   0   7 0.05  0.0    0  7.3 29 280   M    M   1 3      37 270
 3  88  60  74   5   0   9 0.00  0.0    0 11.0 24 200   M    M   1        34 190
 4  89  61  75   7   0  10 0.00  0.0    0 13.8 31 190   M    M   2 3      41 190
 5  93  62  78  10   0  13 0.00  0.0    0 17.4 37 240   M    M   0        45 240
 6  86  65  76   8   0  11    M  0.0    0 19.1 35 200   M    M   1        42 230
 7  88  65  77   9   0  12 0.00  0.0    0 11.4 26 250   M    M   0 8      32 250
 8  86  54  70   3   0   5 0.00  0.0    0  8.4 18 260   M    M   0        24 250
 9  85  53  69   2   0   4 0.00  0.0    0 11.3 26  50   M    M   1        34  40
10  82  42  62  -4   3   0 0.00  0.0    0 10.9 25 250   M    M   1        31 260
11  91  52  72   6   0   7 0.00  0.0    0 10.2 26 200   M    M   0 3      34 200
12  87  55  71   5   0   6    T  0.0    0  9.5 26 220   M    M   1 3      36 220
13  71  50  61  -4   4   0 0.93  0.0    0  6.7 22 260   M    M   7 13     26 260
14  75  51  63  -2   2   0 0.03  0.0    0 12.4 26 210   M    M   3 13     35 190
15  83  51  67   2   0   2 0.00  0.0    0 10.3 22 250   M    M   0        28 240
16  74  43  59  -5   6   0    T  0.0    0  6.9 20 140   M    M   1        25 130
17  81  46  64   0   1   0    T  0.0    0  8.3 22 150   M    M   0 3      26 160
18  88  48  68   5   0   3 0.00  0.0    0  9.4 17 250   M    M   0        20 250
19  89  53  71   8   0   6 0.00  0.0    0  8.9 16 260   M    M   0        20 260
20  89  57  73  11   0   8 0.00  0.0    0 10.9 22 250   M    M   0        26 200
21  83  64  74  12   0   9    T  0.0    0  8.7 25 250   M    M   3 3      31 250
22  88  61  75  13   0  10 0.12  0.0    0 15.9 35 190   M    M   4 3      44 190
23  83  50  67   6   0   2    T  0.0    0 18.2 40 180   M    M   1        52 160
24  73  35  54  -7  11   0 0.00  0.0    0  5.7 13 350   M    M   1        19 360
25  67  39  53  -7  12   0 0.00  0.0    0  7.1 14  20   M    M   0        19  10
26  76  43  60   0   5   0 0.00  0.0    0  8.0 16 250   M    M   0        20 250
================================================================================
SM 2163 1371        44 127  1.13     0.0 275.3          M       29
================================================================================
AV 83.2 52.7                              10.6 FASTST   M    M   1    MAX(MPH)
                                 MISC ---->  # 40 180               # 52  160
================================================================================
NOTES:
# LAST OF SEVERAL OCCURRENCES

COLUMN 17 PEAK WIND IN M.P.H.

PRELIMINARY LOCAL CLIMATOLOGICAL DATA (WS FORM: F-6) , PAGE 2

                                          STATION:  TRINIDAD CO
                                          MONTH:    SEPTEMBER
                                          YEAR:     2016
                                          LATITUDE:   37 16 N
                                          LONGITUDE: 104 20 W

[TEMPERATURE DATA]      [PRECIPITATION DATA]       SYMBOLS USED IN COLUMN 16

AVERAGE MONTHLY: 68.0   TOTAL FOR MONTH:   1.13    1 = FOG OR MIST
DPTR FM NORMAL:   3.0   DPTR FM NORMAL:    0.01    2 = FOG REDUCING VISIBILITY
HIGHEST:    93 ON  5    GRTST 24HR  0.94 ON 13-14      TO 1/4 MILE OR LESS
LOWEST:     35 ON 24                               3 = THUNDER
                        SNOW, ICE PELLETS, HAIL    4 = ICE PELLETS
                        TOTAL MONTH:   0.0 INCH    5 = HAIL
                        GRTST 24HR     0.0         6 = FREEZING RAIN OR DRIZZLE
                        GRTST DEPTH:   0           7 = DUSTSTORM OR SANDSTORM:
                                                       VSBY 1/2 MILE OR LESS
                                                   8 = SMOKE OR HAZE
[NO. OF DAYS WITH]      [WEATHER - DAYS WITH]      9 = BLOWING SNOW
                                                   X = TORNADO
MAX 32 OR BELOW:   0    0.01 INCH OR MORE:   4
MAX 90 OR ABOVE:   2    0.10 INCH OR MORE:   2
MIN 32 OR BELOW:   0    0.50 INCH OR MORE:   1
MIN  0 OR BELOW:   0    1.00 INCH OR MORE:   0

[HDD (BASE 65) ]
TOTAL THIS MO.    44    CLEAR  (SCALE 0-3)  24
DPTR FM NORMAL   -30    PTCLDY (SCALE 4-7)   2
TOTAL FM JUL 1    51    CLOUDY (SCALE 8-10)  0
DPTR FM NORMAL   -33

[CDD (BASE 65) ]
TOTAL THIS MO.   127
DPTR FM NORMAL    55    [PRESSURE DATA]
TOTAL FM JAN 1   542    HIGHEST SLP M ON M
DPTR FM NORMAL  -172    LOWEST  SLP 29.67 ON 23

[REMARKS]
