000
CXUS54 KBMX 241216
CF6TCL
PRELIMINARY LOCAL CLIMATOLOGICAL DATA (WS FORM: F-6)

                                          STATION:   TUSCALOOSA
                                          MONTH:     FEBRUARY
                                          YEAR:      2017
                                          LATITUDE:   33 13 N
                                          LONGITUDE:  87 37 W

  TEMPERATURE IN F:       :PCPN:    SNOW:  WIND      :SUNSHINE: SKY     :PK WND
================================================================================
1   2   3   4   5  6A  6B    7    8   9   10  11  12  13   14  15   16   17  18
                                     12Z  AVG MX 2MIN
DY MAX MIN AVG DEP HDD CDD  WTR  SNW DPTH SPD SPD DIR MIN PSBL S-S WX    SPD DR
================================================================================

 1  73  43  58  12   7   0 0.00  0.0    0  4.6 17 220   M    M   2        22 230
 2  57  44  51   5  14   0 0.03    M    0  6.0 16  10   M    M   8 1      19  20
 3  54  31  43  -3  22   0 0.00  0.0    0  9.1 18  20   M    M   6        25  10
 4  56  26  41  -5  24   0 0.00  0.0    0  5.3 12 180   M    M   2        16 180
 5  50  43  47   1  18   0 0.95  0.0    0  4.1 14 170   M    M  10 1      16 170
 6  66  50  58  11   7   0 0.32  0.0    0  5.3 13 180   M    M   7 1      15 180
 7  63  54  59  12   6   0 1.43  0.0    0  7.1 23 180   M    M   6 13     29 190
 8  76  49  63  16   2   0 0.28  0.0    0  7.8 24 320   M    M   7 138    31 320
 9  53  35  44  -3  21   0 0.00  0.0    0  8.9 24 350   M    M   3        33 350
10  68  31  50   2  15   0 0.00  0.0    0  6.0 17 180   M    M   0        21 180
11  73  55  64  16   1   0 0.00  0.0    0 10.5 18 210   M    M   8        23 210
12  77  57  67  19   0   2 0.01  0.0    0 10.3 25  10   M    M   9        35  10
13  66  41  54   6  11   0 0.00  0.0    0  6.1 17  20   M    M   0        21  30
14  70  37  54   6  11   0 0.00  0.0    0  3.6  9 170   M    M   4        13 170
15  64  43  54   5  11   0 0.02  0.0    0  9.1 20 320   M    M   5 13     26 340
16  63  30  47  -2  18   0 0.00  0.0    0  2.8  9 240   M    M   0        15  80
17  67  31  49   0  16   0 0.00  0.0    0  4.1 15 230   M    M   1        18 180
18  64  48  56   6   9   0 0.02  0.0    0  3.2 10 240   M    M   8 1      14 190
19  77  45  61  11   4   0 0.00  0.0    0  2.6 13  20   M    M   2 12     16  20
20  78  46  62  12   3   0 0.00  0.0    0  4.3 12 160   M    M   0        15 150
21  66  58  62  12   3   0 0.40  0.0    0  5.8 13 100   M    M   7 1      19 130
22  72  54  63  12   2   0 0.01  0.0    0  3.9 12 300   M    M   6 12     15 300
23  75  49  62  11   3   0 0.00  0.0    0  3.2 12 150   M    M   4 1      15 160
================================================================================
SM 1528 1000       228   2  3.47     0.0 133.7          M      105
================================================================================
AV 66.4 43.5                               5.8 FASTST   M    M   5    MAX(MPH)
                                 MISC ---->  # 25  10               # 35   10
================================================================================
NOTES:
# LAST OF SEVERAL OCCURRENCES

COLUMN 17 PEAK WIND IN M.P.H.

PRELIMINARY LOCAL CLIMATOLOGICAL DATA (WS FORM: F-6) , PAGE 2

                                          STATION:  TUSCALOOSA
                                          MONTH:    FEBRUARY
                                          YEAR:     2017
                                          LATITUDE:   33 13 N
                                          LONGITUDE:  87 37 W

[TEMPERATURE DATA]      [PRECIPITATION DATA]       SYMBOLS USED IN COLUMN 16

AVERAGE MONTHLY: 55.0   TOTAL FOR MONTH:   3.47    1 = FOG OR MIST
DPTR FM NORMAL:   6.8   DPTR FM NORMAL:   -0.95    2 = FOG REDUCING VISIBILITY
HIGHEST:    78 ON 20    GRTST 24HR  1.43 ON  7- 7      TO 1/4 MILE OR LESS
LOWEST:     26 ON  4                               3 = THUNDER
                        SNOW, ICE PELLETS, HAIL    4 = ICE PELLETS
                        TOTAL MONTH:   0.0 INCH    5 = HAIL
                        GRTST 24HR     0.0         6 = FREEZING RAIN OR DRIZZLE
                        GRTST DEPTH:   0           7 = DUSTSTORM OR SANDSTORM:
                                                       VSBY 1/2 MILE OR LESS
                                                   8 = SMOKE OR HAZE
[NO. OF DAYS WITH]      [WEATHER - DAYS WITH]      9 = BLOWING SNOW
                                                   X = TORNADO
MAX 32 OR BELOW:   0    0.01 INCH OR MORE:  10
MAX 90 OR ABOVE:   0    0.10 INCH OR MORE:   5
MIN 32 OR BELOW:   5    0.50 INCH OR MORE:   2
MIN  0 OR BELOW:   0    1.00 INCH OR MORE:   1

[HDD (BASE 65) ]
TOTAL THIS MO.   228    CLEAR  (SCALE 0-3)   9
DPTR FM NORMAL  -162    PTCLDY (SCALE 4-7)  10
TOTAL FM JUL 1  1262    CLOUDY (SCALE 8-10)  4
DPTR FM NORMAL  -760

[CDD (BASE 65) ]
TOTAL THIS MO.     2
DPTR FM NORMAL     2    [PRESSURE DATA]
TOTAL FM JAN 1    16    HIGHEST SLP M ON M
DPTR FM NORMAL    14    LOWEST  SLP 29.59 ON 15

[REMARKS]
