000
CXUS52 KTAE 210800
CF6TLH
PRELIMINARY LOCAL CLIMATOLOGICAL DATA (WS FORM: F-6)

                                          STATION:   TALLAHASSEE
                                          MONTH:     JANUARY
                                          YEAR:      2018
                                          LATITUDE:   30 22 N
                                          LONGITUDE:  84 22 W

  TEMPERATURE IN F:       :PCPN:    SNOW:  WIND      :SUNSHINE: SKY     :PK WND
================================================================================
1   2   3   4   5  6A  6B    7    8   9   10  11  12  13   14  15   16   17  18
                                     12Z  AVG MX 2MIN
DY MAX MIN AVG DEP HDD CDD  WTR  SNW DPTH SPD SPD DIR MIN PSBL S-S WX    SPD DR
================================================================================

 1  44  33  39 -12  26   0    T  0.0    0 11.5 18 350   M    M   9 1      27  30
 2  44  28  36 -15  29   0 0.00  0.0    0  9.7 17  40   M    M   3        25  40
 3  47  24  36 -15  29   0 0.03  0.1    0  7.7 18 320   M    M   5 4      24 320
 4  48  21  35 -16  30   0 0.00  0.0    0  8.7 17 310   M    M   0        22 290
 5  52  24  38 -13  27   0 0.00  0.0    0  4.0 12 350   M    M   4        22 270
 6  53  22  38 -13  27   0 0.00  0.0    0  3.8 15 360   M    M   3        19 360
 7  57  22  40 -11  25   0 0.00  0.0    0  6.9 20 100   M    M   4        23 100
 8  65  41  53   2  12   0 0.00  0.0    0  5.5 15 120   M    M   5        18 120
 9  75  58  67  16   0   2 0.02  0.0    0  8.8 15  60   M    M   7 1      19  60
10  75  61  68  17   0   3    T  0.0    0 10.6 20  90   M    M   9 1      24  90
11  73  62  68  17   0   3    T  0.0    0  7.0 13 110   M    M  10 1      16 100
12  70  48  59   8   6   0 1.02  0.0    0 10.2 22 300   M    M   9 1      29 250
13  48  33  41 -10  24   0 0.00  0.0    0 12.4 20 340   M    M   5        24 350
14  52  29  41 -10  24   0 0.00  0.0    0  6.2 15 340   M    M   0        20 350
15  60  27  44  -7  21   0 0.00  0.0    0  3.4 12 340   M    M   0        15 340
16  66  28  47  -4  18   0 0.00  0.0    0  2.1  9 330   M    M   4        12 340
17  47  27  37 -14  28   0 0.05  0.0    0 13.3 22 330   M    M   5 1      27 300
18  51  20  36 -15  29   0 0.00  0.0    0  5.9 14 360   M    M   1 8      18  20
19  60  21  41 -10  24   0 0.00  0.0    0  1.4  8  10   M    M   2 128    10 340
20  63  29  46  -5  19   0 0.00  0.0    0  1.2  9 350   M    M   5 18     13 350
================================================================================
SM 1150  658       398   8  1.12     0.1 140.3          M       90
================================================================================
AV 57.5 32.9                               7.0 FASTST   M    M   5    MAX(MPH)
                                 MISC ---->  # 22 300               # 29  250
================================================================================
NOTES:
# LAST OF SEVERAL OCCURRENCES

COLUMN 17 PEAK WIND IN M.P.H.

PRELIMINARY LOCAL CLIMATOLOGICAL DATA (WS FORM: F-6) , PAGE 2

                                          STATION:  TALLAHASSEE
                                          MONTH:    JANUARY
                                          YEAR:     2018
                                          LATITUDE:   30 22 N
                                          LONGITUDE:  84 22 W

[TEMPERATURE DATA]      [PRECIPITATION DATA]       SYMBOLS USED IN COLUMN 16

AVERAGE MONTHLY: 45.2   TOTAL FOR MONTH:   1.12    1 = FOG OR MIST
DPTR FM NORMAL:  -5.8   DPTR FM NORMAL:   -1.53    2 = FOG REDUCING VISIBILITY
HIGHEST:    75 ON 10, 9 GRTST 24HR  1.02 ON 12-12      TO 1/4 MILE OR LESS
LOWEST:     20 ON 18                               3 = THUNDER
                        SNOW, ICE PELLETS, HAIL    4 = ICE PELLETS
                        TOTAL MONTH:   0.1 INCH    5 = HAIL
                        GRTST 24HR   0.1 ON  3- 3  6 = FREEZING RAIN OR DRIZZLE
                        GRTST DEPTH:   0           7 = DUSTSTORM OR SANDSTORM:
                                                       VSBY 1/2 MILE OR LESS
                                                   8 = SMOKE OR HAZE
[NO. OF DAYS WITH]      [WEATHER - DAYS WITH]      9 = BLOWING SNOW
                                                   X = TORNADO
MAX 32 OR BELOW:   0    0.01 INCH OR MORE:   4
MAX 90 OR ABOVE:   0    0.10 INCH OR MORE:   1
MIN 32 OR BELOW:  13    0.50 INCH OR MORE:   1
MIN  0 OR BELOW:   0    1.00 INCH OR MORE:   1

[HDD (BASE 65) ]
TOTAL THIS MO.   398    CLEAR  (SCALE 0-3)   7
DPTR FM NORMAL   118    PTCLDY (SCALE 4-7)   9
TOTAL FM JUL 1   886    CLOUDY (SCALE 8-10)  4
DPTR FM NORMAL    -9

[CDD (BASE 65) ]
TOTAL THIS MO.     8
DPTR FM NORMAL     8    [PRESSURE DATA]
TOTAL FM JAN 1     8    HIGHEST SLP M ON M
DPTR FM NORMAL     8    LOWEST  SLP 29.72 ON 12

[REMARKS]
