000
CXUS54 KBMX 011216
CF6TOI
PRELIMINARY LOCAL CLIMATOLOGICAL DATA (WS FORM: F-6)

                                          STATION:   TROY
                                          MONTH:     JUNE
                                          YEAR:      2015
                                          LATITUDE:   31 51 N
                                          LONGITUDE:  86  1 W

  TEMPERATURE IN F:       :PCPN:    SNOW:  WIND      :SUNSHINE: SKY     :PK WND
================================================================================
1   2   3   4   5  6A  6B    7    8   9   10  11  12  13   14  15   16   17  18
                                     12Z  AVG MX 2MIN
DY MAX MIN AVG DEP HDD CDD  WTR  SNW DPTH SPD SPD DIR MIN PSBL S-S WX    SPD DR
================================================================================

 1  81  66  74  -1   0   9 0.05  0.0    0  1.5  7 260   M    M   5 12     12 260
 2  87  67  77   1   0  12 0.00  0.0    0  1.8  9 350   M    M   7 12     14 140
 3  89  66  78   2   0  13 0.00  0.0    0  2.6 12 300   M    M   2 1      43 220
 4  85  66  76   0   0  11 0.00  0.0    0  3.2 14  40   M    M   3 1      30 210
 5  91  65  78   2   0  13 0.00  0.0    0  2.8 12 360   M    M   2 1      17  80
 6  92  64  78   2   0  13 0.00  0.0    0  2.6 12 350   M    M   1        17  70
 7  93  65  79   3   0  14 0.42  0.0    0  3.0 37 100   M    M   2 1      50 110
 8  91  69  80   3   0  15 0.00  0.0    0  4.1 15 150   M    M   2 1      19 220
 9  88  72  80   3   0  15 0.14  0.0    0  5.8 17 150   M    M   3 13     26 150
10  88  70  79   2   0  14 0.00  0.0    0  3.2 14 340   M    M   4 123    17 340
11  88  67  78   1   0  13 0.66  0.0    0  4.3 20 120   M    M   1 1      24  20
12  91  70  81   3   0  16 0.23  0.0    0  5.4 33 170   M    M   3 138    44 150
13  93  67  80   2   0  15 0.02  0.0    0  4.4 26 190   M    M   1 13     36 150
14  93  66  80   2   0  15 0.00  0.0    0  2.5 13 140   M    M   1 1      49 100
15  95  68  82   4   0  17 0.00  0.0    0  2.8 14 130   M    M   1        35 140
16  95  69  82   4   0  17 0.00  0.0    0  2.5  9 190   M    M   0        35 150
17  96  71  84   6   0  19 0.00  0.0    0  3.2 18  40   M    M   1 3      43 210
18  94  71  83   5   0  18 0.00  0.0    0  3.1 16 300   M    M   1 13     48 210
19  94  70  82   3   0  17 0.05  0.0    0  4.8 18 170   M    M   2 123    48 100
20  94  74  84   5   0  19 0.00  0.0    0  5.7 17 250   M    M   2        37 230
21  97  72  85   6   0  20 0.00  0.0    0  3.7 13 300   M    M   0 1      29 250
22  98  70  84   5   0  19 0.00  0.0    0  3.3 13 340   M    M   0 1      49 220
23  99  71  85   6   0  20 0.00  0.0    0  4.1 17 160   M    M   0 3      28 250
24  93  72  83   4   0  18 1.15  0.0    0  4.3 24  40   M    M   1 13     61 210
25  94  71  83   3   0  18 0.00  0.0    0  4.2 12 190   M    M   1        41 150
26  88  72  80   0   0  15 1.28  0.0    0  4.2 13 240   M    M   4 123    18 120
27  89  73  81   1   0  16 0.09  0.0    0  5.6 17 230   M    M   5 138    24 220
28  87  66  77  -3   0  12 0.02  0.0    0  3.6 14 300   M    M   6 1      35 210
29  90  63  77  -3   0  12 0.00  0.0    0  2.8 13 230   M    M   2 1      25 240
30  88  70  79  -1   0  14    T  0.0    0  5.4 20 270   M    M   2 1      26 270
================================================================================
SM 2741 2063         0 459  4.11     0.0 110.5          M       65
================================================================================
AV 91.4 68.8                               3.7 FASTST   M    M   2    MAX(MPH)
                                 MISC ---->  # 37 100               # 61  210
================================================================================
NOTES:
# LAST OF SEVERAL OCCURRENCES

COLUMN 17 PEAK WIND IN M.P.H.

PRELIMINARY LOCAL CLIMATOLOGICAL DATA (WS FORM: F-6) , PAGE 2

                                          STATION:  TROY
                                          MONTH:    JUNE
                                          YEAR:     2015
                                          LATITUDE:   31 51 N
                                          LONGITUDE:  86  1 W

[TEMPERATURE DATA]      [PRECIPITATION DATA]       SYMBOLS USED IN COLUMN 16

AVERAGE MONTHLY: 80.1   TOTAL FOR MONTH:   4.11    1 = FOG OR MIST
DPTR FM NORMAL:   2.1   DPTR FM NORMAL:   -0.72    2 = FOG REDUCING VISIBILITY
HIGHEST:    99 ON 23    GRTST 24HR  1.37 ON 26-27      TO 1/4 MILE OR LESS
LOWEST:     63 ON 29                               3 = THUNDER
                        SNOW, ICE PELLETS, HAIL    4 = ICE PELLETS
                        TOTAL MONTH:   0.0 INCH    5 = HAIL
                        GRTST 24HR     0.0         6 = FREEZING RAIN OR DRIZZLE
                        GRTST DEPTH:   0           7 = DUSTSTORM OR SANDSTORM:
                                                       VSBY 1/2 MILE OR LESS
                                                   8 = SMOKE OR HAZE
[NO. OF DAYS WITH]      [WEATHER - DAYS WITH]      9 = BLOWING SNOW
                                                   X = TORNADO
MAX 32 OR BELOW:   0    0.01 INCH OR MORE:  11
MAX 90 OR ABOVE:  19    0.10 INCH OR MORE:   6
MIN 32 OR BELOW:   0    0.50 INCH OR MORE:   3
MIN  0 OR BELOW:   0    1.00 INCH OR MORE:   2

[HDD (BASE 65) ]
TOTAL THIS MO.     0    CLEAR  (SCALE 0-3)  23
DPTR FM NORMAL     0    PTCLDY (SCALE 4-7)   7
TOTAL FM JUL 1  2175    CLOUDY (SCALE 8-10)  0
DPTR FM NORMAL  -154

[CDD (BASE 65) ]
TOTAL THIS MO.   459
DPTR FM NORMAL    71    [PRESSURE DATA]
TOTAL FM JAN 1   942    HIGHEST SLP 30.19 ON 24
DPTR FM NORMAL   267    LOWEST  SLP 29.86 ON 10

[REMARKS]
#FINAL-06-15#
