334
CXUS53 KTOP 270800
CF6TOP
PRELIMINARY LOCAL CLIMATOLOGICAL DATA (WS FORM: F-6)

                                          STATION:   Topeka KS
                                          MONTH:     APRIL
                                          YEAR:      2017
                                          LATITUDE:   39  4 N
                                          LONGITUDE:  95 38 W

  TEMPERATURE IN F:       :PCPN:    SNOW:  WIND      :SUNSHINE: SKY     :PK WND
================================================================================
1   2   3   4   5  6A  6B    7    8   9   10  11  12  13   14  15   16   17  18
                                     12Z  AVG MX 2MIN
DY MAX MIN AVG DEP HDD CDD  WTR  SNW DPTH SPD SPD DIR MIN PSBL S-S WX    SPD DR
================================================================================

 1  53  44  49  -1  16   0 0.05  0.0    0  9.7 17  50   M    M  10 18     21  80
 2  59  48  54   3  11   0 0.06  0.0    0  3.6  9 320   M    M   8 1      11 320
 3  65  51  58   7   7   0 0.70  0.0    0  7.8 18 310   M    M   8 1      23 320
 4  54  47  51   0  14   0 0.94  0.0    0 10.3 18  20   M    M  10 13     25  10
 5  60  39  50  -2  15   0 0.46  0.0    0 14.4 39 360   M    M   7 1      52 360
 6  60  38  49  -3  16   0 0.00  0.0    0  8.7 22 310   M    M   2        32 310
 7  67  31  49  -3  16   0 0.00  0.0    0  6.6 20 150   M    M   0 12     23 150
 8  78  52  65  12   0   0 0.00  0.0    0 12.4 25 180   M    M   0        34 180
 9  81  64  73  20   0   8 0.00  0.0    0 13.8 25 180   M    M   0        35 180
10  70  42  56   3   9   0 0.00  0.0    0 12.5 22 310   M    M   2        31 280
11  68  38  53  -1  12   0 0.00  0.0    0  4.8 13 140   M    M   3 8      15 120
12  78  44  61   7   4   0    T  0.0    0  8.7 25 150   M    M   2 8      29 160
13  80  56  68  14   0   3 0.00  0.0    0  6.4 17 170   M    M   2 18     23 160
14  78  60  69  14   0   4 0.17  0.0    0 12.2 23 160   M    M   7 18     33 160
15  82  60  71  16   0   6 1.49    T    0 15.6 26 210   M    M   4 135    41 220
16  68  53  61   6   4   0 0.32  0.0    0  8.4 17  70   M    M   9 13     22  50
17  74  49  62   6   3   0 0.00  0.0    0  6.9 14  80   M    M   0        17 100
18  80  54  67  11   0   2 0.00  0.0    0  9.5 20 170   M    M   2        27 160
19  82  58  70  14   0   5 0.02  0.0    0 12.3 28 160   M    M   2        35 180
20  70  53  62   5   3   0 0.19  0.0    0  9.2 16 300   M    M   3 13     23 310
21  55  49  52  -5  13   0 0.01  0.0    0 11.2 29  60   M    M   5        35  60
22  66  44  55  -2  10   0    T  0.0    0 11.5 24  20   M    M   3        32  30
23  71  37  54  -4  11   0 0.00  0.0    0  3.1 13 160   M    M   0        18 190
24  75  46  61   3   4   0 0.00  0.0    0 13.5 31 150   M    M   0        42 140
25  72  47  60   2   5   0 0.01  0.0    0  9.7 21 320   M    M   5 3      25 310
26  53  42  48 -11  17   0    T    M    0 12.7 22 320   M    M   9        29 320
================================================================================
SM 1799 1246       190  28  4.42    T    255.5          M      103
================================================================================
AV 69.2 47.9                               9.8 FASTST   M    M   4    MAX(MPH)
                                 MISC ---->  # 39 360               # 52  360
================================================================================
NOTES:
# LAST OF SEVERAL OCCURRENCES

COLUMN 17 PEAK WIND IN M.P.H.

PRELIMINARY LOCAL CLIMATOLOGICAL DATA (WS FORM: F-6) , PAGE 2

                                          STATION:  Topeka KS
                                          MONTH:    APRIL
                                          YEAR:     2017
                                          LATITUDE:   39  4 N
                                          LONGITUDE:  95 38 W

[TEMPERATURE DATA]      [PRECIPITATION DATA]       SYMBOLS USED IN COLUMN 16

AVERAGE MONTHLY: 58.6   TOTAL FOR MONTH:   4.42    1 = FOG OR MIST
DPTR FM NORMAL:   4.1   DPTR FM NORMAL:    1.46    2 = FOG REDUCING VISIBILITY
HIGHEST:    82 ON 19,15 GRTST 24HR  1.49 ON 15-15      TO 1/4 MILE OR LESS
LOWEST:     31 ON  7                               3 = THUNDER
                        SNOW, ICE PELLETS, HAIL    4 = ICE PELLETS
                        TOTAL MONTH:    T          5 = HAIL
                        GRTST 24HR    T  ON 15-15  6 = FREEZING RAIN OR DRIZZLE
                        GRTST DEPTH:   0           7 = DUSTSTORM OR SANDSTORM:
                                                       VSBY 1/2 MILE OR LESS
                                                   8 = SMOKE OR HAZE
[NO. OF DAYS WITH]      [WEATHER - DAYS WITH]      9 = BLOWING SNOW
                                                   X = TORNADO
MAX 32 OR BELOW:   0    0.01 INCH OR MORE:  12
MAX 90 OR ABOVE:   0    0.10 INCH OR MORE:   7
MIN 32 OR BELOW:   1    0.50 INCH OR MORE:   3
MIN  0 OR BELOW:   0    1.00 INCH OR MORE:   1

[HDD (BASE 65) ]
TOTAL THIS MO.   190    CLEAR  (SCALE 0-3)  13
DPTR FM NORMAL  -105    PTCLDY (SCALE 4-7)   7
TOTAL FM JUL 1  3871    CLOUDY (SCALE 8-10)  6
DPTR FM NORMAL -1019

[CDD (BASE 65) ]
TOTAL THIS MO.    28
DPTR FM NORMAL     9    [PRESSURE DATA]
TOTAL FM JAN 1    37    HIGHEST SLP M ON M
DPTR FM NORMAL    15    LOWEST  SLP 29.37 ON 25

[REMARKS]
