000
CXUS53 KTOP 300800
CF6TOP
PRELIMINARY LOCAL CLIMATOLOGICAL DATA (WS FORM: F-6)

                                          STATION:   Topeka KS
                                          MONTH:     JULY
                                          YEAR:      2015
                                          LATITUDE:   39  4 N
                                          LONGITUDE:  95 38 W

  TEMPERATURE IN F:       :PCPN:    SNOW:  WIND      :SUNSHINE: SKY     :PK WND
================================================================================
1   2   3   4   5  6A  6B    7    8   9   10  11  12  13   14  15   16   17  18
                                     12Z  AVG MX 2MIN
DY MAX MIN AVG DEP HDD CDD  WTR  SNW DPTH SPD SPD DIR MIN PSBL S-S WX    SPD DR
================================================================================

 1  93  70  82   4   0  17 0.05  0.0    0 10.0 22 160   M    M   2 138    27 160
 2  78  70  74  -4   0   9    T  0.0    0  7.1 14  60   M    M   9 18     16  60
 3  81  64  73  -5   0   8 0.27  0.0    0  5.6 12  40   M    M   6 18     14  50
 4  84  60  72  -6   0   7 0.00  0.0    0  4.5 12 120   M    M   1 128    22 140
 5  92  68  80   2   0  15 0.01  0.0    0 10.1 20 140   M    M   1 138    24 140
 6  92  65  79   0   0  14 2.42  0.0    0  9.6 30 290   M    M   3 13     43 290
 7  71  63  67 -12   0   2 1.80  0.0    0  7.2 24  20   M    M   5 18     33  20
 8  71  63  67 -12   0   2    T  0.0    0  6.4 14  20   M    M   8 18     18  40
 9  80  61  71  -8   0   6    T  0.0    0  4.4 15 160   M    M   2 1      18 150
10  76  65  71  -8   0   6 0.79  0.0    0  5.6 20 140   M    M   4 13     25 130
11  92  70  81   2   0  16 0.00  0.0    0 10.5 20 180   M    M   0        27 200
12  93  75  84   5   0  19 0.00  0.0    0  8.6 17 180   M    M   0        21 200
13  97  76  87   8   0  22 0.00  0.0    0  5.1 18 150   M    M   0 3      25 140
14  96  75  86   7   0  21 0.00  0.0    0  2.4  9 110   M    M   0        13 250
15  88  70  79   0   0  14 1.14  0.0    0  7.0 23 280   M    M   0 13     32 280
16  94  76  85   6   0  20 0.00  0.0    0  9.4 16 210   M    M   2 3      22 190
17  94  77  86   7   0  21 0.00  0.0    0  8.5 20 180   M    M   0        26 180
18  95  76  86   7   0  21 0.08  0.0    0  7.7 20 170   M    M   2 13     26 150
19  89  72  81   2   0  16 0.16  0.0    0  5.5 17 270   M    M   3 13     23 270
20  90  72  81   2   0  16 0.19  0.0    0  4.8 25 300   M    M   4 13     35 300
21  81  67  74  -5   0   9 0.00  0.0    0  4.7 12  40   M    M   0        17  70
22  84  64  74  -5   0   9 0.00  0.0    0  2.9 12  70   M    M   1        14 140
23  90  70  80   1   0  15 0.00  0.0    0  5.6 13  80   M    M   1 1      16  80
24 100  75  88   9   0  23    T  0.0    0  6.1 13 210   M    M   1        18 110
25  93  75  84   5   0  19    T  0.0    0  7.5 20 340   M    M   1        28 340
26  94  75  85   6   0  20 0.33  0.0    0  3.8 17  20   M    M   2 13     22  20
27  95  76  86   7   0  21    T  0.0    0  6.1 17 160   M    M   0        23 160
28  97  78  88   9   0  23 0.00  0.0    0 10.1 20 160   M    M   0        26 160
29  85  68  77  -2   0  12 2.09  0.0    0  5.4 20 360   M    M   5 13     24 360
================================================================================
SM 2565 2036         0 423  9.33     0.0 192.2          M       63
================================================================================
AV 88.4 70.2                               6.6 FASTST   M    M   2    MAX(MPH)
                                 MISC ---->  # 30 290               # 43  290
================================================================================
NOTES:
# LAST OF SEVERAL OCCURRENCES

COLUMN 17 PEAK WIND IN M.P.H.

PRELIMINARY LOCAL CLIMATOLOGICAL DATA (WS FORM: F-6) , PAGE 2

                                          STATION:  Topeka KS
                                          MONTH:    JULY
                                          YEAR:     2015
                                          LATITUDE:   39  4 N
                                          LONGITUDE:  95 38 W

[TEMPERATURE DATA]      [PRECIPITATION DATA]       SYMBOLS USED IN COLUMN 16

AVERAGE MONTHLY: 79.3   TOTAL FOR MONTH:   9.33    1 = FOG OR MIST
DPTR FM NORMAL:   0.5   DPTR FM NORMAL:    5.74    2 = FOG REDUCING VISIBILITY
HIGHEST:   100 ON 24    GRTST 24HR  4.14 ON  6- 7      TO 1/4 MILE OR LESS
LOWEST:     60 ON  4                               3 = THUNDER
                        SNOW, ICE PELLETS, HAIL    4 = ICE PELLETS
                        TOTAL MONTH:   0.0 INCH    5 = HAIL
                        GRTST 24HR     0.0         6 = FREEZING RAIN OR DRIZZLE
                        GRTST DEPTH:   0           7 = DUSTSTORM OR SANDSTORM:
                                                       VSBY 1/2 MILE OR LESS
                                                   8 = SMOKE OR HAZE
[NO. OF DAYS WITH]      [WEATHER - DAYS WITH]      9 = BLOWING SNOW
                                                   X = TORNADO
MAX 32 OR BELOW:   0    0.01 INCH OR MORE:  12
MAX 90 OR ABOVE:  17    0.10 INCH OR MORE:   9
MIN 32 OR BELOW:   0    0.50 INCH OR MORE:   5
MIN  0 OR BELOW:   0    1.00 INCH OR MORE:   4

[HDD (BASE 65) ]
TOTAL THIS MO.     0    CLEAR  (SCALE 0-3)  22
DPTR FM NORMAL     0    PTCLDY (SCALE 4-7)   6
TOTAL FM JUL 1     0    CLOUDY (SCALE 8-10)  1
DPTR FM NORMAL     0

[CDD (BASE 65) ]
TOTAL THIS MO.   423
DPTR FM NORMAL    22    [PRESSURE DATA]
TOTAL FM JAN 1   873    HIGHEST SLP M ON M
DPTR FM NORMAL    62    LOWEST  SLP 29.67 ON 13

[REMARKS]
