000
CXUS55 KTBW 011255
CF6TPA
PRELIMINARY LOCAL CLIMATOLOGICAL DATA (WS FORM: F-6)

                                          STATION:   Tampa
                                          MONTH:     MAY
                                          YEAR:      2015
                                          LATITUDE:   27 58 N
                                          LONGITUDE:  82 32 W

  TEMPERATURE IN F:       :PCPN:    SNOW:  WIND      :SUNSHINE: SKY     :PK WND
================================================================================
1   2   3   4   5  6A  6B    7    8   9   10  11  12  13   14  15   16   17  18
                                     12Z  AVG MX 2MIN
DY MAX MIN AVG DEP HDD CDD  WTR  SNW DPTH SPD SPD DIR MIN PSBL S-S WX    SPD DR
================================================================================

 1  82  66  74  -1   0   9 0.00  0.0    0  7.4 20 310   M    M   3        24 350
 2  82  63  73  -2   0   8 0.00  0.0    0  6.6 14 320   M    M   2        22 270
 3  86  65  76   0   0  11 0.00  0.0    0  6.6 14 100   M    M   2        20  80
 4  84  65  75  -1   0  10 0.00  0.0    0  7.0 16  60   M    M   6        28 100
 5  87  67  77   1   0  12 0.00  0.0    0  7.6 16  40   M    M   6        26  60
 6  85  67  76   0   0  11 0.00  0.0    0  7.8 15 260   M    M   4        21 270
 7  86  69  78   1   0  13 0.00  0.0    0  6.3 16 260   M    M   1        27 260
 8  90  67  79   2   0  14 0.00  0.0    0  5.8 17 270   M    M   1        22 260
 9  88  69  79   2   0  14 0.00  0.0    0  5.0 15 280   M    M   1        25 280
10  89  72  81   4   0  16 0.00  0.0    0  4.0 12 270   M    M   2        20 280
11  92  74  83   5   0  18 0.02  0.0    0  5.6 15 270   M    M   4 3      22 110
12  95  73  84   6   0  19 1.33  0.0    0  6.4 15 300   M    M   5 13     38 200
13  89  74  82   4   0  17    T  0.0    0  5.6 14 320   M    M   5 3      25 290
14  93  74  84   6   0  19 0.92  0.0    0  4.1 16 150   M    M   5 138    22 130
15  92  73  83   5   0  18 0.05  0.0    0  5.2 17 110   M    M   7 38     30 110
16  92  72  82   3   0  17 0.00  0.0    0  6.4 13  60   M    M   4        20  90
17  89  74  82   3   0  17 0.34  0.0    0  5.2 14  20   M    M   5 13     20 290
18  88  74  81   2   0  16 0.00  0.0    0  5.3 12 310   M    M   4        23 270
19  89  75  82   3   0  17 0.00  0.0    0  7.3 17 270   M    M   4        25 280
20  88  75  82   3   0  17 0.00  0.0    0  6.9 16 290   M    M   4        24 260
21  89  76  83   3   0  18 0.00  0.0    0  6.9 18 270   M    M   4        23 260
22  93  77  85   5   0  20 0.00  0.0    0  6.9 16 320   M    M   2        22 120
23  94  74  84   4   0  19 0.46  0.0    0  6.5 21  30   M    M   4 3      31  10
24  92  75  84   4   0  19 0.06  0.0    0  6.8 26  80   M    M   5 38     36  80
25  93  74  84   4   0  19 0.00  0.0    0  6.6 14 100   M    M   5        21  90
26  94  72  83   3   0  18 2.54  0.0    0  9.0 24 350   M    M   8 13     30 340
27  91  73  82   1   0  17 0.00  0.0    0  6.2 13  90   M    M   5        23  80
28  90  73  82   1   0  17 0.00  0.0    0  6.2 14  40   M    M   2        18  30
29  90  70  80  -1   0  15 0.00  0.0    0  6.3 14 260   M    M   4        19 280
30  89  72  81   0   0  16 0.83  0.0    0  6.1 20  10   M    M   4 13     27 290
31  93  73  83   2   0  18 0.19  0.0    0  6.0 16  90   M    M   4 138    24  90
================================================================================
SM 2774 2217         0 489  6.74     0.0 195.6          M      122
================================================================================
AV 89.5 71.5                               6.3 FASTST   M    M   4    MAX(MPH)
                                 MISC ---->  # 26  80               # 38  200
================================================================================
NOTES:
# LAST OF SEVERAL OCCURRENCES

COLUMN 17 PEAK WIND IN M.P.H.

PRELIMINARY LOCAL CLIMATOLOGICAL DATA (WS FORM: F-6) , PAGE 2

                                          STATION:  Tampa
                                          MONTH:    MAY
                                          YEAR:     2015
                                          LATITUDE:   27 58 N
                                          LONGITUDE:  82 32 W

[TEMPERATURE DATA]      [PRECIPITATION DATA]       SYMBOLS USED IN COLUMN 16

AVERAGE MONTHLY: 80.5   TOTAL FOR MONTH:   6.74    1 = FOG OR MIST
DPTR FM NORMAL:   2.1   DPTR FM NORMAL:    4.64    2 = FOG REDUCING VISIBILITY
HIGHEST:    95 ON 12    GRTST 24HR  2.54 ON 25-26      TO 1/4 MILE OR LESS
LOWEST:     63 ON  2                               3 = THUNDER
                        SNOW, ICE PELLETS, HAIL    4 = ICE PELLETS
                        TOTAL MONTH:   0.0 INCH    5 = HAIL
                        GRTST 24HR     0.0         6 = FREEZING RAIN OR DRIZZLE
                        GRTST DEPTH:   0           7 = DUSTSTORM OR SANDSTORM:
                                                       VSBY 1/2 MILE OR LESS
                                                   8 = SMOKE OR HAZE
[NO. OF DAYS WITH]      [WEATHER - DAYS WITH]      9 = BLOWING SNOW
                                                   X = TORNADO
MAX 32 OR BELOW:   0    0.01 INCH OR MORE:  10
MAX 90 OR ABOVE:  15    0.10 INCH OR MORE:   7
MIN 32 OR BELOW:   0    0.50 INCH OR MORE:   4
MIN  0 OR BELOW:   0    1.00 INCH OR MORE:   2

[HDD (BASE 65) ]
TOTAL THIS MO.     0    CLEAR  (SCALE 0-3)   9
DPTR FM NORMAL     0    PTCLDY (SCALE 4-7)  22
TOTAL FM JUL 1   467    CLOUDY (SCALE 8-10)  0
DPTR FM NORMAL   -71

[CDD (BASE 65) ]
TOTAL THIS MO.   489
DPTR FM NORMAL    72    [PRESSURE DATA]
TOTAL FM JAN 1  1221    HIGHEST SLP 30.23 ON 23
DPTR FM NORMAL   344    LOWEST  SLP 29.88 ON  1

[REMARKS]
#FINAL-05-15#
