000
CXUS56 KLKN 201001
CF6TPH
PRELIMINARY LOCAL CLIMATOLOGICAL DATA (WS FORM: F-6)

                                          STATION:   TONOPAH AIRPORT NV
                                          MONTH:     OCTOBER
                                          YEAR:      2014
                                          LATITUDE:   38  3 N
                                          LONGITUDE: 117  5 W

  TEMPERATURE IN F:       :PCPN:    SNOW:  WIND      :SUNSHINE: SKY     :PK WND
================================================================================
1   2   3   4   5  6A  6B    7    8   9   10  11  12  13   14  15   16   17  18
                                     12Z  AVG MX 2MIN
DY MAX MIN AVG DEP HDD CDD  WTR  SNW DPTH SPD SPD DIR MIN PSBL S-S WX    SPD DR
================================================================================

 1  67  46  57  -2   8   0 0.00    M    M 12.5 22  10   M    M   1        28  10
 2  73  37  55  -3  10   0 0.00    M    M  6.7 20 360   M    M   0        22 360
 3  79  41  60   2   5   0 0.00    M    M  7.2 14 350   M    M   0        17  10
 4  83  45  64   6   1   0 0.00    M    M  9.8 18  10   M    M   0        24 320
 5  81  46  64   7   1   0 0.00    M    M 11.6 20  20   M    M   0        24  20
 6  82  47  65   8   0   0 0.00    M    M  6.8 15  10   M    M   0        19 360
 7  82  47  65   9   0   0 0.00    M    M  6.5 13 110   M    M   0        16 150
 8  81  48  65   9   0   0 0.00    M    M  6.8 14  10   M    M   0        15  10
 9  80  44  62   6   3   0 0.00    M    M 10.1 18 320   M    M   0        23 350
10  77  47  62   7   3   0 0.00    M    M  9.1 20 360   M    M   0        25 360
11  77  45  61   6   4   0 0.00    M    M  9.2 16  10   M    M   0        21 280
12  69  46  58   4   7   0 0.00    M    M 17.3 32 320   M    M   0        40 350
13  72  38  55   1  10   0 0.00    M    M  5.5 15 360   M    M   0        18 360
14  75  40  58   4   7   0 0.00    M    M 12.2 24 180   M    M   0        32 180
15  74  44  59   6   6   0 0.00    M    M 11.4 26 220   M    M   0        33 220
16  68  41  55   2  10   0 0.00    M    M  4.9 10 170   M    M   0        13 220
17  70  44  57   5   8   0 0.00    M    M  8.2 20 210   M    M   0        24 210
18  72  42  57   5   8   0 0.00    M    M  7.5 16  10   M    M   0        18  20
19  76  42  59   7   6   0 0.00    M    M  8.5 15 180   M    M   0        21 200
================================================================================
SM 1438  830        97   0  0.00    M    171.8          M        1
================================================================================
AV 75.7 43.7                               9.0 FASTST   M    M   0    MAX(MPH)
                                 MISC ---->  # 32 320               # 40  350
================================================================================
NOTES:
# LAST OF SEVERAL OCCURRENCES

COLUMN 17 PEAK WIND IN M.P.H.

PRELIMINARY LOCAL CLIMATOLOGICAL DATA (WS FORM: F-6) , PAGE 2

                                          STATION:  TONOPAH AIRPORT NV
                                          MONTH:    OCTOBER
                                          YEAR:     2014
                                          LATITUDE:   38  3 N
                                          LONGITUDE: 117  5 W

[TEMPERATURE DATA]      [PRECIPITATION DATA]       SYMBOLS USED IN COLUMN 16

AVERAGE MONTHLY: 59.7   TOTAL FOR MONTH:   0.00    1 = FOG OR MIST
DPTR FM NORMAL:   4.5   DPTR FM NORMAL:   -0.20    2 = FOG REDUCING VISIBILITY
HIGHEST:    83 ON  4    GRTST 24HR    T  ON 30- 1      TO 1/4 MILE OR LESS
LOWEST:     37 ON  2                               3 = THUNDER
                        SNOW, ICE PELLETS, HAIL    4 = ICE PELLETS
                        TOTAL MONTH:    M          5 = HAIL
                        GRTST 24HR    M  ON   M    6 = FREEZING RAIN OR DRIZZLE
                        GRTST DEPTH:  M  ON   M    7 = DUSTSTORM OR SANDSTORM:
                                                       VSBY 1/2 MILE OR LESS
                                                   8 = SMOKE OR HAZE
[NO. OF DAYS WITH]      [WEATHER - DAYS WITH]      9 = BLOWING SNOW
                                                   X = TORNADO
MAX 32 OR BELOW:   0    0.01 INCH OR MORE:   0
MAX 90 OR ABOVE:   0    0.10 INCH OR MORE:   0
MIN 32 OR BELOW:   0    0.50 INCH OR MORE:   0
MIN  0 OR BELOW:   0    1.00 INCH OR MORE:   0

[HDD (BASE 65) ]
TOTAL THIS MO.    97    CLEAR  (SCALE 0-3)  19
DPTR FM NORMAL   -92    PTCLDY (SCALE 4-7)   0
TOTAL FM JUL 1   140    CLOUDY (SCALE 8-10)  0
DPTR FM NORMAL  -140

[CDD (BASE 65) ]
TOTAL THIS MO.     0
DPTR FM NORMAL     0    [PRESSURE DATA]
TOTAL FM JAN 1  1004    HIGHEST SLP M ON M
DPTR FM NORMAL   223    LOWEST  SLP 29.64 ON 15

[REMARKS]
