000
CXUS53 KOAX 241000
CF6TQE
PRELIMINARY LOCAL CLIMATOLOGICAL DATA (WS FORM: F-6)

                                          STATION:   TEKAMAH, NEBRASKA
                                          MONTH:     MAY
                                          YEAR:      2017
                                          LATITUDE:   41 46 N
                                          LONGITUDE:  96 11 W

  TEMPERATURE IN F:       :PCPN:    SNOW:  WIND      :SUNSHINE: SKY     :PK WND
================================================================================
1   2   3   4   5  6A  6B    7    8   9   10  11  12  13   14  15   16   17  18
                                     12Z  AVG MX 2MIN
DY MAX MIN AVG DEP HDD CDD  WTR  SNW DPTH SPD SPD DIR MIN PSBL S-S WX    SPD DR
================================================================================

 1  54  36  45 -12  20   0 0.04    M    M 18.6 36 320   M    M   7 1      43 310
 2  65  41  53  -4  12   0 0.00    M    M  7.3 20 290   M    M   1        26 290
 3  64  42  53  -4  12   0 0.01    M    M  6.9 24 340   M    M   5        29 340
 4  71  39  55  -3  10   0 0.00    M    M 10.4 22 350   M    M   1 12     29 350
 5  80  40  60   2   5   0 0.00    M    M  6.3 17 330   M    M   0        21 340
 6  79  51  65   7   0   0 0.00    M    M  7.3 18 360   M    M   0        24 360
 7  86  47  67   8   0   2 0.00    M    M 12.4 23 160   M    M   1        30 140
 8  95  64  80  21   0  15 0.00    M    M 15.0 25 330   M    M   1        33 200
 9  81  56  69   9   0   4 0.00    M    M 10.8 23 350   M    M   3        28 360
10  65  52  59  -1   6   0 0.69    M    M 10.0 23 360   M    M   8 13     28 360
11  71  48  60   0   5   0 0.00    M    M 11.1 22  10   M    M   0 1      27  20
12  78  42  60  -1   5   0 0.00    M    M  6.8 12  50   M    M   0        16  50
13  83  49  66   5   0   1 0.00    M    M 12.9 29 180   M    M   0        35 170
14  88  61  75  13   0  10    T    M    M 10.9 28 180   M    M   0        32 180
15  95  55  75  13   0  10    T    M    M  8.8 25 200   M    M   1 3      30 170
16  92  63  78  16   0  13 0.98    M    M 13.7 52 250   M    M   4 13     63 230
17  75  57  66   3   0   1 0.60    M    M 15.9 36 170   M    M   8 13     45 160
18  63  53  58  -5   7   0 0.17    M    M 16.3 26 300   M    M  10 3      37 290
19  53  47  50 -13  15   0 1.18    M    M 14.4 22  50   M    M  10 1      29  40
20  54  45  50 -14  15   0 1.16    M    M 13.7 22  10   M    M  10 1      26 300
21  65  42  54 -10  11   0 0.00    M    M 14.3 28 310   M    M   6        36 310
22  75  50  63  -1   2   0    T    M    M 11.5 23 310   M    M   2        28 320
23  61  47  54 -11  11   0 0.13    M    M 12.9 26 330   M    M   7 1      32 330
================================================================================
SM 1693 1127       136  56  4.96    M    268.2          M       85
================================================================================
AV 73.6 49.0                              11.7 FASTST   M    M   4    MAX(MPH)
                                 MISC ---->  # 52 250               # 63  230
================================================================================
NOTES:
# LAST OF SEVERAL OCCURRENCES

COLUMN 17 PEAK WIND IN M.P.H.

PRELIMINARY LOCAL CLIMATOLOGICAL DATA (WS FORM: F-6) , PAGE 2

                                          STATION:  TEKAMAH, NEBRASKA
                                          MONTH:    MAY
                                          YEAR:     2017
                                          LATITUDE:   41 46 N
                                          LONGITUDE:  96 11 W

[TEMPERATURE DATA]      [PRECIPITATION DATA]       SYMBOLS USED IN COLUMN 16

AVERAGE MONTHLY: 61.3   TOTAL FOR MONTH:   4.96    1 = FOG OR MIST
DPTR FM NORMAL:   0.6   DPTR FM NORMAL:    1.90    2 = FOG REDUCING VISIBILITY
HIGHEST:    95 ON 15, 8 GRTST 24HR  1.18 ON 19-19      TO 1/4 MILE OR LESS
LOWEST:     36 ON  1                               3 = THUNDER
                        SNOW, ICE PELLETS, HAIL    4 = ICE PELLETS
                        TOTAL MONTH:    M          5 = HAIL
                        GRTST 24HR    M  ON   M    6 = FREEZING RAIN OR DRIZZLE
                        GRTST DEPTH:  M  ON   M    7 = DUSTSTORM OR SANDSTORM:
                                                       VSBY 1/2 MILE OR LESS
                                                   8 = SMOKE OR HAZE
[NO. OF DAYS WITH]      [WEATHER - DAYS WITH]      9 = BLOWING SNOW
                                                   X = TORNADO
MAX 32 OR BELOW:   0    0.01 INCH OR MORE:   9
MAX 90 OR ABOVE:   3    0.10 INCH OR MORE:   7
MIN 32 OR BELOW:   0    0.50 INCH OR MORE:   5
MIN  0 OR BELOW:   0    1.00 INCH OR MORE:   2

[HDD (BASE 65) ]
TOTAL THIS MO.   136    CLEAR  (SCALE 0-3)  13
DPTR FM NORMAL     0    PTCLDY (SCALE 4-7)   6
TOTAL FM JUL 1  5430    CLOUDY (SCALE 8-10)  4
DPTR FM NORMAL -1035

[CDD (BASE 65) ]
TOTAL THIS MO.    56
DPTR FM NORMAL    16    [PRESSURE DATA]
TOTAL FM JAN 1    58    HIGHEST SLP M ON M
DPTR FM NORMAL    10    LOWEST  SLP 29.24 ON 17

[REMARKS]
